This is the mail archive of the
gcc-testresults@gcc.gnu.org
mailing list for the GCC project.
Results for 3.4.4 20050513 (prerelease) testsuite on hppa64-hp-hpux11.11
- From: CodeSourcery Automatic Testing System <gcc at codesourcery dot com>
- To: gcc-testresults at gcc dot gnu dot org
- Date: Fri, 13 May 2005 12:08:05 -0700
- Subject: Results for 3.4.4 20050513 (prerelease) testsuite on hppa64-hp-hpux11.11
LAST_UPDATED: Fri May 13 07:35:45 UTC 2005
Native configuration is hppa64-hp-hpux11.11
=== g++ tests ===
Running target unix
XPASS: g++.dg/rtti/tinfo1.C scan-assembler-not .globl[ \\t]+_ZTIP9CTemplateIhE
FAIL: g++.old-deja/g++.eh/badalloc1.C execution test
WARNING: g++.old-deja/g++.mike/p10769a.C compilation failed to produce executable
WARNING: g++.old-deja/g++.other/enum5.C compilation failed to produce executable
WARNING: g++.old-deja/g++.pt/friend44.C compilation failed to produce executable
=== g++ Summary ===
# of expected passes 9431
# of unexpected failures 1
# of unexpected successes 1
# of expected failures 75
# of unsupported tests 83
/scratch/gcc/nightly-2005-05-13-3.4/hppa64-hp-hpux11.11/build_gcc/build/gcc-3.4-2005-05-13-nightly-hppa64-hp-hpux11.11-hppa64-hp-hpux11.11/gcc/testsuite/../g++ version 3.4.4 20050513 (prerelease)
=== gcc tests ===
Running target unix
FAIL: gcc.c-torture/compile/20050113-1.c -O1 (test for excess errors)
FAIL: gcc.c-torture/compile/20050113-1.c -O2 (test for excess errors)
FAIL: gcc.c-torture/compile/20050113-1.c -O3 -fomit-frame-pointer (test for excess errors)
FAIL: gcc.c-torture/compile/20050113-1.c -O3 -g (test for excess errors)
FAIL: gcc.c-torture/compile/20050113-1.c -Os (test for excess errors)
FAIL: gcc.dg/noreturn-7.c (test for warnings, line 21)
FAIL: gcc.dg/sibcall-1.c execution test
FAIL: gcc.dg/sibcall-2.c execution test
FAIL: gcc.dg/sibcall-3.c execution test
FAIL: gcc.dg/sibcall-4.c execution test
=== gcc Summary ===
# of expected passes 24220
# of unexpected failures 10
# of expected failures 75
# of untested testcases 7
# of unsupported tests 366
/scratch/gcc/nightly-2005-05-13-3.4/hppa64-hp-hpux11.11/build_gcc/build/gcc-3.4-2005-05-13-nightly-hppa64-hp-hpux11.11-hppa64-hp-hpux11.11/gcc/xgcc version 3.4.4 20050513 (prerelease)
=== libstdc++ tests ===
Running target unix
=== libstdc++ Summary ===
# of expected passes 2038
# of expected failures 4
# of unsupported tests 9
Compiler version: 3.4.4 20050513 (prerelease)
Platform: hppa64-hp-hpux11.11
configure flags: --disable-nls --build=hppa64-hp-hpux11.11 --host=hppa64-hp-hpux11.11 --target=hppa64-hp-hpux11.11 --enable-languages=c,c++ --enable-threads=posix --disable-libmudflap --with-gnu-as --with-as=/scratch/gcc/nightly-2005-05-13-3.4/hppa64-hp-hpux11.11/build_gcc/install/bin/as --without-gnu-ld --with-ld=/usr/ccs/bin/ld --prefix=/scratch/gcc/nightly-2005-05-13-3.4/hppa64-hp-hpux11.11/build_gcc/install