This is the mail archive of the
gcc-testresults@gcc.gnu.org
mailing list for the GCC project.
Results for 4.0.1 20050511 (prerelease) testsuite on i686-pc-linux-gnu
- From: Joe Buck <Joe dot Buck at synopsys dot com>
- To: gcc-testresults at gcc dot gnu dot org
- Date: Wed, 11 May 2005 04:17:37 -0700
- Subject: Results for 4.0.1 20050511 (prerelease) testsuite on i686-pc-linux-gnu
This is a Red Hat Enterprise (GNU/)Linux WS release 3 system,
running on a dual 2.2 GHz Intel Xeon system.
kernel: 2.4.21-4.EL (from Red Hat)
glibc: 2.3.2-95.3 (from Red Hat)
binutils: 2.14.90.0.4-26 (from Red Hat)
Only C, C++, ObjC are tested (no Java).
LAST_UPDATED: Wed May 11 08:11:33 UTC 2005
Native configuration is i686-pc-linux-gnu
=== g++ tests ===
Running target unix
FAIL: g++.dg/opt/temp1.C execution test
FAIL: g++.dg/template/spec23.C (test for errors, line 22)
FAIL: g++.dg/template/spec23.C (test for excess errors)
=== g++ Summary ===
# of expected passes 10916
# of unexpected failures 3
# of expected failures 70
# of unsupported tests 56
/var/tmp/gccbuild/4_0_branch/gcc/testsuite/../g++ version 4.0.1 20050511 (prerelease)
=== gcc tests ===
Running target unix
XPASS: gcc.dg/vect/vect-22.c scan-tree-dump-times vectorized 3 loops 1
=== gcc Summary ===
# of expected passes 34747
# of unexpected successes 1
# of expected failures 101
# of untested testcases 28
# of unsupported tests 324
/var/tmp/gccbuild/4_0_branch/gcc/xgcc version 4.0.1 20050511 (prerelease)
=== objc tests ===
Running target unix
=== objc Summary ===
# of expected passes 1534
# of unsupported tests 10
/var/tmp/gccbuild/4_0_branch/gcc/xgcc version 4.0.1 20050511 (prerelease)
=== libmudflap tests ===
Running target unix
=== libmudflap Summary ===
# of expected passes 1288
=== libstdc++-v3 check-abi Summary ===
# of added symbols: 48
# of missing symbols: 0
# of incompatible symbols: 0
using: /u/jbuck/gnu/src/cvs/4_0_branch/gcc/libstdc++-v3/config/abi/i486-linux-gnu/baseline_symbols.txt
=== libstdc++ tests ===
Running target unix
XPASS: 22_locale/locale/cons/12658_thread-1.cc execution test
XPASS: 26_numerics/cmath/c99_classification_macros_c.cc (test for excess errors)
=== libstdc++ Summary ===
# of expected passes 3639
# of unexpected successes 2
# of expected failures 12
Compiler version: 4.0.1 20050511 (prerelease)
Platform: i686-pc-linux-gnu
configure flags: --prefix=/usr/localdisk/gcc-cvs/4_0_branch --enable-languages=c,c++,objc