This is the mail archive of the
gcc-testresults@gcc.gnu.org
mailing list for the GCC project.
Results for 4.0.1 20050507 (prerelease) testsuite on x86_64-unknown-linux-gnu
- From: Al Stone <ahs3 at fc dot hp dot com>
- To: gcc-testresults at gcc dot gnu dot org
- Date: Sat, 7 May 2005 10:26:00 -0600 (MDT)
- Subject: Results for 4.0.1 20050507 (prerelease) testsuite on x86_64-unknown-linux-gnu
LAST_UPDATED: Thu Mar 10 07:51:30 UTC 2005
Native configuration is x86_64-unknown-linux-gnu
=== g++ tests ===
Running target unix
WARNING: program timed out.
FAIL: g++.dg/compat/break/bitfield7 cp_compat_x_tst.o compile
WARNING: program timed out.
FAIL: g++.dg/compat/eh/template1 cp_compat_x_tst.o compile
WARNING: program timed out.
FAIL: g++.dg/debug/debug3.C -gstabs1 -O3 (test for excess errors)
WARNING: program timed out.
FAIL: g++.dg/debug/debug5.C -gstabs -O2 (test for excess errors)
WARNING: program timed out.
FAIL: g++.dg/eh/throw2.C (test for excess errors)
WARNING: program timed out.
=== g++ Summary ===
# of expected passes 10809
# of unexpected failures 5
# of expected failures 70
# of unsupported tests 90
/opt/toolchain/amd64/obj/upstream/gcc-4.0/gcc/testsuite/../g++ version 4.0.1 20050507 (prerelease)
=== gcc tests ===
Running target unix
WARNING: program timed out.
FAIL: gcc.c-torture/compile/20000224-1.c -O3 -fomit-frame-pointer -funroll-all-loops -finline-functions (test for excess errors)
WARNING: program timed out.
FAIL: gcc.c-torture/compile/20030418-1.c -Os (test for excess errors)
WARNING: program timed out.
FAIL: gcc.c-torture/compile/920820-1.c -Os (test for excess errors)
WARNING: program timed out.
FAIL: gcc.c-torture/compile/930120-1.c -Os (test for excess errors)
WARNING: program timed out.
FAIL: gcc.c-torture/execute/980716-1.c compilation, -O3 -fomit-frame-pointer -funroll-all-loops -finline-functions
UNRESOLVED: gcc.c-torture/execute/980716-1.c execution, -O3 -fomit-frame-pointer -funroll-all-loops -finline-functions
WARNING: program timed out.
FAIL: gcc.dg/setjmp-2.c (test for excess errors)
WARNING: gcc.dg/setjmp-2.c compilation failed to produce executable
FAIL: gcc.dg/short-compare-1.c (test for excess errors)
WARNING: gcc.dg/short-compare-1.c compilation failed to produce executable
FAIL: gcc.dg/short-compare-2.c (test for excess errors)
WARNING: gcc.dg/short-compare-2.c compilation failed to produce executable
WARNING: program timed out.
FAIL: gcc.dg/spill-1.c (test for excess errors)
WARNING: program timed out.
WARNING: program timed out.
FAIL: gcc.dg/tree-ssa/20030821-1.c (test for excess errors)
XPASS: gcc.dg/vect/vect-22.c scan-tree-dump-times vectorized 3 loops 1
=== gcc Summary ===
# of expected passes 34413
# of unexpected failures 10
# of unexpected successes 1
# of expected failures 105
# of unresolved testcases 1
# of untested testcases 28
# of unsupported tests 429
/opt/toolchain/amd64/obj/upstream/gcc-4.0/gcc/xgcc version 4.0.1 20050507 (prerelease)
=== libstdc++ tests ===
Running target unix
XPASS: 22_locale/locale/cons/12658_thread-1.cc execution test
XPASS: 26_numerics/cmath/c99_classification_macros_c.cc (test for excess errors)
XPASS: 27_io/fpos/14320-1.cc execution test
=== libstdc++ Summary ===
# of expected passes 3619
# of unexpected successes 3
# of expected failures 11
Compiler version: 4.0.1 20050507 (prerelease)
Platform: x86_64-unknown-linux-gnu
configure flags: --prefix=/opt/toolchain/amd64/tot --program-suffix=-4.0 --with-system-zlib --enable-nls --without-included-gettext --disable-multilib --enable-languages=c,c++
Counting all warnings,
there are 0 warnings in stage3 of this bootstrap.
Number of warnings per file:
Number of warning types: