This is the mail archive of the
gcc-testresults@gcc.gnu.org
mailing list for the GCC project.
Results for 3.4.4 20050314 (prerelease) (Debian 3.4.3-13) testsuite on alpha-unknown-linux-gnu
- From: Matthias Klose <doko at debian dot org>
- To: gcc-testresults at gcc dot gnu dot org
- Cc: debian-gcc at lists dot debian dot org
- Date: Fri, 06 May 2005 17:54:16 -0600
- Subject: Results for 3.4.4 20050314 (prerelease) (Debian 3.4.3-13) testsuite on alpha-unknown-linux-gnu
- Reply-to: Matthias Klose <doko at debian dot org>
LAST_UPDATED: Mon Mar 14 00:26:27 UTC 2005
Native configuration is alpha-unknown-linux-gnu
=== libffi tests ===
Running target unix
=== libffi Summary ===
# of expected passes 212
# of unsupported tests 2
=== libjava tests ===
Running target unix
FAIL: initexc execution - gij test
FAIL: initexc execution - gij test
=== libjava Summary ===
# of expected passes 3267
# of unexpected failures 2
# of expected failures 10
# of untested testcases 10
=== libstdc++-v3 check-abi Summary ===
# of added symbols: 20
# of missing symbols: 0
# of incompatible symbols: 0
using: /build/buildd/gcc-3.4-3.4.3/src/libstdc++-v3/config/abi/alpha-linux-gnu/baseline_symbols.txt
=== libstdc++ tests ===
Running target unix
XPASS: 22_locale/locale/cons/12658_thread.cc execution test
FAIL: 26_numerics/complex/pow.cc execution test
FAIL: 26_numerics/fabs_inline.cc (test for excess errors)
WARNING: 26_numerics/fabs_inline.cc compilation failed to produce executable
XPASS: 27_io/fpos/14320-1.cc execution test
=== libstdc++ Summary ===
# of expected passes 2732
# of unexpected failures 2
# of unexpected successes 2
# of expected failures 5
=== gpc tests ===
Running target any
FAIL: fjf762a.pas
FAIL: fjf781f.pas
=== gpc Summary ===
# of tests 3953
# of expected passes 3946
# of unexpected failures 2
# of unsupported tests 5
/build/buildd/gcc-3.4-3.4.3/build/gcc/xgpc version 20040516, based on gcc-3.4.4 20050314 (prerelease) (Debian 3.4.3-13)
=== acats tests ===
FAIL: c37213f
FAIL: c37215f
FAIL: c45624a
FAIL: c45624b
FAIL: c460010
FAIL: c4a013a
FAIL: cd30001
FAIL: ce2102f
FAIL: cxa5a03
FAIL: cxg2002
FAIL: cxg2017
FAIL: cxg2020
=== acats Summary ===
# of expected passes 1953
# of unexpected failures 12
# of unsupported tests 357
=== g++ tests ===
Running target unix
XPASS: g++.dg/rtti/tinfo1.C scan-assembler _ZTIP9CTemplateIhE:
XPASS: g++.dg/rtti/tinfo1.C scan-assembler-not .globl[ \\t]+_ZTIP9CTemplateIhE
WARNING: g++.old-deja/g++.mike/p10769a.C compilation failed to produce executable
WARNING: g++.old-deja/g++.other/enum5.C compilation failed to produce executable
XPASS: g++.old-deja/g++.other/init5.C execution test
WARNING: g++.old-deja/g++.pt/friend44.C compilation failed to produce executable
=== g++ Summary ===
# of expected passes 9779
# of unexpected successes 3
# of expected failures 71
# of unsupported tests 81
/build/buildd/gcc-3.4-3.4.3/build/gcc/testsuite/../g++ version 3.4.4 20050314 (prerelease) (Debian 3.4.3-13)
=== g77 tests ===
Running target unix
=== g77 Summary ===
# of expected passes 1812
# of unsupported tests 6
/build/buildd/gcc-3.4-3.4.3/build/gcc/testsuite/../g77 version 3.4.4 20050314 (prerelease) (Debian 3.4.3-13)
=== gcc tests ===
Running target unix
FAIL: gcc.dg/20040123-1.c scan-assembler abort
FAIL: gcc.dg/special/gcsec-1.c (test for excess errors)
=== gcc Summary ===
# of expected passes 24684
# of unexpected failures 2
# of expected failures 79
# of untested testcases 7
# of unsupported tests 340
/build/buildd/gcc-3.4-3.4.3/build/gcc/xgcc version 3.4.4 20050314 (prerelease) (Debian 3.4.3-13)
=== objc tests ===
Running target unix
=== objc Summary ===
# of expected passes 1352
# of unsupported tests 8
/build/buildd/gcc-3.4-3.4.3/build/gcc/xgcc version 3.4.4 20050314 (prerelease) (Debian 3.4.3-13)
Compiler version: 3.4.4 20050314 (prerelease) (Debian 3.4.3-13)
Platform: alpha-unknown-linux-gnu
configure flags: -v --enable-languages=c,c++,java,f77,pascal,objc,ada,treelang --prefix=/usr --libexecdir=/usr/lib --with-gxx-include-dir=/usr/include/c++/3.4 --enable-shared --with-system-zlib --enable-nls --without-included-gettext --program-suffix=-3.4 --enable-__cxa_atexit --enable-libstdcxx-allocator=mt --enable-clocale=gnu --enable-libstdcxx-debug --enable-java-gc=boehm --enable-java-awt=gtk --disable-werror alpha-linux
BOOT_CFLAGS=-O2
Build Dependencies:
Desired=Unknown/Install/Remove/Purge/Hold
| Status=Not/Installed/Config-files/Unpacked/Failed-config/Half-installed
|/ Err?=(none)/Hold/Reinst-required/X=both-problems (Status,Err: uppercase=bad)
||/ Name Version Description
+++-==============-==============-============================================
ii binutils 2.15-5 The GNU assembler, linker and binary utiliti
ii libc6.1-dev 2.3.2.ds1-21 GNU C Library: Development Libraries and Hea
Patches that Debian applied in this version:
cvs-updates:
CVS updates from the 3.4 branch upto 20050314
gcc-version:
Add "(Debian <package version>)" to the gcc version string
gcc-textdomain:
Set gettext's domain and textdomain to the versioned package name.
rename-info-files:
Allow transformations on info file names. Reference the
transformed info file names in the texinfo files.
libstdc++-pic:
Build and install libstdc++_pic.a library.
libstdc++-doclink:
adjust hrefs to point to the local documentation
libstdc++-doxygen-syntax:
fix doxygen syntax error in header that causes segfaults with some
versions
amd64-specs:
On x86-64 use 64bits mode assembly except with -m32.
gccbug:
Use sensible-editor instead of vi as fallback editor
gccbug-posix:
Make gccbug POSIX compliant (patch by David Weinehall)
http://www.opengroup.org/onlinepubs/009695399/utilities/test.html
hppa-toplevel:
For hppa-linux enable libgcj and dependent libs in the toplevel directory
hppa-libffi:
libffi support for hppa
hppa-libjava:
Enable libjava support for hppa
hppa-libjava-update:
MD_FALLBACK_FRAME_STATE_FOR definition for pa32-linux
fastjar-update:
Implement fastjar -u (PR 7854).
fastjar-version:
Append GCC version to the fastjar version string.
java-gui-branch:
Michael Koch <konqueror@gmx.de>
Backport AWT, Swing and GTK peer from java-gui-branch (20040906).
boehm-gc-nocheck:
Disable the boehm-gc testsuite. Hangs forever on this architecture
libltdl:
* libltdl.dpatch: Search the versioned extension, when loading a shared
library (i.e. gij looks for .so.5 for loading additional libraries
like the GTK based AWT peers.
m68k-update:
Add two m68k specfic patches backported from 4.0 concerning wrong code
generation (Richard Zidlicky).
gcj-without-rpath:
don't define runtime link path for java binaries and libraries
libffi-soversion:
Install libffi with soversion 3.
ada-gcc-name:
use gcc-3.4 instead of gcc as the command name.
gpc-3.x:
The gpc patch from the gpc tarball.
gpc-updates:
Updates from gpc-20030820.
gpc-parse:
generated gcc/p/parse.[ch] files (using bison-1.875c).
gpc-dwarf2out-update:
GPC update to build with gcc-3.4.3
gpc-names:
versioned gpc names
gpc-profiled:
Do not build the gpc runtime using -fprofile-generate/-use.
gpc-lang-update:
Hack p/lang.c to work around bootstrap failures on alpha and mips.
link-libs:
reporting:
Add Debian URL for bug reporting isntructions.
Counting all warnings,
there are 552 warnings in stage3 of this bootstrap.
Number of warnings per file:
76 gcc/p/declarations.c
72 gcc/p/gpcpp.c
61 gcc/p/types.c
57 gcc/p/module.c
47 gcc/p/lang.c
44 gcc/p/typecheck.c
43 gcc/p/expressions.c
32 gcc/p/statements.c
19 gcc/p/predef.c
19 gcc/p/options.c
14 gcc/p/gpc-lex.c
11 treelang/lex.c
11 gcc/p/objects.c
10 gcc/p/gpc.c
5 parse.y
5 /usr/share/bison/bison.simple
4 gcc/p/Make-lang.in
4 gcc/objc/lang-specs.h
3 gengtype-lex.c
3 gcc/p/rts/constants.h
2 pascal-lex.l
2 gcc/p/lang-specs.h
2 gcc/gcc.c
2 gcc/ada/lang-specs.h
1 libiberty/choose-temp.c
1 insn-conditions.c
1 gcc/libgcc2.c
1 gcc/java/jvspec.c
Number of warning types:
493 old-style parameter declaration
14 string length `???' is greater than the length `???' ISO C89 compilers are required to support
5 unused variable `???'
3 function declaration isn't a prototype
3 '$' in identifier or number
2 overriding commands for target `???'
2 label `???' defined but not used
2 initialization discards qualifiers from pointer target type
2 ignoring old commands for target `???'
2 assignment discards qualifiers from pointer target type
1 unused parameter 't'
1 unused parameter 'str'
1 unused parameter 'r'
1 unused parameter 'pfile'
1 unused parameter 'context'
1 unused parameter 'argc'
1 the use of `???' is dangerous, better use `???'
1 return type defaults to `int'
1 no previous prototype for 'yyset_out'
1 no previous prototype for 'yyset_lineno'
1 no previous prototype for 'yyset_in'
1 no previous prototype for 'yyset_debug'
1 no previous prototype for 'yylex_destroy'
1 no previous prototype for 'yyget_text'
1 no previous prototype for 'yyget_out'
1 no previous prototype for 'yyget_lineno'
1 no previous prototype for 'yyget_leng'
1 no previous prototype for 'yyget_in'
1 no previous prototype for 'yyget_debug'
1 no previous prototype for 'pascal_post_options'
1 no previous prototype for 'pascal_handle_option'
1 no previous prototype for 'lang_init_3_4'
1 no previous prototype for '__enable_execute_stack'
1 'builtin_define_with_value' defined but not used