This is the mail archive of the
gcc-testresults@gcc.gnu.org
mailing list for the GCC project.
Results for 4.0.1 20050503 (prerelease) (Debian 4.0.0-2) testsuite on powerpc-unknown-linux-gnu
- From: Matthias Klose <doko at debian dot org>
- To: gcc-testresults at gcc dot gnu dot org
- Cc: debian-gcc at lists dot debian dot org
- Date: Wed, 04 May 2005 17:54:21 -0600
- Subject: Results for 4.0.1 20050503 (prerelease) (Debian 4.0.0-2) testsuite on powerpc-unknown-linux-gnu
- Reply-to: Matthias Klose <doko at debian dot org>
LAST_UPDATED: Tue May 3 12:47:29 UTC 2005
=== acats tests ===
FAIL: cd5012b
=== acats Summary ===
# of expected passes 2319
# of unexpected failures 1
Native configuration is powerpc-unknown-linux-gnu
=== g++ tests ===
Running target unix
WARNING: program timed out.
=== g++ Summary ===
# of expected passes 10936
# of expected failures 69
# of unsupported tests 76
/home/doko/gcc/4.0/gcc-4.0-4.0.0/build/gcc/testsuite/../g++ version 4.0.1 20050503 (prerelease) (Debian 4.0.0-2)
=== gcc tests ===
Running target unix
FAIL: gcc.dg/20020103-1.c scan-assembler-not LC
=== gcc Summary ===
# of expected passes 35078
# of unexpected failures 1
# of expected failures 101
# of untested testcases 28
# of unsupported tests 423
/home/doko/gcc/4.0/gcc-4.0-4.0.0/build/gcc/xgcc version 4.0.1 20050503 (prerelease) (Debian 4.0.0-2)
=== gfortran tests ===
Running target unix
XPASS: gfortran.dg/ret_pointer_1.f90 -O0 execution test
XPASS: gfortran.dg/ret_pointer_1.f90 -O1 execution test
XPASS: gfortran.dg/ret_pointer_1.f90 -O2 execution test
XPASS: gfortran.dg/ret_pointer_1.f90 -O3 -fomit-frame-pointer execution test
XPASS: gfortran.dg/ret_pointer_1.f90 -O3 -fomit-frame-pointer -funroll-loops execution test
XPASS: gfortran.dg/ret_pointer_1.f90 -O3 -fomit-frame-pointer -funroll-all-loops -finline-functions execution test
XPASS: gfortran.dg/ret_pointer_1.f90 -O3 -g execution test
XPASS: gfortran.dg/ret_pointer_1.f90 -Os execution test
FAIL: gfortran.fortran-torture/execute/forall_3.f90 execution, -O0
FAIL: gfortran.fortran-torture/execute/forall_3.f90 execution, -O1
FAIL: gfortran.fortran-torture/execute/forall_3.f90 execution, -O2
FAIL: gfortran.fortran-torture/execute/forall_3.f90 execution, -O3 -fomit-frame-pointer
FAIL: gfortran.fortran-torture/execute/forall_3.f90 execution, -O3 -fomit-frame-pointer -funroll-loops
FAIL: gfortran.fortran-torture/execute/forall_3.f90 execution, -O3 -fomit-frame-pointer -funroll-all-loops -finline-functions
FAIL: gfortran.fortran-torture/execute/forall_3.f90 execution, -O3 -g
FAIL: gfortran.fortran-torture/execute/forall_3.f90 execution, -Os
=== gfortran Summary ===
# of expected passes 5984
# of unexpected failures 8
# of unexpected successes 8
# of expected failures 18
# of unsupported tests 17
/home/doko/gcc/4.0/gcc-4.0-4.0.0/build/gcc/testsuite/../gfortran version 4.0.1 20050503 (prerelease) (Debian 4.0.0-2)
=== objc tests ===
Running target unix
=== objc Summary ===
# of expected passes 1534
# of unsupported tests 10
/home/doko/gcc/4.0/gcc-4.0-4.0.0/build/gcc/xgcc version 4.0.1 20050503 (prerelease) (Debian 4.0.0-2)
=== libffi tests ===
Running target unix
=== libffi Summary ===
# of expected passes 219
# of unsupported tests 2
=== libjava tests ===
Running target unix
FAIL: Array_3 -O3 execution - bytecode->native test
=== libjava Summary ===
# of expected passes 3788
# of unexpected failures 1
# of expected failures 14
# of untested testcases 17
=== libmudflap tests ===
Running target unix
WARNING: program timed out.
FAIL: libmudflap.cth/pass40-frag.c execution test
FAIL: libmudflap.cth/pass40-frag.c output pattern test
WARNING: program timed out.
FAIL: libmudflap.cth/pass40-frag.c (-static -DSTATIC) execution test
FAIL: libmudflap.cth/pass40-frag.c (-static -DSTATIC) output pattern test
WARNING: program timed out.
FAIL: libmudflap.cth/pass40-frag.c (-O2) execution test
FAIL: libmudflap.cth/pass40-frag.c (-O2) output pattern test
WARNING: program timed out.
FAIL: libmudflap.cth/pass40-frag.c (-O3) execution test
FAIL: libmudflap.cth/pass40-frag.c (-O3) output pattern test
=== libmudflap Summary ===
# of expected passes 1280
# of unexpected failures 8
=== libstdc++-v3 check-abi Summary ===
# of added symbols: 57
# of missing symbols: 0
# of incompatible symbols: 0
using: /home/doko/gcc/4.0/gcc-4.0-4.0.0/src/libstdc++-v3/config/abi/powerpc-linux-gnu/baseline_symbols.txt
=== libstdc++ tests ===
Running target unix
XPASS: 22_locale/locale/cons/12658_thread-1.cc execution test
WARNING: program timed out.
FAIL: 22_locale/locale/cons/12658_thread-2.cc execution test
XPASS: 26_numerics/cmath/c99_classification_macros_c.cc (test for excess errors)
WARNING: program timed out.
=== libstdc++ Summary ===
# of expected passes 3627
# of unexpected failures 1
# of unexpected successes 2
# of expected failures 13
Compiler version: 4.0.1 20050503 (prerelease) (Debian 4.0.0-2)
Platform: powerpc-unknown-linux-gnu
configure flags: -v --prefix=/usr --libexecdir=/usr/lib --enable-shared --with-system-zlib --enable-nls --enable-threads=posix --without-included-gettext --program-suffix=-4.0 --enable-__cxa_atexit --enable-libstdcxx-allocator=mt --enable-clocale=gnu --enable-libstdcxx-debug --enable-java-gc=boehm --enable-java-awt=gtk --enable-mpfr --disable-multilib --disable-werror --enable-checking=release powerpc-linux --enable-languages=c,ada,c++,f95,java,objc,treelang
BOOT_CFLAGS=-O2
Build Dependencies:
Desired=Unknown/Install/Remove/Purge/Hold
| Status=Not/Installed/Config-files/Unpacked/Failed-config/Half-installed
|/ Err?=(none)/Hold/Reinst-required/X=both-problems (Status,Err: uppercase=bad)
||/ Name Version Description
+++-==============-==============-============================================
ii binutils 2.15-5 The GNU assembler, linker and binary utiliti
ii libc6-dev 2.3.5-0ubuntu1 GNU C Library: Development Libraries and Hea
Patches that Debian applied in this version:
cvs-updates:
CVS updates from the 4.0 branch upto 20050503.
gcc-version:
Add "(Debian <package version>)" to the gcc version string
gcc-textdomain:
Set gettext's domain and textdomain to the versioned package name.
rename-info-files:
Allow transformations on info file names. Reference the
transformed info file names in the texinfo files.
libstdc++-pic:
Build and install libstdc++_pic.a library.
libstdc++-doclink:
adjust hrefs to point to the local documentation
amd64-specs:
On x86-64 use 64bits mode assembly except with -m32.
gccbug:
Use sensible-editor instead of vi as fallback editor
gccbug-posix:
Make gccbug POSIX compliant (patch by David Weinehall)
http://www.opengroup.org/onlinepubs/009695399/utilities/test.html
boehm-gc-nocheck:
Disable the boehm-gc testsuite. Hangs forever on this architecture
acats-expect:
Run the ACATS testsuite using expect
fastjar-version:
Append GCC version to the fastjar version string.
libstdc++-doxygen:
libstdc++ doxygen docs: Set SHORT_NAMES to YES
pr19769:
Temporary fix for gdb, dwarf2 and libjava per
deb-protoize:
build protoize/unprotoize binaries
ada-link-lib:
- Install the shared Ada libraries as '.so.1', not '.so' to conform
to the Debian policy.
- Don't include a runtime link path (-rpath), when linking binaries.
- Build the shared libraries on hppa-linux.
ada-gcc-name:
use gcc-4.0 instead of gcc as the command name.
link-libs:
reporting:
Add Debian URL for bug reporting isntructions.
Counting all warnings,
there are 105 warnings in stage3 of this bootstrap.
Number of warnings per file:
31 ./auto-host.h
11 treelang/lex.c
11 gcc/tsystem.h
11 gcc/defaults.h
10 gcc/config/rs6000/rs6000.h
7 /usr/share/bison/bison.simple
6 gcc/config/rs6000/altivec.md
5 gcc/gcc.c
3 gengtype-lex.c
2 gcc/objc/lang-specs.h
1 gcc/treelang/parse.y
1 gcc/protoize.c
1 gcc/java/jvspec.c
1 gcc/fortran/trans-common.c
1 gcc/fortran/simplify.c
1 gcc/fortran/resolve.c
1 gcc/fortran/expr.c
1 warning
Number of warning types:
32 this is the location of the previous definition
11 no previous prototype for `???'
10 `HAVE_DECL_GETOPT' redefined
10 `DEFAULT_USE_CXA_ATEXIT' redefined
9 `HAVE_AS_TLS' redefined
8 string length `???' is greater than the length `???' ISO C89 compilers are required to support
8 old-style function definition
5 control may reach end of non-void function `???' being inlined
4 operand 3 missing mode?
2 operand 1 missing mode?
2 label `???' defined but not used
1 this is the location of the previous definition../../src/gcc/config/rs6000/rs6000.h:251:1:
1 argument `???' might be clobbered by `???' or `???'
1 In file included from ../../src/gcc/gcov-io.h:239,
1 ./xgcc -B./ -B/usr/powerpc-linux/bin/ -isystem /usr/powerpc-linux/include -isystem /usr/powerpc-linux/sys-include -L/home/doko/gcc/4.0/gcc-4.0-4.0.0/build/gcc/../ld -O2 -DIN_GCC -W -Wall -Wwrite-strings -Wstrict-prototypes -Wmissing-prototypes -Wold-style-definition -isystem ./include -fPIC -g -DHAVE_GTHR_DEFAULT -DIN_LIBGCC2 -D__GCC_FLOAT_NOT_NEEDED -I. -I. -I../../src/gcc -I../../src/gcc/. -I../../src/gcc/../include -I../../src/gcc/../libcpp/include -fvisibility=hidden -DHIDE_EXPORTS -fexceptions -c ../../src/gcc/unwind-sjlj.c -o libgcc/./unwind-sjlj.o