This is the mail archive of the
gcc-testresults@gcc.gnu.org
mailing list for the GCC project.
Results for 4.1.0 20050502 (experimental) testsuite on hppa2.0w-hp-hpux11.11
- From: CodeSourcery Automatic Testing System <gcc at codesourcery dot com>
- To: gcc-testresults at gcc dot gnu dot org
- Date: Mon, 2 May 2005 07:07:15 -0700
- Subject: Results for 4.1.0 20050502 (experimental) testsuite on hppa2.0w-hp-hpux11.11
LAST_UPDATED: Mon May 2 08:04:05 UTC 2005
Native configuration is hppa2.0w-hp-hpux11.11
=== g++ tests ===
Running target unix
FAIL: g++.dg/other/static11.C (test for excess errors)
=== g++ Summary ===
# of expected passes 10667
# of unexpected failures 1
# of expected failures 66
# of unsupported tests 133
/scratch/gcc/nightly-2005-05-02-mainline/hppa2.0w-hp-hpux11.11/build_gcc/build/gcc-mainline-2005-05-02-nightly-hppa2.0w-hp-hpux11.11/gcc/testsuite/../g++ version 4.1.0 20050502 (experimental)
=== gcc tests ===
Running target unix
XPASS: gcc.dg/const-elim-1.c scan-assembler-not L\\\\\$?C[^A-Z]
FAIL: gcc.dg/uninit-1.c uninitialized variable warning (test for bogus messages, line 16)
FAIL: gcc.dg/special/weak-1.c execution test
=== gcc Summary ===
# of expected passes 33953
# of unexpected failures 2
# of unexpected successes 1
# of expected failures 76
# of untested testcases 28
# of unsupported tests 567
/scratch/gcc/nightly-2005-05-02-mainline/hppa2.0w-hp-hpux11.11/build_gcc/build/gcc-mainline-2005-05-02-nightly-hppa2.0w-hp-hpux11.11/gcc/xgcc version 4.1.0 20050502 (experimental)
=== libstdc++ tests ===
Running target unix
=== libstdc++ Summary ===
# of expected passes 2540
# of expected failures 11
# of unsupported tests 10
Compiler version: 4.1.0 20050502 (experimental)
Platform: hppa2.0w-hp-hpux11.11
configure flags: --build=hppa2.0w-hp-hpux11.11 --host=hppa2.0w-hp-hpux11.11 --target=hppa2.0w-hp-hpux11.11 --enable-threads=posix --disable-nls --disable-libmudflap --with-gnu-as --with-as=/scratch/gcc/nightly-2005-05-02-mainline/hppa2.0w-hp-hpux11.11/build_gcc/install/bin/as --without-gnu-ld --with-ld=/usr/ccs/bin/ld --prefix=/scratch/gcc/nightly-2005-05-02-mainline/hppa2.0w-hp-hpux11.11/build_gcc/install --enable-languages=c,c++