This is the mail archive of the
gcc-testresults@gcc.gnu.org
mailing list for the GCC project.
Results for 4.0.1 20050501 (prerelease) testsuite on x86_64-unknown-linux-gnu
- From: Al Stone <ahs3 at fc dot hp dot com>
- To: gcc-testresults at gcc dot gnu dot org
- Date: Sun, 1 May 2005 10:12:15 -0600 (MDT)
- Subject: Results for 4.0.1 20050501 (prerelease) testsuite on x86_64-unknown-linux-gnu
LAST_UPDATED: Thu Mar 10 07:51:30 UTC 2005
Native configuration is x86_64-unknown-linux-gnu
=== g++ tests ===
Running target unix
WARNING: program timed out.
FAIL: g++.old-deja/g++.mike/asm2.C (test for excess errors)
WARNING: program timed out.
WARNING: program timed out.
FAIL: g++.old-deja/g++.warn/iomanip.C (test for excess errors)
=== g++ Summary ===
# of expected passes 10807
# of unexpected failures 2
# of expected failures 70
# of unsupported tests 90
/opt/toolchain/amd64/obj/upstream/gcc-4.0/gcc/testsuite/../g++ version 4.0.1 20050501 (prerelease)
=== gcc tests ===
Running target unix
WARNING: program timed out.
FAIL: gcc.c-torture/execute/20000519-1.c compilation, -O3 -fomit-frame-pointer -funroll-loops
UNRESOLVED: gcc.c-torture/execute/20000519-1.c execution, -O3 -fomit-frame-pointer -funroll-loops
WARNING: program timed out.
FAIL: gcc.c-torture/execute/950221-1.c compilation, -O3 -g
UNRESOLVED: gcc.c-torture/execute/950221-1.c execution, -O3 -g
WARNING: program timed out.
FAIL: gcc.c-torture/execute/980424-1.c compilation, -O0
UNRESOLVED: gcc.c-torture/execute/980424-1.c execution, -O0
WARNING: program timed out.
FAIL: gcc.dg/debug/debug-4.c -gstabs+3 (test for excess errors)
FAIL: gcc.dg/setjmp-2.c (test for excess errors)
WARNING: gcc.dg/setjmp-2.c compilation failed to produce executable
FAIL: gcc.dg/short-compare-1.c (test for excess errors)
WARNING: gcc.dg/short-compare-1.c compilation failed to produce executable
FAIL: gcc.dg/short-compare-2.c (test for excess errors)
WARNING: gcc.dg/short-compare-2.c compilation failed to produce executable
XPASS: gcc.dg/vect/vect-22.c scan-tree-dump-times vectorized 3 loops 1
=== gcc Summary ===
# of expected passes 34342
# of unexpected failures 7
# of unexpected successes 1
# of expected failures 105
# of unresolved testcases 3
# of untested testcases 28
# of unsupported tests 429
/opt/toolchain/amd64/obj/upstream/gcc-4.0/gcc/xgcc version 4.0.1 20050501 (prerelease)
=== libstdc++ tests ===
Running target unix
XPASS: 22_locale/locale/cons/12658_thread-1.cc execution test
XPASS: 26_numerics/cmath/c99_classification_macros_c.cc (test for excess errors)
XPASS: 27_io/fpos/14320-1.cc execution test
=== libstdc++ Summary ===
# of expected passes 3615
# of unexpected successes 3
# of expected failures 11
Compiler version: 4.0.1 20050501 (prerelease)
Platform: x86_64-unknown-linux-gnu
configure flags: --prefix=/opt/toolchain/amd64/tot --program-suffix=-4.0 --with-system-zlib --enable-nls --without-included-gettext --disable-multilib --enable-languages=c,c++
Counting all warnings,
there are 0 warnings in stage3 of this bootstrap.
Number of warnings per file:
Number of warning types: