This is the mail archive of the gcc-testresults@gcc.gnu.org mailing list for the GCC project.


Index Nav: [Date Index] [Subject Index] [Author Index] [Thread Index]
Message Nav: [Date Prev] [Date Next] [Thread Prev] [Thread Next]
Other format: [Raw text]

Results for 4.1.0 20050429 (experimental) testsuite on powerpc-ibm-aix5.2.0.0


LAST_UPDATED: Fri Apr 29 04:04:03 UTC 2005

Native configuration is powerpc-ibm-aix5.2.0.0

		=== gcc tests ===

Running target unix
FAIL: tmpdir-gcc.dg-struct-layout-1/t025 c_compat_x_tst.o-c_compat_y_tst.o execute 
FAIL: tmpdir-gcc.dg-struct-layout-1/t027 c_compat_x_tst.o-c_compat_y_tst.o execute 
FAIL: tmpdir-gcc.dg-struct-layout-1/t028 c_compat_x_tst.o-c_compat_y_tst.o execute 
XPASS: gcc.dg/cpp/cmdlne-dI-M.c scan-file (^|\\n)cmdlne-dI-M.*:[^\\n]*cmdlne-dI-M.c
XPASS: gcc.dg/cpp/cmdlne-dM-M.c scan-file (^|\\n)cmdlne-dM-M[^\\n]*:[^\\n]*cmdlne-dM-M.c
FAIL: gcc.dg/20020103-1.c scan-assembler-not LC
FAIL: gcc.dg/20020118-1.c execution test
WARNING: gcc.dg/altivec-1.c compilation failed to produce executable
ERROR: gcc.dg/altivec-11.c: error executing dg-final: couldn't open "altivec-11.s": no such file or directory
WARNING: gcc.dg/altivec-12.c compilation failed to produce executable
FAIL: gcc.dg/altivec-14.c  (test for warnings, line 8)
FAIL: gcc.dg/altivec-14.c  (test for warnings, line 9)
FAIL: gcc.dg/altivec-14.c  (test for warnings, line 10)
FAIL: gcc.dg/altivec-14.c  (test for warnings, line 11)
FAIL: gcc.dg/altivec-14.c  (test for warnings, line 12)
FAIL: gcc.dg/altivec-14.c  (test for warnings, line 14)
FAIL: gcc.dg/altivec-14.c  (test for warnings, line 15)
FAIL: gcc.dg/altivec-14.c  (test for warnings, line 16)
FAIL: gcc.dg/altivec-14.c  (test for warnings, line 20)
FAIL: gcc.dg/altivec-14.c  (test for warnings, line 21)
FAIL: gcc.dg/altivec-14.c  (test for warnings, line 22)
FAIL: gcc.dg/altivec-14.c (test for excess errors)
ERROR: gcc.dg/altivec-18.c: error executing dg-final: couldn't open "altivec-18.s": no such file or directory
FAIL: gcc.dg/altivec-2.c (test for excess errors)
FAIL: gcc.dg/altivec-20.c (test for excess errors)
FAIL: gcc.dg/altivec-21.c  (test for errors, line 13)
FAIL: gcc.dg/altivec-21.c  (test for errors, line 14)
FAIL: gcc.dg/altivec-21.c (test for excess errors)
WARNING: gcc.dg/altivec-3.c compilation failed to produce executable
FAIL: gcc.dg/altivec-5.c (test for excess errors)
WARNING: gcc.dg/altivec-varargs-1.c compilation failed to produce executable
FAIL: gcc.dg/asm-names.c scan-assembler-not ____frob14
XPASS: gcc.dg/const-elim-1.c scan-assembler-not L\\$?C[^A-Z]
XPASS: gcc.dg/darwin-longlong.c (test for excess errors)
FAIL: gcc.dg/ppc-vector-memcpy.c scan-assembler lvx
XPASS: gcc.dg/ppc-vector-memset.c (test for excess errors)
FAIL: gcc.dg/ppc-vector-memset.c scan-assembler stvx
XPASS: gcc.dg/pr16155.c -maltivec -mansi (test for bogus messages, line )
FAIL: gcc.dg/pr16155.c (test for excess errors)
XPASS: gcc.dg/pr16286.c -maltivec (test for bogus messages, line )
FAIL: gcc.dg/pr16286.c (test for excess errors)
FAIL: gcc.dg/pr17957.c (test for excess errors)
WARNING: gcc.dg/ucnid-2.c compilation failed to produce executable
WARNING: gcc.dg/ucnid-3.c compilation failed to produce executable
XPASS: gcc.dg/ucnid-4.c (test for excess errors)
WARNING: gcc.dg/ucnid-5.c compilation failed to produce executable
XPASS: gcc.dg/ucnid-6.c (test for excess errors)
FAIL: gcc.dg/uninit-1.c uninitialized variable warning (test for bogus messages, line 16)

		=== gcc Summary ===

# of expected passes		32962
# of unexpected failures	30
# of unexpected successes	9
# of expected failures		104
# of unresolved testcases	7
# of unsupported tests		510
/tmp/powerpc-ibm-aix5.2.0.0-20050429/gcc/xgcc  version 4.1.0 20050429 (experimental)

		=== g++ tests ===

Running target unix
FAIL: g++.dg/abi/local1.C execution test
FAIL: g++.dg/conversion/simd1.C (test for excess errors)
FAIL: g++.dg/eh/simd-2.C (test for excess errors)
WARNING: g++.dg/ext/altivec-3.C compilation failed to produce executable
ERROR: g++.dg/ext/altivec-7.C: error executing dg-final: couldn't open "altivec-7.s": no such file or directory
FAIL: g++.dg/ext/attribute-test-1.C (test for excess errors)
FAIL: g++.dg/ext/attribute-test-2.C (test for excess errors)
FAIL: g++.dg/ext/attribute-test-3.C (test for excess errors)
FAIL: g++.dg/ext/attribute-test-4.C (test for excess errors)
FAIL: g++.dg/other/static11.C (test for excess errors)
WARNING: g++.dg/other/ucnid-1.C compilation failed to produce executable
FAIL: g++.dg/template/repo3.C (test for excess errors)
FAIL: g++.old-deja/g++.pt/const2.C  (test for errors, line )
FAIL: g++.old-deja/g++.pt/instantiate4.C (test for excess errors)
FAIL: g++.old-deja/g++.pt/instantiate6.C (test for excess errors)
FAIL: g++.old-deja/g++.pt/repo1.C (test for excess errors)
FAIL: g++.old-deja/g++.pt/repo2.C (test for excess errors)
FAIL: g++.old-deja/g++.pt/repo4.C (test for excess errors)

		=== g++ Summary ===

# of expected passes		10545
# of unexpected failures	15
# of expected failures		82
# of unresolved testcases	1
# of unsupported tests		122
/tmp/powerpc-ibm-aix5.2.0.0-20050429/gcc/testsuite/../g++  version 4.1.0 20050429 (experimental)

		=== gfortran tests ===

Running target unix
XPASS: gfortran.dg/ret_pointer_1.f90  -O0  execution test
XPASS: gfortran.dg/ret_pointer_1.f90  -O1  execution test
XPASS: gfortran.dg/ret_pointer_1.f90  -O2  execution test
XPASS: gfortran.dg/ret_pointer_1.f90  -O3 -fomit-frame-pointer  execution test
XPASS: gfortran.dg/ret_pointer_1.f90  -O3 -fomit-frame-pointer -funroll-loops  execution test
XPASS: gfortran.dg/ret_pointer_1.f90  -O3 -fomit-frame-pointer -funroll-all-loops -finline-functions  execution test
XPASS: gfortran.dg/ret_pointer_1.f90  -O3 -g  execution test
XPASS: gfortran.dg/ret_pointer_1.f90  -Os  execution test
FAIL: gfortran.fortran-torture/execute/forall_3.f90 execution,  -O0 
FAIL: gfortran.fortran-torture/execute/forall_3.f90 execution,  -O1 
FAIL: gfortran.fortran-torture/execute/forall_3.f90 execution,  -O2 
FAIL: gfortran.fortran-torture/execute/forall_3.f90 execution,  -O3 -fomit-frame-pointer 
FAIL: gfortran.fortran-torture/execute/forall_3.f90 execution,  -O3 -fomit-frame-pointer -funroll-loops 
FAIL: gfortran.fortran-torture/execute/forall_3.f90 execution,  -O3 -fomit-frame-pointer -funroll-all-loops -finline-functions 
FAIL: gfortran.fortran-torture/execute/forall_3.f90 execution,  -O3 -g 
FAIL: gfortran.fortran-torture/execute/forall_3.f90 execution,  -Os 
FAIL: gfortran.fortran-torture/execute/intrinsic_nearest.f90 execution,  -O0 
FAIL: gfortran.fortran-torture/execute/intrinsic_nearest.f90 execution,  -O1 
FAIL: gfortran.fortran-torture/execute/intrinsic_nearest.f90 execution,  -O2 
FAIL: gfortran.fortran-torture/execute/intrinsic_nearest.f90 execution,  -O3 -fomit-frame-pointer 
FAIL: gfortran.fortran-torture/execute/intrinsic_nearest.f90 execution,  -O3 -fomit-frame-pointer -funroll-loops 
FAIL: gfortran.fortran-torture/execute/intrinsic_nearest.f90 execution,  -O3 -fomit-frame-pointer -funroll-all-loops -finline-functions 
FAIL: gfortran.fortran-torture/execute/intrinsic_nearest.f90 execution,  -O3 -g 
FAIL: gfortran.fortran-torture/execute/intrinsic_nearest.f90 execution,  -Os 

		=== gfortran Summary ===

# of expected passes		6426
# of unexpected failures	16
# of unexpected successes	8
# of expected failures		18
# of unsupported tests		16
/tmp/powerpc-ibm-aix5.2.0.0-20050429/gcc/testsuite/../gfortran  version 4.1.0 20050429 (experimental)

		=== objc tests ===

Running target unix

		=== objc Summary ===

# of expected passes		1530
# of unsupported tests		14
/tmp/powerpc-ibm-aix5.2.0.0-20050429/gcc/xgcc  version 4.1.0 20050429 (experimental)

Compiler version: 4.1.0 20050428 (experimental)
Platform: powerpc-ibm-aix5.2.0.0


Index Nav: [Date Index] [Subject Index] [Author Index] [Thread Index]
Message Nav: [Date Prev] [Date Next] [Thread Prev] [Thread Next]