This is the mail archive of the
gcc-testresults@gcc.gnu.org
mailing list for the GCC project.
Results for 4.1.0 20050423 (experimental) testsuite on hppa64-hp-hpux11.11
- From: CodeSourcery Automatic Testing System <gcc at codesourcery dot com>
- To: gcc-testresults at gcc dot gnu dot org
- Date: Sat, 23 Apr 2005 07:57:24 -0700
- Subject: Results for 4.1.0 20050423 (experimental) testsuite on hppa64-hp-hpux11.11
LAST_UPDATED: Sat Apr 23 08:31:49 UTC 2005
Native configuration is hppa64-hp-hpux11.11
=== g++ tests ===
Running target unix
WARNING: program timed out.
FAIL: g++.dg/eh/cleanup1.C (test for excess errors)
FAIL: g++.dg/other/static11.C (test for excess errors)
=== g++ Summary ===
# of expected passes 10457
# of unexpected failures 2
# of expected failures 66
# of unsupported tests 111
/scratch/gcc/nightly-2005-04-23-mainline/hppa64-hp-hpux11.11/build_gcc/build/gcc/testsuite/../g++ version 4.1.0 20050423 (experimental)
=== gcc tests ===
Running target unix
WARNING: Could not compile gcc.dg/compat/struct-layout-1 generator
FAIL: gcc.dg/20020425-1.c (test for excess errors)
XPASS: gcc.dg/funcorder.c scan-assembler-not link_error,%r
FAIL: gcc.dg/uninit-1.c uninitialized variable warning (test for bogus messages, line 16)
FAIL: gcc.dg/torture/asm-subreg-1.c -O1 (test for excess errors)
FAIL: gcc.dg/torture/asm-subreg-1.c -O2 (test for excess errors)
FAIL: gcc.dg/torture/asm-subreg-1.c -O3 -fomit-frame-pointer (test for excess errors)
FAIL: gcc.dg/torture/asm-subreg-1.c -O3 -g (test for excess errors)
FAIL: gcc.dg/torture/asm-subreg-1.c -Os (test for excess errors)
FAIL: gcc.dg/tree-ssa/loop-4.c scan-tree-dump-times iter 0
=== gcc Summary ===
# of expected passes 33533
# of unexpected failures 8
# of unexpected successes 1
# of expected failures 76
# of untested testcases 28
# of unsupported tests 513
/scratch/gcc/nightly-2005-04-23-mainline/hppa64-hp-hpux11.11/build_gcc/build/gcc/xgcc version 4.1.0 20050423 (experimental)
=== libstdc++ tests ===
Running target unix
=== libstdc++ Summary ===
# of expected passes 2533
# of expected failures 11
# of unsupported tests 10
Compiler version: 4.1.0 20050423 (experimental)
Platform: hppa64-hp-hpux11.11
configure flags: --prefix=/scratch/gcc/nightly-2005-04-23-mainline/hppa64-hp-hpux11.11/build_gcc/install --enable-threads=posix --disable-nls --disable-libmudflap --host=hppa64-hp-hpux11.11 --target=hppa64-hp-hpux11.11 --with-gnu-as --with-as=/usr/local/tools/gcc-3.3.1/bin/hppa64-hp-hpux11.11-as --without-gnu-ld --with-ld=/usr/ccs/bin/ld --enable-languages=c,c++