This is the mail archive of the
gcc-testresults@gcc.gnu.org
mailing list for the GCC project.
Results for 4.1.0 20050418 (experimental) testsuite on mips-sgi-irix6.5
- From: Richard Sandiford <rsandifo at grizzly dot ges dot redhat dot com>
- To: gcc-testresults at gcc dot gnu dot org
- Date: Wed, 20 Apr 2005 21:17:28 GMT
- Subject: Results for 4.1.0 20050418 (experimental) testsuite on mips-sgi-irix6.5
LAST_UPDATED:
Native configuration is mips-sgi-irix6.5
=== g++ tests ===
Running target unix
FAIL: g++.dg/other/static11.C (test for excess errors)
=== g++ Summary for unix ===
# of expected passes 10935
# of unexpected failures 1
# of expected failures 66
# of unsupported tests 108
Running target unix/-mabi=32
FAIL: g++.dg/other/static11.C (test for excess errors)
=== g++ Summary for unix/-mabi=32 ===
# of expected passes 10935
# of unexpected failures 1
# of expected failures 66
# of unsupported tests 108
Running target unix/-mabi=64
FAIL: g++.dg/other/static11.C (test for excess errors)
=== g++ Summary for unix/-mabi=64 ===
# of expected passes 10903
# of unexpected failures 1
# of expected failures 66
# of unsupported tests 110
=== g++ Summary ===
# of expected passes 32773
# of unexpected failures 3
# of expected failures 198
# of unsupported tests 326
/es/scratch/rsandifo/gcc/HEAD/mips-sgi-irix6.5/mips-sgi-irix6.5/gcc/testsuite/../g++ version 4.1.0 20050418 (experimental)
=== gcc tests ===
Running target unix
FAIL: gcc.c-torture/execute/ieee/copysign1.c execution, -O0
FAIL: gcc.c-torture/execute/ieee/copysign1.c execution, -O1
FAIL: gcc.c-torture/execute/ieee/copysign1.c execution, -O2
FAIL: gcc.c-torture/execute/ieee/copysign1.c execution, -O3 -fomit-frame-pointer
FAIL: gcc.c-torture/execute/ieee/copysign1.c execution, -O3 -fomit-frame-pointer -funroll-loops
FAIL: gcc.c-torture/execute/ieee/copysign1.c execution, -O3 -fomit-frame-pointer -funroll-all-loops -finline-functions
FAIL: gcc.c-torture/execute/ieee/copysign1.c execution, -O3 -g
FAIL: gcc.c-torture/execute/ieee/copysign1.c execution, -Os
FAIL: gcc.dg/uninit-1.c uninitialized variable warning (test for bogus messages, line 16)
FAIL: gcc.dg/special/gcsec-1.c (test for excess errors)
WARNING: gcc.dg/special/gcsec-1.c compilation failed to produce executable
=== gcc Summary for unix ===
# of expected passes 33672
# of unexpected failures 10
# of expected failures 76
# of untested testcases 28
# of unsupported tests 473
Running target unix/-mabi=32
FAIL: gcc.c-torture/execute/ieee/copysign1.c execution, -O0
FAIL: gcc.c-torture/execute/ieee/copysign1.c execution, -O1
FAIL: gcc.c-torture/execute/ieee/copysign1.c execution, -O2
FAIL: gcc.c-torture/execute/ieee/copysign1.c execution, -O3 -fomit-frame-pointer
FAIL: gcc.c-torture/execute/ieee/copysign1.c execution, -O3 -fomit-frame-pointer -funroll-loops
FAIL: gcc.c-torture/execute/ieee/copysign1.c execution, -O3 -fomit-frame-pointer -funroll-all-loops -finline-functions
FAIL: gcc.c-torture/execute/ieee/copysign1.c execution, -O3 -g
FAIL: gcc.c-torture/execute/ieee/copysign1.c execution, -Os
FAIL: gcc.dg/uninit-1.c uninitialized variable warning (test for bogus messages, line 16)
FAIL: gcc.dg/special/gcsec-1.c (test for excess errors)
WARNING: gcc.dg/special/gcsec-1.c compilation failed to produce executable
FAIL: gcc.dg/tree-ssa/loop-1.c scan-assembler-times foo 5
=== gcc Summary for unix/-mabi=32 ===
# of expected passes 33643
# of unexpected failures 11
# of expected failures 76
# of untested testcases 28
# of unsupported tests 477
Running target unix/-mabi=64
FAIL: gcc.c-torture/execute/ieee/copysign1.c execution, -O0
FAIL: gcc.c-torture/execute/ieee/copysign1.c execution, -O1
FAIL: gcc.c-torture/execute/ieee/copysign1.c execution, -O2
FAIL: gcc.c-torture/execute/ieee/copysign1.c execution, -O3 -fomit-frame-pointer
FAIL: gcc.c-torture/execute/ieee/copysign1.c execution, -O3 -fomit-frame-pointer -funroll-loops
FAIL: gcc.c-torture/execute/ieee/copysign1.c execution, -O3 -fomit-frame-pointer -funroll-all-loops -finline-functions
FAIL: gcc.c-torture/execute/ieee/copysign1.c execution, -O3 -g
FAIL: gcc.c-torture/execute/ieee/copysign1.c execution, -Os
FAIL: gcc.dg/uninit-1.c uninitialized variable warning (test for bogus messages, line 16)
FAIL: gcc.dg/special/gcsec-1.c (test for excess errors)
WARNING: gcc.dg/special/gcsec-1.c compilation failed to produce executable
FAIL: gcc.dg/tree-ssa/loop-4.c scan-tree-dump-times iter 0
=== gcc Summary for unix/-mabi=64 ===
# of expected passes 33665
# of unexpected failures 11
# of expected failures 76
# of untested testcases 28
# of unsupported tests 474
=== gcc Summary ===
# of expected passes 100980
# of unexpected failures 32
# of expected failures 228
# of untested testcases 84
# of unsupported tests 1424
/es/scratch/rsandifo/gcc/HEAD/mips-sgi-irix6.5/mips-sgi-irix6.5/gcc/xgcc version 4.1.0 20050418 (experimental)
=== objc tests ===
Running target unix
FAIL: objc.dg/stabs-1.m scan-assembler (.SUBSPA.*[\$]CODE[\$]|.text"?)\\n\\t.stabs.*100,0,0,(\\\\.)?L?L[\$]?etext[0-9]*\\n(\\\\.)?L?L[\$]?etext
=== objc Summary for unix ===
# of expected passes 1533
# of unexpected failures 1
# of unsupported tests 11
Running target unix/-mabi=32
FAIL: objc.dg/stabs-1.m scan-assembler (.SUBSPA.*[\$]CODE[\$]|.text"?)\\n\\t.stabs.*100,0,0,(\\\\.)?L?L[\$]?etext[0-9]*\\n(\\\\.)?L?L[\$]?etext
=== objc Summary for unix/-mabi=32 ===
# of expected passes 1533
# of unexpected failures 1
# of unsupported tests 11
Running target unix/-mabi=64
FAIL: objc.dg/stabs-1.m scan-assembler (.SUBSPA.*[\$]CODE[\$]|.text"?)\\n\\t.stabs.*100,0,0,(\\\\.)?L?L[\$]?etext[0-9]*\\n(\\\\.)?L?L[\$]?etext
=== objc Summary for unix/-mabi=64 ===
# of expected passes 1533
# of unexpected failures 1
# of unsupported tests 11
=== objc Summary ===
# of expected passes 4599
# of unexpected failures 3
# of unsupported tests 33
/es/scratch/rsandifo/gcc/HEAD/mips-sgi-irix6.5/mips-sgi-irix6.5/gcc/xgcc version 4.1.0 20050418 (experimental)
=== libstdc++ tests ===
Running target unix
FAIL: 18_support/numeric_limits.cc execution test
FAIL: 22_locale/ctype/cons/char/1.cc execution test
=== libstdc++ Summary for unix ===
# of expected passes 2521
# of unexpected failures 2
# of expected failures 11
Running target unix/-mabi=32
FAIL: 22_locale/ctype/cons/char/1.cc execution test
FAIL: 27_io/basic_istream/extractors_arithmetic/char/12.cc execution test
=== libstdc++ Summary for unix/-mabi=32 ===
# of expected passes 2521
# of unexpected failures 2
# of expected failures 11
Running target unix/-mabi=64
FAIL: 18_support/numeric_limits.cc execution test
FAIL: 22_locale/ctype/cons/char/1.cc execution test
=== libstdc++ Summary for unix/-mabi=64 ===
# of expected passes 2521
# of unexpected failures 2
# of expected failures 11
=== libstdc++ Summary ===
# of expected passes 7563
# of unexpected failures 6
# of expected failures 33
Compiler version: 4.1.0 20050418 (experimental)
Platform: mips-sgi-irix6.5
configure flags: --prefix=/es/scratch/rsandifo/usr/gcc --exec-prefix=/es/scratch/rsandifo/usr/gcc/H-mips-sgi-irix6.5 --build=mips-sgi-irix6.5 --host=mips-sgi-irix6.5 --target=mips-sgi-irix6.5 --enable-checking --with-gnu-as --with-as=/es/scratch/rsandifo/usr/binutils-2.16/bin/as --with-gnu-ld --with-ld=/es/scratch/rsandifo/usr/binutils-2.16/bin/ld --enable-languages=c,c++,java,objc