This is the mail archive of the gcc-testresults@gcc.gnu.org mailing list for the GCC project.


Index Nav: [Date Index] [Subject Index] [Author Index] [Thread Index]
Message Nav: [Date Prev] [Date Next] [Thread Prev] [Thread Next]
Other format: [Raw text]

Results for 4.0.0 20050418 (prerelease) testsuite on i686-pc-cygwin


LAST_UPDATED: Obtained from CVS: -rgcc-4_0-branch 

Native configuration is i686-pc-cygwin

		=== g++ tests ===


Running target unix
FAIL: g++.dg/abi/local1.C execution test
FAIL: g++.dg/abi/rtti1.C scan-assembler-dem-not \\ntypeinfo for A[: \\t\\n]
FAIL: g++.dg/ext/dllexport-MI1.C scan-assembler-not -export:_ZN2D1C2ERKS_
FAIL: g++.dg/ext/dllexport-MI1.C scan-assembler-not -export:_ZN2D1D2Ev
FAIL: g++.dg/ext/dllimport2.C  (test for warnings, line 18)
FAIL: g++.dg/ext/dllimport2.C  (test for warnings, line 22)
FAIL: g++.dg/ext/dllimport2.C  (test for warnings, line 23)
FAIL: g++.dg/ext/dllimport2.C  (test for warnings, line 24)
FAIL: g++.dg/ext/dllimport3.C  (test for warnings, line 18)
FAIL: g++.dg/opt/vt1.C scan-assembler-not section[^\\n\\r]*_ZTV1S[^\\n\\r]*"[^w"\\n\\r]*"
ERROR: g++.dg/tree-ssa/pr15791-3.C: error executing dg-final: no files matched glob pattern "pr15791-3.C.t??.gimple"
UNRESOLVED: g++.dg/tree-ssa/pr15791-3.C: error executing dg-final: no files matched glob pattern "pr15791-3.C.t??.gimple"
ERROR: g++.dg/tree-ssa/pr15791-4.C: error executing dg-final: no files matched glob pattern "pr15791-4.C.t??.gimple"
UNRESOLVED: g++.dg/tree-ssa/pr15791-4.C: error executing dg-final: no files matched glob pattern "pr15791-4.C.t??.gimple"
ERROR: g++.dg/tree-ssa/pr15791-5.C: error executing dg-final: no files matched glob pattern "pr15791-5.C.t??.gimple"
UNRESOLVED: g++.dg/tree-ssa/pr15791-5.C: error executing dg-final: no files matched glob pattern "pr15791-5.C.t??.gimple"
FAIL: g++.dg/pch/externc-1.C -g assembly comparison
FAIL: g++.dg/pch/externc-1.C -O2 -g assembly comparison
FAIL: g++.dg/pch/static-1.C -g assembly comparison
FAIL: g++.dg/pch/static-1.C -O2 -g assembly comparison
FAIL: g++.dg/pch/system-1.C -g assembly comparison
FAIL: g++.dg/pch/system-1.C -O2 -g assembly comparison
FAIL: g++.dg/pch/system-2.C -g assembly comparison
FAIL: g++.dg/pch/system-2.C -O2 -g assembly comparison
FAIL: g++.dg/pch/uninst.C -g assembly comparison
FAIL: g++.dg/pch/uninst.C -O2 -g assembly comparison
FAIL: g++.dg/pch/wchar-1.C -g assembly comparison
FAIL: g++.dg/pch/wchar-1.C -O2 -g assembly comparison
FAIL: g++.old-deja/g++.eh/badalloc1.C execution test
XPASS: g++.old-deja/g++.ext/attrib5.C execution test

		=== g++ Summary ===

# of expected passes		11022
# of unexpected failures	23
# of unexpected successes	1
# of expected failures		70
# of unresolved testcases	3
# of unsupported tests		82
/davek/patch-gnu/testing/gcc-4.0.0-RC2/gcc/testsuite/../g++  version 4.0.0 20050418 (prerelease)

		=== gcc tests ===


Running target unix
FAIL: gcc.c-torture/compile/20011119-1.c  -O0  (test for excess errors)
FAIL: gcc.c-torture/compile/20011119-1.c  -O1  (test for excess errors)
FAIL: gcc.c-torture/compile/20011119-1.c  -O2  (test for excess errors)
FAIL: gcc.c-torture/compile/20011119-1.c  -O3 -fomit-frame-pointer  (test for excess errors)
FAIL: gcc.c-torture/compile/20011119-1.c  -O3 -g  (test for excess errors)
FAIL: gcc.c-torture/compile/20011119-1.c  -Os  (test for excess errors)
FAIL: gcc.c-torture/compile/20011119-2.c  -O0  (test for excess errors)
FAIL: gcc.c-torture/compile/20011119-2.c  -O1  (test for excess errors)
FAIL: gcc.c-torture/compile/20011119-2.c  -O2  (test for excess errors)
FAIL: gcc.c-torture/compile/20011119-2.c  -O3 -fomit-frame-pointer  (test for excess errors)
FAIL: gcc.c-torture/compile/20011119-2.c  -O3 -g  (test for excess errors)
FAIL: gcc.c-torture/compile/20011119-2.c  -Os  (test for excess errors)
FAIL: gcc.dg/20021014-1.c (test for excess errors)
WARNING: gcc.dg/20021014-1.c compilation failed to produce executable
FAIL: gcc.dg/alias-7.c (test for excess errors)
WARNING: gcc.dg/alias-7.c compilation failed to produce executable
FAIL: gcc.dg/bf-ms-attrib.c execution test
FAIL: gcc.dg/i386-pic-1.c  (test for errors, line 10)
FAIL: gcc.dg/pr17957.c (test for excess errors)
FAIL: gcc.dg/tree-ssa/loop-1.c scan-assembler-times foo 5
XPASS: gcc.dg/vect/vect-22.c scan-tree-dump-times vectorized 3 loops 1

		=== gcc Summary ===

# of expected passes		33995
# of unexpected failures	18
# of unexpected successes	1
# of expected failures		100
# of untested testcases		28
# of unsupported tests		344
/davek/patch-gnu/testing/gcc-4.0.0-RC2/gcc/xgcc  version 4.0.0 20050418 (prerelease)

		=== gfortran tests ===


Running target unix
FAIL: gfortran.dg/backspace.f  -O0  execution test
ERROR: tcl error sourcing /davek/patch-gnu/testing/gcc-4.0.0-20050417/gcc/testsuite/gfortran.dg/dg.exp.
ERROR: rm: cannot remove \`./backspace.exe': Permission denied
FAIL: gfortran.fortran-torture/execute/forall_3.f90 execution,  -O1 
ERROR: tcl error sourcing /davek/patch-gnu/testing/gcc-4.0.0-20050417/gcc/testsuite/gfortran.fortran-torture/execute/execute.exp.
ERROR: rm: cannot remove \`/davek/patch-gnu/testing/gcc-4.0.0-RC2/gcc/testsuite/forall_3.x': Permission denied

		=== gfortran Summary ===

# of expected passes		915
# of unexpected failures	2
/davek/patch-gnu/testing/gcc-4.0.0-RC2/gcc/testsuite/../gfortran  version 4.0.0 20050418 (prerelease)

		=== objc tests ===


Running target unix

		=== objc Summary ===

# of expected passes		1534
# of unsupported tests		10
/davek/patch-gnu/testing/gcc-4.0.0-RC2/gcc/xgcc  version 4.0.0 20050418 (prerelease)

		=== libstdc++ tests ===


Running target unix
FAIL: 27_io/basic_filebuf/close/char/4879.cc execution test
FAIL: 27_io/basic_filebuf/close/char/9964.cc execution test
FAIL: 27_io/basic_filebuf/sgetn/char/1-in.cc execution test
FAIL: 27_io/basic_filebuf/sgetn/char/1-io.cc execution test
FAIL: 27_io/basic_filebuf/sgetn/char/2-in.cc execution test
FAIL: 27_io/basic_filebuf/sgetn/char/2-io.cc execution test
FAIL: 27_io/basic_istream/extractors_arithmetic/char/12.cc execution test
FAIL: 27_io/basic_istream/readsome/char/6746-2.cc execution test

		=== libstdc++ Summary ===

# of expected passes		2513
# of unexpected failures	8
# of expected failures		11

Compiler version: 4.0.0 20050418 (prerelease) 
Platform: i686-pc-cygwin
configure flags: -v --prefix=/gnu/testing/install --enable-languages=c,c++,f95,java,objc


Index Nav: [Date Index] [Subject Index] [Author Index] [Thread Index]
Message Nav: [Date Prev] [Date Next] [Thread Prev] [Thread Next]