This is the mail archive of the
gcc-testresults@gcc.gnu.org
mailing list for the GCC project.
Results for 4.1.0-tcb 20050401 (experimental) (merged 20050330) testsuite on i686-pc-linux-gnu
- From: Diego Novillo <dnovillo at redhat dot com>
- To: gcc-testresults at gcc dot gnu dot org
- Date: Tue, 19 Apr 2005 11:21:04 -0400
- Subject: Results for 4.1.0-tcb 20050401 (experimental) (merged 20050330) testsuite on i686-pc-linux-gnu
LAST_UPDATED:
Native configuration is i686-pc-linux-gnu
=== g++ tests ===
Running target unix
=== g++ Summary ===
# of expected passes 10933
# of expected failures 67
# of unsupported tests 56
/notnfs/dnovillo/sbox/tcb/bld.toohappy/gcc/testsuite/../g++ version 4.1.0-tcb 20050401 (experimental) (merged 20050330)
=== gcc tests ===
Running target unix
FAIL: gcc.c-torture/compile/20011119-2.c (test for excess errors)
FAIL: gcc.c-torture/compile/20011119-2.c (test for excess errors)
FAIL: gcc.dg/pr18501.c conditional in loop (test for warnings, line 12)
XPASS: gcc.dg/uninit-5.c uninitialized variable warning (test for bogus messages, line 12)
XPASS: gcc.dg/uninit-5.c uninitialized variable warning (test for bogus messages, line 26)
XPASS: gcc.dg/uninit-9.c uninitialized variable warning (test for bogus messages, line 26)
FAIL: gcc.dg/torture/asm-subreg-1.c (test for excess errors)
FAIL: gcc.dg/torture/asm-subreg-1.c (test for excess errors)
FAIL: gcc.dg/torture/asm-subreg-1.c (test for excess errors)
FAIL: gcc.dg/torture/asm-subreg-1.c (test for excess errors)
FAIL: gcc.dg/vect/pr18425.c (test for excess errors)
FAIL: gcc.dg/vect/pr18536.c (test for excess errors)
WARNING: gcc.dg/vect/pr18536.c compilation failed to produce executable
FAIL: gcc.dg/vect/pr20122.c (test for excess errors)
WARNING: gcc.dg/vect/pr20122.c compilation failed to produce executable
XPASS: gcc.dg/vect/vect-22.c scan-tree-dump-times vectorized 3 loops 1
FAIL: gcc.dg/vect/vect-26.c (test for excess errors)
WARNING: gcc.dg/vect/vect-26.c compilation failed to produce executable
FAIL: gcc.dg/vect/vect-28.c (test for excess errors)
WARNING: gcc.dg/vect/vect-28.c compilation failed to produce executable
FAIL: gcc.dg/vect/vect-30.c (test for excess errors)
WARNING: gcc.dg/vect/vect-30.c compilation failed to produce executable
FAIL: gcc.dg/vect/vect-30.c scan-tree-dump-times vectorized 1 loops 2
FAIL: gcc.dg/vect/vect-31.c (test for excess errors)
WARNING: gcc.dg/vect/vect-31.c compilation failed to produce executable
FAIL: gcc.dg/vect/vect-33.c (test for excess errors)
FAIL: gcc.dg/vect/vect-44.c (test for excess errors)
WARNING: gcc.dg/vect/vect-44.c compilation failed to produce executable
FAIL: gcc.dg/vect/vect-46.c (test for excess errors)
WARNING: gcc.dg/vect/vect-46.c compilation failed to produce executable
FAIL: gcc.dg/vect/vect-50.c (test for excess errors)
WARNING: gcc.dg/vect/vect-50.c compilation failed to produce executable
FAIL: gcc.dg/vect/vect-52.c (test for excess errors)
WARNING: gcc.dg/vect/vect-52.c compilation failed to produce executable
FAIL: gcc.dg/vect/vect-54.c (test for excess errors)
WARNING: gcc.dg/vect/vect-54.c compilation failed to produce executable
FAIL: gcc.dg/vect/vect-58.c (test for excess errors)
WARNING: gcc.dg/vect/vect-58.c compilation failed to produce executable
FAIL: gcc.dg/vect/vect-60.c (test for excess errors)
WARNING: gcc.dg/vect/vect-60.c compilation failed to produce executable
FAIL: gcc.dg/vect/vect-64.c (test for excess errors)
WARNING: gcc.dg/vect/vect-64.c compilation failed to produce executable
FAIL: gcc.dg/vect/vect-66.c (test for excess errors)
WARNING: gcc.dg/vect/vect-66.c compilation failed to produce executable
XPASS: gcc.dg/vect/vect-67.c scan-tree-dump-times vectorized 1 loops 1
FAIL: gcc.dg/vect/vect-68.c (test for excess errors)
WARNING: gcc.dg/vect/vect-68.c compilation failed to produce executable
FAIL: gcc.dg/vect/vect-69.c (test for excess errors)
WARNING: gcc.dg/vect/vect-69.c compilation failed to produce executable
FAIL: gcc.dg/vect/vect-70.c (test for excess errors)
WARNING: gcc.dg/vect/vect-70.c compilation failed to produce executable
FAIL: gcc.dg/vect/vect-8.c (test for excess errors)
WARNING: gcc.dg/vect/vect-8.c compilation failed to produce executable
FAIL: gcc.dg/vect/vect-80.c (test for excess errors)
WARNING: gcc.dg/vect/vect-80.c compilation failed to produce executable
FAIL: gcc.dg/vect/vect-85.c (test for excess errors)
WARNING: gcc.dg/vect/vect-85.c compilation failed to produce executable
FAIL: gcc.dg/vect/vect-86.c (test for excess errors)
WARNING: gcc.dg/vect/vect-86.c compilation failed to produce executable
FAIL: gcc.dg/vect/vect-87.c (test for excess errors)
WARNING: gcc.dg/vect/vect-87.c compilation failed to produce executable
FAIL: gcc.dg/vect/vect-88.c (test for excess errors)
WARNING: gcc.dg/vect/vect-88.c compilation failed to produce executable
FAIL: gcc.dg/vect/vect-89.c (test for excess errors)
WARNING: gcc.dg/vect/vect-89.c compilation failed to produce executable
FAIL: gcc.dg/vect/vect-92.c (test for excess errors)
WARNING: gcc.dg/vect/vect-92.c compilation failed to produce executable
FAIL: gcc.dg/vect/vect-92.c scan-tree-dump-times vectorized 1 loops 3
FAIL: gcc.dg/vect/vect-92.c scan-tree-dump-times Alignment of access forced using peeling 3
FAIL: gcc.dg/vect/vect-93.c (test for excess errors)
WARNING: gcc.dg/vect/vect-93.c compilation failed to produce executable
FAIL: gcc.dg/vect/vect-93.c scan-tree-dump-times Alignment of access forced using peeling 3
FAIL: gcc.dg/vect/vect-93.c scan-tree-dump-times vectorized 1 loops 1
FAIL: gcc.dg/vect/vect-93.c scan-tree-dump-times Vectorizing an unaligned access 1
FAIL: gcc.dg/vect/vect-96.c (test for excess errors)
WARNING: gcc.dg/vect/vect-96.c compilation failed to produce executable
FAIL: gcc.dg/vect/vect-96.c scan-tree-dump-times vectorized 1 loops 1
=== gcc Summary ===
# of expected passes 33792
# of unexpected failures 44
# of unexpected successes 5
# of expected failures 97
# of untested testcases 28
# of unsupported tests 330
/notnfs/dnovillo/sbox/tcb/bld.toohappy/gcc/xgcc version 4.1.0-tcb 20050401 (experimental) (merged 20050330)
=== gfortran tests ===
Running target unix
XPASS: gfortran.dg/ret_pointer_1.f90 execution test
XPASS: gfortran.dg/ret_pointer_1.f90 execution test
XPASS: gfortran.dg/ret_pointer_1.f90 execution test
XPASS: gfortran.dg/ret_pointer_1.f90 execution test
XPASS: gfortran.dg/ret_pointer_1.f90 execution test
FAIL: gfortran.dg/vect/vect-2.f90 (test for excess errors)
FAIL: gfortran.dg/vect/vect-2.f90 scan-tree-dump-times vectorized 3 loops 1
FAIL: gfortran.dg/vect/vect-2.f90 scan-tree-dump-times Alignment of access forced using peeling 3
FAIL: gfortran.dg/vect/vect-2.f90 scan-tree-dump-times Vectorizing an unaligned access 2
FAIL: gfortran.dg/vect/vect-3.f90 (test for excess errors)
XPASS: gfortran.dg/vect/vect-3.f90 scan-tree-dump-times Alignment of access forced using peeling 1
FAIL: gfortran.dg/vect/vect-5.f90 (test for excess errors)
WARNING: gfortran.dg/vect/vect-5.f90 compilation failed to produce executable
FAIL: gfortran.fortran-torture/execute/forall_3.f90 execution, -O1
=== gfortran Summary ===
# of expected passes 5659
# of unexpected failures 7
# of unexpected successes 6
# of expected failures 26
/notnfs/dnovillo/sbox/tcb/bld.toohappy/gcc/testsuite/../gfortran version 4.1.0-tcb 20050401 (experimental) (merged 20050330)
=== objc tests ===
Running target unix
=== objc Summary ===
# of expected passes 1534
# of unsupported tests 10
/notnfs/dnovillo/sbox/tcb/bld.toohappy/gcc/xgcc version 4.1.0-tcb 20050401 (experimental) (merged 20050330)
=== libffi tests ===
Running target unix
=== libffi Summary ===
# of expected passes 219
# of unsupported tests 2
=== libjava tests ===
Running target unix
FAIL: LargeFile execution - source compiled test
FAIL: LargeFile execution - gij test
FAIL: LargeFile execution - bytecode->native test
FAIL: LargeFile -O3 execution - source compiled test
FAIL: LargeFile execution - gij test
FAIL: LargeFile -O3 execution - bytecode->native test
=== libjava Summary ===
# of expected passes 3776
# of unexpected failures 6
# of expected failures 10
# of untested testcases 14
=== libmudflap tests ===
Running target unix
=== libmudflap Summary ===
# of expected passes 1308
=== libstdc++-v3 check-abi Summary ===
# of added symbols: 50
# of missing symbols: 0
# of incompatible symbols: 0
using: /home/cygnus/dnovillo/perf/sbox/tcb/local.i686/src/libstdc++-v3/config/abi/i486-linux-gnu/baseline_symbols.txt
=== libstdc++ tests ===
Running target unix
XPASS: 26_numerics/cmath/c99_classification_macros_c.cc (test for excess errors)
=== libstdc++ Summary ===
# of expected passes 1311
# of unexpected successes 1
# of expected failures 5
Compiler version: 4.1.0-tcb 20050401 (experimental) (merged 20050330)
Platform: i686-pc-linux-gnu
configure flags: --prefix=/home/cygnus/dnovillo/perf/sbox/tcb/local.i686/inst.toohappy --srcdir=/home/cygnus/dnovillo/perf/sbox/tcb/local.i686/src --disable-multilib --enable-mpfr --with-gmp=/home/cygnus/dnovillo/i686 --enable-languages=c,c++,f95,java,objc