This is the mail archive of the
gcc-testresults@gcc.gnu.org
mailing list for the GCC project.
Results for 4.0.0 20050418 (prerelease) testsuite on hppa2.0w-hp-hpux11.11
- From: John David Anglin <dave at hiauly3 dot hia dot nrc dot ca>
- To: dave at hiauly3 dot hia dot nrc dot ca, gcc-testresults at gcc dot gnu dot org
- Date: Tue, 19 Apr 2005 08:36:31 -0400 (EDT)
- Subject: Results for 4.0.0 20050418 (prerelease) testsuite on hppa2.0w-hp-hpux11.11
LAST_UPDATED: Mon Apr 18 17:31:12 UTC 2005
=== acats tests ===
FAIL: c393a06
FAIL: c52104k
FAIL: c954026
FAIL: cc3120a
FAIL: ce3806d
FAIL: ce3806e
FAIL: ce3810a
FAIL: cxa4034
FAIL: cxaa008
FAIL: cxaa009
FAIL: cxaca01
Native configuration is hppa2.0w-hp-hpux11.11
=== g++ tests ===
Running target unix
=== g++ Summary ===
# of expected passes 10536
# of expected failures 70
# of unsupported tests 128
/mnt/gnu/gcc-3.3/objdir/gcc/testsuite/../g++ version 4.0.0 20050418 (prerelease)
=== gcc tests ===
Running target unix
XPASS: gcc.dg/const-elim-1.c scan-assembler-not L\\\\\$?C[^A-Z]
FAIL: gcc.dg/special/weak-1.c execution test
=== gcc Summary ===
# of expected passes 32536
# of unexpected failures 1
# of unexpected successes 1
# of expected failures 76
# of untested testcases 28
# of unsupported tests 560
/mnt/gnu/gcc-3.3/objdir/gcc/xgcc version 4.0.0 20050418 (prerelease)
=== gfortran tests ===
Running target unix
FAIL: gfortran.dg/backspace.f -O0 execution test
FAIL: gfortran.dg/backspace.f -O1 execution test
FAIL: gfortran.dg/backspace.f -O2 execution test
FAIL: gfortran.dg/backspace.f -O3 -fomit-frame-pointer execution test
FAIL: gfortran.dg/backspace.f -O3 -fomit-frame-pointer -funroll-loops execution test
FAIL: gfortran.dg/backspace.f -O3 -fomit-frame-pointer -funroll-all-loops -finline-functions execution test
FAIL: gfortran.dg/backspace.f -O3 -g execution test
FAIL: gfortran.dg/backspace.f -Os execution test
XPASS: gfortran.dg/ret_pointer_1.f90 -O0 execution test
XPASS: gfortran.dg/ret_pointer_1.f90 -O1 execution test
XPASS: gfortran.dg/ret_pointer_1.f90 -O2 execution test
XPASS: gfortran.dg/ret_pointer_1.f90 -O3 -fomit-frame-pointer execution test
XPASS: gfortran.dg/ret_pointer_1.f90 -O3 -fomit-frame-pointer -funroll-loops execution test
XPASS: gfortran.dg/ret_pointer_1.f90 -O3 -fomit-frame-pointer -funroll-all-loops -finline-functions execution test
XPASS: gfortran.dg/ret_pointer_1.f90 -O3 -g execution test
XPASS: gfortran.dg/ret_pointer_1.f90 -Os execution test
FAIL: gfortran.fortran-torture/execute/forall_3.f90 execution, -O0
FAIL: gfortran.fortran-torture/execute/forall_3.f90 execution, -O1
FAIL: gfortran.fortran-torture/execute/forall_3.f90 execution, -O2
FAIL: gfortran.fortran-torture/execute/forall_3.f90 execution, -O3 -fomit-frame-pointer
FAIL: gfortran.fortran-torture/execute/forall_3.f90 execution, -O3 -fomit-frame-pointer -funroll-loops
FAIL: gfortran.fortran-torture/execute/forall_3.f90 execution, -O3 -fomit-frame-pointer -funroll-all-loops -finline-functions
FAIL: gfortran.fortran-torture/execute/forall_3.f90 execution, -O3 -g
FAIL: gfortran.fortran-torture/execute/forall_3.f90 execution, -Os
=== gfortran Summary ===
# of expected passes 5770
# of unexpected failures 16
# of unexpected successes 8
# of expected failures 18
# of unsupported tests 16
/mnt/gnu/gcc-3.3/objdir/gcc/testsuite/../gfortran version 4.0.0 20050418 (prerelease)
=== objc tests ===
Running target unix
=== objc Summary ===
# of expected passes 1532
# of unsupported tests 11
/mnt/gnu/gcc-3.3/objdir/gcc/xgcc version 4.0.0 20050418 (prerelease)
=== libstdc++ tests ===
Running target unix
=== libstdc++ Summary ===
# of expected passes 3584
# of expected failures 12
# of unsupported tests 19
Compiler version: 4.0.0 20050418 (prerelease)
Platform: hppa2.0w-hp-hpux11.11
configure flags: --with-gnu-as --with-as=/opt/gnu/bin/as --enable-shared --disable-nls --with-local-prefix=/opt/gnu --prefix=/opt/gnu/gcc/gcc-4.0.0 --enable-debug=no --enable-threads=posix --with-gmp=/opt/gnu --disable-libmudflap --enable-languages=c,ada,c++,f95,java,objc