This is the mail archive of the
gcc-testresults@gcc.gnu.org
mailing list for the GCC project.
Results for 4.0.0 20050418 (prerelease) testsuite on sparc-sun-solaris2.8
- From: eric at linux dot site (Eric Botcazou)
- To: gcc-testresults at gcc dot gnu dot org
- Date: Mon, 18 Apr 2005 20:20:35 +0200
- Subject: Results for 4.0.0 20050418 (prerelease) testsuite on sparc-sun-solaris2.8
LAST_UPDATED: Mon Apr 18 06:54:35 UTC 2005
=== acats tests ===
=== acats Summary ===
# of expected passes 2320
# of unexpected failures 0
Native configuration is sparc-sun-solaris2.8
=== g++ tests ===
Running target unix
=== g++ Summary ===
# of expected passes 10749
# of expected failures 70
# of unsupported tests 117
/opt/build/eric/gcc-4_0-branch/gcc/testsuite/../g++ version 4.0.0 20050418 (prerelease)
=== gcc tests ===
Running target unix
=== gcc Summary ===
# of expected passes 33283
# of expected failures 101
# of untested testcases 28
# of unsupported tests 530
/opt/build/eric/gcc-4_0-branch/gcc/xgcc version 4.0.0 20050418 (prerelease)
=== gfortran tests ===
Running target unix
XPASS: gfortran.dg/ret_pointer_1.f90 -O0 execution test
XPASS: gfortran.dg/ret_pointer_1.f90 -O1 execution test
XPASS: gfortran.dg/ret_pointer_1.f90 -O2 execution test
XPASS: gfortran.dg/ret_pointer_1.f90 -O3 -fomit-frame-pointer execution test
XPASS: gfortran.dg/ret_pointer_1.f90 -O3 -fomit-frame-pointer -funroll-loops execution test
XPASS: gfortran.dg/ret_pointer_1.f90 -O3 -fomit-frame-pointer -funroll-all-loops -finline-functions execution test
XPASS: gfortran.dg/ret_pointer_1.f90 -O3 -g execution test
FAIL: gfortran.fortran-torture/execute/forall_3.f90 execution, -O1
=== gfortran Summary ===
# of expected passes 5785
# of unexpected failures 1
# of unexpected successes 7
# of expected failures 19
# of unsupported tests 16
/opt/build/eric/gcc-4_0-branch/gcc/testsuite/../gfortran version 4.0.0 20050418 (prerelease)
=== objc tests ===
Running target unix
=== objc Summary ===
# of expected passes 1534
# of unsupported tests 10
/opt/build/eric/gcc-4_0-branch/gcc/xgcc version 4.0.0 20050418 (prerelease)
=== libffi tests ===
Running target unix
=== libffi Summary ===
# of expected passes 219
# of unsupported tests 2
=== libjava tests ===
Running target unix
FAIL: Array_3 execution - gij test
FAIL: Array_3 execution - gij test
FAIL: FileHandleGcTest execution - source compiled test
FAIL: FileHandleGcTest execution - gij test
FAIL: FileHandleGcTest execution - bytecode->native test
FAIL: FileHandleGcTest -O3 execution - source compiled test
FAIL: FileHandleGcTest execution - gij test
FAIL: FileHandleGcTest -O3 execution - bytecode->native test
=== libjava Summary ===
# of expected passes 3774
# of unexpected failures 8
# of expected failures 14
# of untested testcases 24
=== libstdc++ tests ===
Running target unix
=== libstdc++ Summary ===
# of expected passes 3620
# of expected failures 14
Compiler version: 4.0.0 20050418 (prerelease)
Platform: sparc-sun-solaris2.8
configure flags: --prefix=/opt/build/eric/local/gcc --with-gmp=/opt/build/eric/local --with-mpfr=/opt/build/eric/local --with-local-prefix=/opt/build/eric/local --disable-multilib --enable-languages=c,ada,c++,f95,java,objc
BOOT_CFLAGS=-g -O2