This is the mail archive of the
gcc-testresults@gcc.gnu.org
mailing list for the GCC project.
Results for 4.1.020050416(experimental) testsuite on mips-unknown-elf
- From: Richard Sandiford <rsandifo at redhat dot com>
- To: gcc-testresults at gcc dot gnu dot org
- Date: Sat, 16 Apr 2005 20:21:26 +0100
- Subject: Results for 4.1.020050416(experimental) testsuite on mips-unknown-elf
LAST_UPDATED:
Target is mips-unknown-elf
Host is i686-pc-linux-gnulibc2.3
=== gcc tests ===
Running target mips-sim/-EB
FAIL: gcc.c-torture/execute/ieee/copysign1.c execution, -O0
FAIL: gcc.c-torture/execute/ieee/copysign1.c execution, -O1
FAIL: gcc.c-torture/execute/ieee/copysign1.c execution, -O2
FAIL: gcc.c-torture/execute/ieee/copysign1.c execution, -O3 -fomit-frame-pointer
FAIL: gcc.c-torture/execute/ieee/copysign1.c execution, -O3 -fomit-frame-pointer -funroll-loops
FAIL: gcc.c-torture/execute/ieee/copysign1.c execution, -O3 -fomit-frame-pointer -funroll-all-loops -finline-functions
FAIL: gcc.c-torture/execute/ieee/copysign1.c execution, -O3 -g
FAIL: gcc.c-torture/execute/ieee/copysign1.c execution, -Os
FAIL: gcc.dg/uninit-1.c uninitialized variable warning (test for bogus messages, line 16)
FAIL: gcc.dg/tls/alias-1.c (test for excess errors)
XPASS: gcc.dg/tree-ssa/20040204-1.c scan-tree-dump-times link_error 0
=== gcc Summary for mips-sim/-EB ===
# of expected passes 33482
# of unexpected failures 10
# of unexpected successes 1
# of expected failures 75
# of untested testcases 28
# of unsupported tests 481
Running target mips-sim/-EL
FAIL: gcc.c-torture/execute/ieee/copysign1.c execution, -O0
FAIL: gcc.c-torture/execute/ieee/copysign1.c execution, -O1
FAIL: gcc.c-torture/execute/ieee/copysign1.c execution, -O2
FAIL: gcc.c-torture/execute/ieee/copysign1.c execution, -O3 -fomit-frame-pointer
FAIL: gcc.c-torture/execute/ieee/copysign1.c execution, -O3 -fomit-frame-pointer -funroll-loops
FAIL: gcc.c-torture/execute/ieee/copysign1.c execution, -O3 -fomit-frame-pointer -funroll-all-loops -finline-functions
FAIL: gcc.c-torture/execute/ieee/copysign1.c execution, -O3 -g
FAIL: gcc.c-torture/execute/ieee/copysign1.c execution, -Os
FAIL: gcc.c-torture/execute/ieee/mzero6.c compilation, -O2
UNRESOLVED: gcc.c-torture/execute/ieee/mzero6.c execution, -O2
FAIL: gcc.c-torture/execute/ieee/mzero6.c compilation, -O3 -fomit-frame-pointer
UNRESOLVED: gcc.c-torture/execute/ieee/mzero6.c execution, -O3 -fomit-frame-pointer
FAIL: gcc.c-torture/execute/ieee/mzero6.c compilation, -O3 -fomit-frame-pointer -funroll-loops
UNRESOLVED: gcc.c-torture/execute/ieee/mzero6.c execution, -O3 -fomit-frame-pointer -funroll-loops
FAIL: gcc.c-torture/execute/ieee/mzero6.c compilation, -O3 -fomit-frame-pointer -funroll-all-loops -finline-functions
UNRESOLVED: gcc.c-torture/execute/ieee/mzero6.c execution, -O3 -fomit-frame-pointer -funroll-all-loops -finline-functions
FAIL: gcc.c-torture/execute/ieee/mzero6.c compilation, -O3 -g
UNRESOLVED: gcc.c-torture/execute/ieee/mzero6.c execution, -O3 -g
FAIL: gcc.c-torture/execute/ieee/mzero6.c compilation, -Os
UNRESOLVED: gcc.c-torture/execute/ieee/mzero6.c execution, -Os
FAIL: gcc.dg/uninit-1.c uninitialized variable warning (test for bogus messages, line 16)
FAIL: gcc.dg/tls/alias-1.c (test for excess errors)
XPASS: gcc.dg/tree-ssa/20040204-1.c scan-tree-dump-times link_error 0
=== gcc Summary for mips-sim/-EL ===
# of expected passes 33470
# of unexpected failures 16
# of unexpected successes 1
# of expected failures 75
# of unresolved testcases 6
# of untested testcases 28
# of unsupported tests 481
Running target mips-sim/-msoft-float/-EB
FAIL: gcc.c-torture/execute/20020720-1.c compilation, -O1
UNRESOLVED: gcc.c-torture/execute/20020720-1.c execution, -O1
FAIL: gcc.c-torture/execute/20020720-1.c compilation, -O2
UNRESOLVED: gcc.c-torture/execute/20020720-1.c execution, -O2
FAIL: gcc.c-torture/execute/20020720-1.c compilation, -O3 -fomit-frame-pointer
UNRESOLVED: gcc.c-torture/execute/20020720-1.c execution, -O3 -fomit-frame-pointer
FAIL: gcc.c-torture/execute/20020720-1.c compilation, -O3 -g
UNRESOLVED: gcc.c-torture/execute/20020720-1.c execution, -O3 -g
FAIL: gcc.c-torture/execute/20020720-1.c compilation, -Os
UNRESOLVED: gcc.c-torture/execute/20020720-1.c execution, -Os
FAIL: gcc.dg/uninit-1.c uninitialized variable warning (test for bogus messages, line 16)
FAIL: gcc.dg/tls/alias-1.c (test for excess errors)
XPASS: gcc.dg/tree-ssa/20040204-1.c scan-tree-dump-times link_error 0
=== gcc Summary for mips-sim/-msoft-float/-EB ===
# of expected passes 33430
# of unexpected failures 7
# of unexpected successes 1
# of expected failures 75
# of unresolved testcases 5
# of untested testcases 28
# of unsupported tests 490
Running target mips-sim/-msoft-float/-EL
FAIL: gcc.c-torture/execute/20020720-1.c compilation, -O1
UNRESOLVED: gcc.c-torture/execute/20020720-1.c execution, -O1
FAIL: gcc.c-torture/execute/20020720-1.c compilation, -O2
UNRESOLVED: gcc.c-torture/execute/20020720-1.c execution, -O2
FAIL: gcc.c-torture/execute/20020720-1.c compilation, -O3 -fomit-frame-pointer
UNRESOLVED: gcc.c-torture/execute/20020720-1.c execution, -O3 -fomit-frame-pointer
FAIL: gcc.c-torture/execute/20020720-1.c compilation, -O3 -g
UNRESOLVED: gcc.c-torture/execute/20020720-1.c execution, -O3 -g
FAIL: gcc.c-torture/execute/20020720-1.c compilation, -Os
UNRESOLVED: gcc.c-torture/execute/20020720-1.c execution, -Os
FAIL: gcc.dg/uninit-1.c uninitialized variable warning (test for bogus messages, line 16)
FAIL: gcc.dg/tls/alias-1.c (test for excess errors)
XPASS: gcc.dg/tree-ssa/20040204-1.c scan-tree-dump-times link_error 0
=== gcc Summary for mips-sim/-msoft-float/-EL ===
# of expected passes 33430
# of unexpected failures 7
# of unexpected successes 1
# of expected failures 75
# of unresolved testcases 5
# of untested testcases 28
# of unsupported tests 490
=== gcc Summary ===
# of expected passes 133812
# of unexpected failures 40
# of unexpected successes 4
# of expected failures 300
# of unresolved testcases 16
# of untested testcases 112
# of unsupported tests 1942
/es/scratch/rsandifo/gcc/HEAD/mips-elf/i686-pc-linux-gnulibc2.3/gcc/xgcc version 4.1.0 20050416 (experimental)
Host is i686-pc-linux-gnulibc2.3
=== g++ tests ===
Running target mips-sim/-EB
FAIL: g++.dg/other/static11.C (test for excess errors)
=== g++ Summary for mips-sim/-EB ===
# of expected passes 10850
# of unexpected failures 1
# of expected failures 66
# of unsupported tests 115
Running target mips-sim/-EL
FAIL: g++.dg/other/static11.C (test for excess errors)
=== g++ Summary for mips-sim/-EL ===
# of expected passes 10850
# of unexpected failures 1
# of expected failures 66
# of unsupported tests 115
Running target mips-sim/-msoft-float/-EB
FAIL: g++.dg/other/static11.C (test for excess errors)
=== g++ Summary for mips-sim/-msoft-float/-EB ===
# of expected passes 10850
# of unexpected failures 1
# of expected failures 66
# of unsupported tests 115
Running target mips-sim/-msoft-float/-EL
FAIL: g++.dg/other/static11.C (test for excess errors)
=== g++ Summary for mips-sim/-msoft-float/-EL ===
# of expected passes 10850
# of unexpected failures 1
# of expected failures 66
# of unsupported tests 115
=== g++ Summary ===
# of expected passes 43400
# of unexpected failures 4
# of expected failures 264
# of unsupported tests 460
/es/scratch/rsandifo/gcc/HEAD/mips-elf/i686-pc-linux-gnulibc2.3/gcc/testsuite/../g++ version 4.1.0 20050416 (experimental)
Host is i686-pc-linux-gnulibc2.3
=== objc tests ===
Running target mips-sim/-EB
FAIL: objc.dg/stabs-1.m scan-assembler (.SUBSPA.*[\$]CODE[\$]|.text"?)\\n\\t.stabs.*100,0,0,(\\\\.)?L?L[\$]?etext[0-9]*\\n(\\\\.)?L?L[\$]?etext
=== objc Summary for mips-sim/-EB ===
# of expected passes 1533
# of unexpected failures 1
# of unsupported tests 11
Running target mips-sim/-EL
FAIL: objc.dg/stabs-1.m scan-assembler (.SUBSPA.*[\$]CODE[\$]|.text"?)\\n\\t.stabs.*100,0,0,(\\\\.)?L?L[\$]?etext[0-9]*\\n(\\\\.)?L?L[\$]?etext
=== objc Summary for mips-sim/-EL ===
# of expected passes 1533
# of unexpected failures 1
# of unsupported tests 11
Running target mips-sim/-msoft-float/-EB
FAIL: objc.dg/stabs-1.m scan-assembler (.SUBSPA.*[\$]CODE[\$]|.text"?)\\n\\t.stabs.*100,0,0,(\\\\.)?L?L[\$]?etext[0-9]*\\n(\\\\.)?L?L[\$]?etext
=== objc Summary for mips-sim/-msoft-float/-EB ===
# of expected passes 1533
# of unexpected failures 1
# of unsupported tests 11
Running target mips-sim/-msoft-float/-EL
FAIL: objc.dg/stabs-1.m scan-assembler (.SUBSPA.*[\$]CODE[\$]|.text"?)\\n\\t.stabs.*100,0,0,(\\\\.)?L?L[\$]?etext[0-9]*\\n(\\\\.)?L?L[\$]?etext
=== objc Summary for mips-sim/-msoft-float/-EL ===
# of expected passes 1533
# of unexpected failures 1
# of unsupported tests 11
=== objc Summary ===
# of expected passes 6132
# of unexpected failures 4
# of unsupported tests 44
/es/scratch/rsandifo/gcc/HEAD/mips-elf/i686-pc-linux-gnulibc2.3/gcc/xgcc version 4.1.0 20050416 (experimental)
Compiler version: 4.1.020050416(experimental)
Platform: mips-unknown-elf
configure flags: --prefix=/es/scratch/rsandifo/usr/gcc --exec-prefix=/es/scratch/rsandifo/usr/gcc/H-i686-pc-linux-gnulibc2.3 --build=i686-pc-linux-gnulibc2.3 --host=i686-pc-linux-gnulibc2.3 --target=mips-elf --enable-checking --with-gnu-as --with-as=/es/scratch/rsandifo/usr/src/H-i686-pc-linux-gnulibc2.3/bin/mips-elf-as --with-gnu-ld --with-ld=/es/scratch/rsandifo/usr/src/H-i686-pc-linux-gnulibc2.3/bin/mips-elf-ld --enable-languages=c,c++,objc