This is the mail archive of the
gcc-testresults@gcc.gnu.org
mailing list for the GCC project.
Results for 4.1.0 20050415 (experimental) testsuite onx86_64-unknown-linux-gnu
- From: Laurent GUERBY <laurent at guerby dot net>
- To: gcc-testresults at gcc dot gnu dot org
- Date: Fri, 15 Apr 2005 22:46:57 +0200
- Subject: Results for 4.1.0 20050415 (experimental) testsuite onx86_64-unknown-linux-gnu
With patch from
http://gcc.gnu.org/bugzilla/show_bug.cgi?id=21029
LAST_UPDATED: Fri Apr 15 18:15:00 UTC 2005
=== acats tests ===
FAIL: c41203a
FAIL: c41203b
FAIL: c52102b
FAIL: c52102d
FAIL: c52103x
FAIL: c62002a
FAIL: cdd2a02
FAIL: cxa5012
FAIL: cxg2009
FAIL: cxh1001
=== acats Summary ===
# of expected passes 2310
# of unexpected failures 10
Native configuration is x86_64-unknown-linux-gnu
=== gcc tests ===
Running target unix
FAIL: gcc.dg/uninit-1.c uninitialized variable warning (test for bogus messages, line 16)
XPASS: gcc.dg/vect/vect-22.c scan-tree-dump-times vectorized 3 loops 1
FAIL: gcc.dg/vect/vect-46.c scan-tree-dump-times vectorized 1 loops 1
FAIL: gcc.dg/vect/vect-50.c scan-tree-dump-times vectorized 1 loops 1
FAIL: gcc.dg/vect/vect-50.c scan-tree-dump-times Vectorizing an unaligned access 2
FAIL: gcc.dg/vect/vect-50.c scan-tree-dump-times Alignment of access forced using peeling 1
FAIL: gcc.dg/vect/vect-52.c scan-tree-dump-times vectorized 1 loops 1
FAIL: gcc.dg/vect/vect-52.c scan-tree-dump-times Vectorizing an unaligned access 2
FAIL: gcc.dg/vect/vect-58.c scan-tree-dump-times vectorized 1 loops 1
FAIL: gcc.dg/vect/vect-58.c scan-tree-dump-times Alignment of access forced using peeling 1
FAIL: gcc.dg/vect/vect-60.c scan-tree-dump-times vectorized 1 loops 1
FAIL: gcc.dg/vect/vect-60.c scan-tree-dump-times Vectorizing an unaligned access 2
XPASS: gcc.dg/vect/vect-67.c scan-tree-dump-times vectorized 1 loops 1
FAIL: gcc.dg/vect/vect-87.c scan-tree-dump-times vectorized 1 loops 1
FAIL: gcc.dg/vect/vect-87.c scan-tree-dump-times Alignment of access forced using peeling 1
FAIL: gcc.dg/vect/vect-88.c scan-tree-dump-times vectorized 1 loops 1
FAIL: gcc.dg/vect/vect-88.c scan-tree-dump-times Alignment of access forced using peeling 1
FAIL: gcc.dg/vect/vect-92.c scan-tree-dump-times vectorized 1 loops 3
FAIL: gcc.dg/vect/vect-92.c scan-tree-dump-times Alignment of access forced using peeling 3
=== gcc Summary ===
# of expected passes 34139
# of unexpected failures 17
# of unexpected successes 2
# of expected failures 104
# of untested testcases 28
# of unsupported tests 447
/home/guerby/work/gcc/build/build-20050415T203732/gcc/xgcc version 4.1.0 20050415 (experimental)
Compiler version: 4.1.0 20050415 (experimental)
Platform: x86_64-unknown-linux-gnu
configure flags: --prefix=/home/guerby/work/gcc/install/install-20050415T203732 --enable-__cxa_atexit --disable-nls --enable-threads=posix --enable-checking --enable-languages=c,ada