This is the mail archive of the
gcc-testresults@gcc.gnu.org
mailing list for the GCC project.
Results for 4.1.0 20050412 (experimental) testsuite on hppa64-hp-hpux11.11
- From: John David Anglin <dave at hiauly3 dot hia dot nrc dot ca>
- To: dave at hiauly3 dot hia dot nrc dot ca, gcc-testresults at gcc dot gnu dot org
- Date: Wed, 13 Apr 2005 17:00:37 -0400 (EDT)
- Subject: Results for 4.1.0 20050412 (experimental) testsuite on hppa64-hp-hpux11.11
LAST_UPDATED: Tue Apr 12 00:57:03 UTC 2005
Native configuration is hppa64-hp-hpux11.11
=== g++ tests ===
Running target unix
WARNING: program timed out.
FAIL: g++.dg/eh/cleanup1.C (test for excess errors)
=== g++ Summary ===
# of expected passes 10450
# of unexpected failures 1
# of expected failures 66
# of unsupported tests 108
/test/gnu/gcc-3.3/objdir/gcc/testsuite/../g++ version 4.1.0 20050412 (experimental)
=== gcc tests ===
Running target unix
FAIL: gcc.c-torture/execute/931004-2.c execution, -O3 -fomit-frame-pointer -funroll-loops
FAIL: gcc.c-torture/execute/931004-2.c execution, -O3 -fomit-frame-pointer -funroll-all-loops -finline-functions
FAIL: gcc.dg/builtins-53.c (test for excess errors)
XPASS: gcc.dg/funcorder.c scan-assembler-not link_error,%r
FAIL: gcc.dg/uninit-1.c uninitialized variable warning (test for bogus messages, line 16)
FAIL: gcc.dg/torture/asm-subreg-1.c -O1 (test for excess errors)
FAIL: gcc.dg/torture/asm-subreg-1.c -O2 (test for excess errors)
FAIL: gcc.dg/torture/asm-subreg-1.c -O3 -fomit-frame-pointer (test for excess errors)
FAIL: gcc.dg/torture/asm-subreg-1.c -O3 -g (test for excess errors)
FAIL: gcc.dg/torture/asm-subreg-1.c -Os (test for excess errors)
FAIL: gcc.dg/tree-ssa/alias-1.c (test for excess errors)
ERROR: gcc.dg/tree-ssa/alias-1.c: error executing dg-final: no files matched glob pattern "alias-1.c.t??.optimized"
UNRESOLVED: gcc.dg/tree-ssa/alias-1.c: error executing dg-final: no files matched glob pattern "alias-1.c.t??.optimized"
FAIL: gcc.dg/tree-ssa/loop-4.c scan-tree-dump-times iter 0
=== gcc Summary ===
# of expected passes 32895
# of unexpected failures 11
# of unexpected successes 1
# of expected failures 78
# of unresolved testcases 1
# of untested testcases 28
# of unsupported tests 521
/test/gnu/gcc-3.3/objdir/gcc/xgcc version 4.1.0 20050412 (experimental)
=== gfortran tests ===
Running target unix
FAIL: gfortran.dg/backspace.f -O0 execution test
FAIL: gfortran.dg/backspace.f -O1 execution test
FAIL: gfortran.dg/backspace.f -O2 execution test
FAIL: gfortran.dg/backspace.f -O3 -fomit-frame-pointer execution test
FAIL: gfortran.dg/backspace.f -O3 -fomit-frame-pointer -funroll-loops execution test
FAIL: gfortran.dg/backspace.f -O3 -fomit-frame-pointer -funroll-all-loops -finline-functions execution test
FAIL: gfortran.dg/backspace.f -O3 -g execution test
FAIL: gfortran.dg/backspace.f -Os execution test
XPASS: gfortran.dg/ret_pointer_1.f90 -O0 execution test
XPASS: gfortran.dg/ret_pointer_1.f90 -O1 execution test
XPASS: gfortran.dg/ret_pointer_1.f90 -O2 execution test
XPASS: gfortran.dg/ret_pointer_1.f90 -O3 -fomit-frame-pointer execution test
XPASS: gfortran.dg/ret_pointer_1.f90 -O3 -fomit-frame-pointer -funroll-loops execution test
XPASS: gfortran.dg/ret_pointer_1.f90 -O3 -fomit-frame-pointer -funroll-all-loops -finline-functions execution test
XPASS: gfortran.dg/ret_pointer_1.f90 -O3 -g execution test
XPASS: gfortran.dg/ret_pointer_1.f90 -Os execution test
FAIL: gfortran.fortran-torture/execute/forall_3.f90 execution, -O0
FAIL: gfortran.fortran-torture/execute/forall_3.f90 execution, -O1
FAIL: gfortran.fortran-torture/execute/forall_3.f90 execution, -O2
FAIL: gfortran.fortran-torture/execute/forall_3.f90 execution, -O3 -fomit-frame-pointer
FAIL: gfortran.fortran-torture/execute/forall_3.f90 execution, -O3 -fomit-frame-pointer -funroll-loops
FAIL: gfortran.fortran-torture/execute/forall_3.f90 execution, -O3 -fomit-frame-pointer -funroll-all-loops -finline-functions
FAIL: gfortran.fortran-torture/execute/forall_3.f90 execution, -O3 -g
FAIL: gfortran.fortran-torture/execute/forall_3.f90 execution, -Os
=== gfortran Summary ===
# of expected passes 5985
# of unexpected failures 16
# of unexpected successes 8
# of expected failures 18
# of unsupported tests 16
/test/gnu/gcc-3.3/objdir/gcc/testsuite/../gfortran version 4.1.0 20050412 (experimental)
=== objc tests ===
Running target unix
=== objc Summary ===
# of expected passes 1532
# of unsupported tests 11
/test/gnu/gcc-3.3/objdir/gcc/xgcc version 4.1.0 20050412 (experimental)
=== libstdc++ tests ===
Running target unix
=== libstdc++ Summary ===
# of expected passes 2531
# of expected failures 11
# of unsupported tests 10
Compiler version: 4.1.0 20050412 (experimental)
Platform: hppa64-hp-hpux11.11
configure flags: --with-gnu-as --with-as=/opt/gnu64/bin/as --with-ld=/usr/ccs/bin/ld --enable-shared --disable-nls --with-local-prefix=/opt/gnu64 --prefix=/opt/gnu64/gcc/gcc-4.1.0 --host=hppa64-hp-hpux11.11 --enable-threads=posix --disable-libmudflap --enable-languages=c,c++,f95,java,objc