This is the mail archive of the
gcc-testresults@gcc.gnu.org
mailing list for the GCC project.
Results for 4.1.0 20050412 (experimental) testsuite on sparc-sun-solaris2.8
- From: eric at linux dot site (Eric Botcazou)
- To: gcc-testresults at gcc dot gnu dot org
- Date: Wed, 13 Apr 2005 12:49:55 +0200
- Subject: Results for 4.1.0 20050412 (experimental) testsuite on sparc-sun-solaris2.8
LAST_UPDATED: Tue Apr 12 10:39:41 UTC 2005
Native configuration is sparc-sun-solaris2.8
=== g++ tests ===
Running target unix
FAIL: g++.dg/other/ucnid-1.C (test for excess errors)
WARNING: g++.dg/other/ucnid-1.C compilation failed to produce executable
=== g++ Summary for unix ===
# of expected passes 10871
# of unexpected failures 1
# of expected failures 66
# of unsupported tests 122
Running target unix/-m64
FAIL: g++.dg/other/ucnid-1.C (test for excess errors)
WARNING: g++.dg/other/ucnid-1.C compilation failed to produce executable
=== g++ Summary for unix/-m64 ===
# of expected passes 10839
# of unexpected failures 1
# of expected failures 66
# of unsupported tests 124
=== g++ Summary ===
# of expected passes 21710
# of unexpected failures 2
# of expected failures 132
# of unsupported tests 246
/opt/build/eric/gcc/gcc/testsuite/../g++ version 4.1.0 20050412 (experimental)
=== gcc tests ===
Running target unix
FAIL: gcc.c-torture/compile/20040209-1.c -O1 (test for excess errors)
FAIL: gcc.c-torture/compile/20040209-1.c -O2 (test for excess errors)
FAIL: gcc.c-torture/compile/20040209-1.c -O3 -fomit-frame-pointer (test for excess errors)
FAIL: gcc.c-torture/compile/20040209-1.c -O3 -g (test for excess errors)
FAIL: gcc.c-torture/compile/20040209-1.c -Os (test for excess errors)
XPASS: gcc.dg/cpp/cmdlne-dI-M.c scan-file (^|\\\\n)cmdlne-dI-M.*:[^\\\\n]*cmdlne-dI-M.c
XPASS: gcc.dg/cpp/cmdlne-dM-M.c scan-file (^|\\\\n)cmdlne-dM-M[^\\\\n]*:[^\\\\n]*cmdlne-dM-M.c
FAIL: gcc.dg/builtin-apply4.c execution test
FAIL: gcc.dg/builtins-53.c (test for excess errors)
FAIL: gcc.dg/ucnid-2.c (test for excess errors)
WARNING: gcc.dg/ucnid-2.c compilation failed to produce executable
FAIL: gcc.dg/ucnid-3.c (test for excess errors)
WARNING: gcc.dg/ucnid-3.c compilation failed to produce executable
FAIL: gcc.dg/ucnid-4.c (test for excess errors)
WARNING: gcc.dg/ucnid-4.c compilation failed to produce executable
FAIL: gcc.dg/ucnid-6.c (test for excess errors)
WARNING: gcc.dg/ucnid-6.c compilation failed to produce executable
FAIL: gcc.dg/uninit-1.c uninitialized variable warning (test for bogus messages, line 16)
FAIL: gcc.dg/tree-ssa/alias-1.c (test for excess errors)
ERROR: gcc.dg/tree-ssa/alias-1.c: error executing dg-final: no files matched glob pattern "alias-1.c.t??.optimized"
UNRESOLVED: gcc.dg/tree-ssa/alias-1.c: error executing dg-final: no files matched glob pattern "alias-1.c.t??.optimized"
XPASS: gcc.dg/vect/vect-67.c scan-tree-dump-times vectorized 1 loops 1
XPASS: gcc.dg/vect/vect-dv-2.c scan-tree-dump-times vectorized 2 loops 1
XPASS: gcc.dg/vect/vect-ifcvt-1.c scan-tree-dump-times vectorized 2 loops 1
FAIL: gcc.dg/vect/vect-ifcvt-2.c scan-tree-dump-times vectorized 1 loops 1
FAIL: gcc.dg/vect/vect-ifcvt-3.c scan-tree-dump-times vectorized 1 loops 1
FAIL: gcc.dg/vect/vect-ifcvt-4.c scan-tree-dump-times vectorized 1 loops 1
FAIL: gcc.dg/vect/vect-ifcvt-5.c scan-tree-dump-times vectorized 1 loops 1
FAIL: gcc.dg/vect/vect-ifcvt-6.c scan-tree-dump-times vectorized 1 loops 1
FAIL: gcc.dg/vect/vect-ifcvt-7.c scan-tree-dump-times vectorized 1 loops 1
FAIL: gcc.dg/vect/vect-ifcvt-9.c scan-tree-dump-times vectorized 1 loops 2
=== gcc Summary for unix ===
# of expected passes 33780
# of unexpected failures 20
# of unexpected successes 5
# of expected failures 99
# of unresolved testcases 1
# of untested testcases 28
# of unsupported tests 546
Running target unix/-m64
XPASS: gcc.dg/cpp/cmdlne-dI-M.c scan-file (^|\\\\n)cmdlne-dI-M.*:[^\\\\n]*cmdlne-dI-M.c
XPASS: gcc.dg/cpp/cmdlne-dM-M.c scan-file (^|\\\\n)cmdlne-dM-M[^\\\\n]*:[^\\\\n]*cmdlne-dM-M.c
FAIL: gcc.dg/builtins-53.c (test for excess errors)
FAIL: gcc.dg/ucnid-2.c (test for excess errors)
WARNING: gcc.dg/ucnid-2.c compilation failed to produce executable
FAIL: gcc.dg/ucnid-3.c (test for excess errors)
WARNING: gcc.dg/ucnid-3.c compilation failed to produce executable
FAIL: gcc.dg/ucnid-4.c (test for excess errors)
WARNING: gcc.dg/ucnid-4.c compilation failed to produce executable
FAIL: gcc.dg/ucnid-6.c (test for excess errors)
WARNING: gcc.dg/ucnid-6.c compilation failed to produce executable
FAIL: gcc.dg/uninit-1.c uninitialized variable warning (test for bogus messages, line 16)
FAIL: gcc.dg/tree-ssa/alias-1.c (test for excess errors)
ERROR: gcc.dg/tree-ssa/alias-1.c: error executing dg-final: no files matched glob pattern "alias-1.c.t??.optimized"
UNRESOLVED: gcc.dg/tree-ssa/alias-1.c: error executing dg-final: no files matched glob pattern "alias-1.c.t??.optimized"
FAIL: gcc.dg/tree-ssa/loop-4.c scan-tree-dump-times iter 0
XPASS: gcc.dg/vect/vect-67.c scan-tree-dump-times vectorized 1 loops 1
XPASS: gcc.dg/vect/vect-dv-2.c scan-tree-dump-times vectorized 2 loops 1
XPASS: gcc.dg/vect/vect-ifcvt-1.c scan-tree-dump-times vectorized 2 loops 1
FAIL: gcc.dg/vect/vect-ifcvt-2.c scan-tree-dump-times vectorized 1 loops 1
FAIL: gcc.dg/vect/vect-ifcvt-3.c scan-tree-dump-times vectorized 1 loops 1
FAIL: gcc.dg/vect/vect-ifcvt-4.c scan-tree-dump-times vectorized 1 loops 1
FAIL: gcc.dg/vect/vect-ifcvt-5.c scan-tree-dump-times vectorized 1 loops 1
FAIL: gcc.dg/vect/vect-ifcvt-6.c scan-tree-dump-times vectorized 1 loops 1
FAIL: gcc.dg/vect/vect-ifcvt-7.c scan-tree-dump-times vectorized 1 loops 1
FAIL: gcc.dg/vect/vect-ifcvt-9.c scan-tree-dump-times vectorized 1 loops 2
=== gcc Summary for unix/-m64 ===
# of expected passes 33780
# of unexpected failures 15
# of unexpected successes 5
# of expected failures 99
# of unresolved testcases 1
# of untested testcases 28
# of unsupported tests 548
=== gcc Summary ===
# of expected passes 67560
# of unexpected failures 35
# of unexpected successes 10
# of expected failures 198
# of unresolved testcases 2
# of untested testcases 56
# of unsupported tests 1094
/opt/build/eric/gcc/gcc/xgcc version 4.1.0 20050412 (experimental)
=== gfortran tests ===
Running target unix
XPASS: gfortran.dg/ret_pointer_1.f90 -O0 execution test
XPASS: gfortran.dg/ret_pointer_1.f90 -O1 execution test
XPASS: gfortran.dg/ret_pointer_1.f90 -O2 execution test
XPASS: gfortran.dg/ret_pointer_1.f90 -O3 -fomit-frame-pointer execution test
XPASS: gfortran.dg/ret_pointer_1.f90 -O3 -fomit-frame-pointer -funroll-loops execution test
XPASS: gfortran.dg/ret_pointer_1.f90 -O3 -fomit-frame-pointer -funroll-all-loops -finline-functions execution test
XPASS: gfortran.dg/ret_pointer_1.f90 -O3 -g execution test
FAIL: gfortran.fortran-torture/execute/forall_3.f90 execution, -O1
=== gfortran Summary for unix ===
# of expected passes 6002
# of unexpected failures 1
# of unexpected successes 7
# of expected failures 22
# of unsupported tests 20
Running target unix/-m64
XPASS: gfortran.dg/ret_pointer_1.f90 -O0 execution test
XPASS: gfortran.dg/ret_pointer_1.f90 -O1 execution test
XPASS: gfortran.dg/ret_pointer_1.f90 -O2 execution test
XPASS: gfortran.dg/ret_pointer_1.f90 -O3 -fomit-frame-pointer execution test
XPASS: gfortran.dg/ret_pointer_1.f90 -O3 -fomit-frame-pointer -funroll-loops execution test
XPASS: gfortran.dg/ret_pointer_1.f90 -O3 -fomit-frame-pointer -funroll-all-loops -finline-functions execution test
XPASS: gfortran.dg/ret_pointer_1.f90 -O3 -g execution test
XPASS: gfortran.dg/ret_pointer_1.f90 -Os execution test
FAIL: gfortran.fortran-torture/execute/forall_3.f90 execution, -O0
FAIL: gfortran.fortran-torture/execute/forall_3.f90 execution, -O1
=== gfortran Summary for unix/-m64 ===
# of expected passes 6001
# of unexpected failures 2
# of unexpected successes 8
# of expected failures 21
# of unsupported tests 20
=== gfortran Summary ===
# of expected passes 12003
# of unexpected failures 3
# of unexpected successes 15
# of expected failures 43
# of unsupported tests 40
/opt/build/eric/gcc/gcc/testsuite/../gfortran version 4.1.0 20050412 (experimental)
=== objc tests ===
Running target unix
=== objc Summary for unix ===
# of expected passes 1534
# of unsupported tests 10
Running target unix/-m64
=== objc Summary for unix/-m64 ===
# of expected passes 1534
# of unsupported tests 10
=== objc Summary ===
# of expected passes 3068
# of unsupported tests 20
/opt/build/eric/gcc/gcc/xgcc version 4.1.0 20050412 (experimental)
=== libstdc++ tests ===
Running target unix
=== libstdc++ Summary for unix ===
# of expected passes 2550
# of expected failures 12
Running target unix/-m64
=== libstdc++ Summary for unix/-m64 ===
# of expected passes 2550
# of expected failures 12
=== libstdc++ Summary ===
# of expected passes 5100
# of expected failures 24
Compiler version: 4.1.0 20050412 (experimental)
Platform: sparc-sun-solaris2.8
configure flags: --prefix=/opt/build/eric/local/gcc --with-gmp=/opt/build/eric/local --with-mpfr=/opt/build/eric/local --with-local-prefix=/opt/build/eric/local --enable-checking=assert,misc --disable-libgcj --enable-languages=c,c++,f95,java,objc
BOOT_CFLAGS=-g -O2