This is the mail archive of the
gcc-testresults@gcc.gnu.org
mailing list for the GCC project.
Results for 4.0.0 20050413 (prerelease) testsuite on powerpc64-unknown-linux-gnu
- From: Janis Johnson <janis187 at us dot ibm dot com>
- To: gcc-testresults at gcc dot gnu dot org
- Date: Wed, 13 Apr 2005 03:40:00 -0700
- Subject: Results for 4.0.0 20050413 (prerelease) testsuite on powerpc64-unknown-linux-gnu
Linux 2.4.21-17.EL ppc64
GNU C Library stable release version 2.3.2
GNU ld version 2.15.94.0.2.2 20041220
GNU assembler 2.15.94.0.2.2 20041220
GNU Make version 3.79.1
DejaGnu:
Expect version is 5.40.0
Tcl version is 8.4
Framework version is 1.4.4
32-bit biarch default32
CVS branch: gcc-4_0-branch
This hardware does not support VMX instructions.
LAST_UPDATED: Wed Apr 13 06:30:10 UTC 2005
Native configuration is powerpc64-unknown-linux-gnu
=== g++ tests ===
Running target unix/-m32
=== g++ Summary for unix/-m32 ===
# of expected passes 10928
# of expected failures 69
# of unsupported tests 76
Running target unix/-m64
=== g++ Summary for unix/-m64 ===
# of expected passes 10890
# of expected failures 69
# of unsupported tests 79
=== g++ Summary ===
# of expected passes 21818
# of expected failures 138
# of unsupported tests 155
/home/gccbuild/build/nightly/build-gcc-4.0/gcc/testsuite/../g++ version 4.0.0 20050413 (prerelease)
=== gcc tests ===
Running target unix/-m32
=== gcc Summary for unix/-m32 ===
# of expected passes 35033
# of expected failures 101
# of untested testcases 28
# of unsupported tests 440
Running target unix/-m64
=== gcc Summary for unix/-m64 ===
# of expected passes 35039
# of expected failures 108
# of untested testcases 28
# of unsupported tests 437
=== gcc Summary ===
# of expected passes 70072
# of expected failures 209
# of untested testcases 56
# of unsupported tests 877
/home/gccbuild/build/nightly/build-gcc-4.0/gcc/xgcc version 4.0.0 20050413 (prerelease)
=== gfortran tests ===
Running target unix/-m32
XPASS: gfortran.dg/ret_pointer_1.f90 -O0 execution test
XPASS: gfortran.dg/ret_pointer_1.f90 -O1 execution test
FAIL: gfortran.fortran-torture/execute/forall_3.f90 execution, -O1
FAIL: gfortran.fortran-torture/execute/forall_3.f90 execution, -O2
FAIL: gfortran.fortran-torture/execute/forall_3.f90 execution, -O3 -fomit-frame-pointer
FAIL: gfortran.fortran-torture/execute/forall_3.f90 execution, -O3 -g
FAIL: gfortran.fortran-torture/execute/forall_3.f90 execution, -Os
=== gfortran Summary for unix/-m32 ===
# of expected passes 5765
# of unexpected failures 5
# of unexpected successes 2
# of expected failures 24
# of unsupported tests 16
Running target unix/-m64
XPASS: gfortran.dg/ret_pointer_1.f90 -O0 execution test
XPASS: gfortran.dg/ret_pointer_1.f90 -O1 execution test
XPASS: gfortran.dg/ret_pointer_1.f90 -O2 execution test
XPASS: gfortran.dg/ret_pointer_1.f90 -O3 -fomit-frame-pointer execution test
XPASS: gfortran.dg/ret_pointer_1.f90 -O3 -fomit-frame-pointer -funroll-loops execution test
XPASS: gfortran.dg/ret_pointer_1.f90 -O3 -fomit-frame-pointer -funroll-all-loops -finline-functions execution test
XPASS: gfortran.dg/ret_pointer_1.f90 -O3 -g execution test
XPASS: gfortran.dg/ret_pointer_1.f90 -Os execution test
FAIL: gfortran.dg/g77/cabs.f -O0 execution test
FAIL: gfortran.dg/g77/cabs.f -O1 execution test
FAIL: gfortran.dg/g77/cabs.f -O2 execution test
FAIL: gfortran.dg/g77/cabs.f -O3 -fomit-frame-pointer execution test
FAIL: gfortran.dg/g77/cabs.f -O3 -fomit-frame-pointer -funroll-loops execution test
FAIL: gfortran.dg/g77/cabs.f -O3 -fomit-frame-pointer -funroll-all-loops -finline-functions execution test
FAIL: gfortran.dg/g77/cabs.f -O3 -g execution test
FAIL: gfortran.dg/g77/cabs.f -Os execution test
FAIL: gfortran.fortran-torture/execute/forall_3.f90 execution, -O0
FAIL: gfortran.fortran-torture/execute/forall_3.f90 execution, -O1
FAIL: gfortran.fortran-torture/execute/forall_3.f90 execution, -O2
FAIL: gfortran.fortran-torture/execute/forall_3.f90 execution, -O3 -fomit-frame-pointer
FAIL: gfortran.fortran-torture/execute/forall_3.f90 execution, -O3 -fomit-frame-pointer -funroll-loops
FAIL: gfortran.fortran-torture/execute/forall_3.f90 execution, -O3 -fomit-frame-pointer -funroll-all-loops -finline-functions
FAIL: gfortran.fortran-torture/execute/forall_3.f90 execution, -O3 -g
FAIL: gfortran.fortran-torture/execute/forall_3.f90 execution, -Os
FAIL: gfortran.fortran-torture/execute/intrinsic_abs.f90 execution, -O0
FAIL: gfortran.fortran-torture/execute/intrinsic_abs.f90 execution, -O1
FAIL: gfortran.fortran-torture/execute/intrinsic_abs.f90 execution, -O2
FAIL: gfortran.fortran-torture/execute/intrinsic_abs.f90 execution, -O3 -fomit-frame-pointer
FAIL: gfortran.fortran-torture/execute/intrinsic_abs.f90 execution, -O3 -fomit-frame-pointer -funroll-loops
FAIL: gfortran.fortran-torture/execute/intrinsic_abs.f90 execution, -O3 -fomit-frame-pointer -funroll-all-loops -finline-functions
FAIL: gfortran.fortran-torture/execute/intrinsic_abs.f90 execution, -O3 -g
FAIL: gfortran.fortran-torture/execute/intrinsic_abs.f90 execution, -Os
FAIL: gfortran.fortran-torture/execute/power.f90 execution, -O0
FAIL: gfortran.fortran-torture/execute/power.f90 execution, -O1
FAIL: gfortran.fortran-torture/execute/power.f90 execution, -O2
FAIL: gfortran.fortran-torture/execute/power.f90 execution, -O3 -fomit-frame-pointer
FAIL: gfortran.fortran-torture/execute/power.f90 execution, -O3 -fomit-frame-pointer -funroll-loops
FAIL: gfortran.fortran-torture/execute/power.f90 execution, -O3 -fomit-frame-pointer -funroll-all-loops -finline-functions
FAIL: gfortran.fortran-torture/execute/power.f90 execution, -O3 -g
FAIL: gfortran.fortran-torture/execute/power.f90 execution, -Os
=== gfortran Summary for unix/-m64 ===
# of expected passes 5738
# of unexpected failures 32
# of unexpected successes 8
# of expected failures 18
# of unsupported tests 16
=== gfortran Summary ===
# of expected passes 11503
# of unexpected failures 37
# of unexpected successes 10
# of expected failures 42
# of unsupported tests 32
/home/gccbuild/build/nightly/build-gcc-4.0/gcc/testsuite/../gfortran version 4.0.0 20050413 (prerelease)
=== objc tests ===
Running target unix/-m32
=== objc Summary for unix/-m32 ===
# of expected passes 1534
# of unsupported tests 10
Running target unix/-m64
=== objc Summary for unix/-m64 ===
# of expected passes 1534
# of unsupported tests 10
=== objc Summary ===
# of expected passes 3068
# of unsupported tests 20
/home/gccbuild/build/nightly/build-gcc-4.0/gcc/xgcc version 4.0.0 20050413 (prerelease)
=== libffi tests ===
Running target unix/-m32
=== libffi Summary for unix/-m32 ===
# of expected passes 219
# of unsupported tests 2
Running target unix/-m64
FAIL: libffi.call/float3.c execution test
=== libffi Summary for unix/-m64 ===
# of expected passes 218
# of unexpected failures 1
# of unsupported tests 2
=== libffi Summary ===
# of expected passes 437
# of unexpected failures 1
# of unsupported tests 4
=== libjava tests ===
Running target unix/-m32
FAIL: Array_3 -O3 execution - bytecode->native test
=== libjava Summary for unix/-m32 ===
# of expected passes 3788
# of unexpected failures 1
# of expected failures 14
# of untested testcases 17
Running target unix/-m64
FAIL: PR16923.c compilation
FAIL: Array_3 -O3 execution - bytecode->native test
WARNING: program timed out.
FAIL: FileHandleGcTest execution - source compiled test
WARNING: program timed out.
FAIL: FileHandleGcTest execution - bytecode->native test
WARNING: program timed out.
FAIL: FileHandleGcTest -O3 execution - source compiled test
WARNING: program timed out.
FAIL: FileHandleGcTest -O3 execution - bytecode->native test
WARNING: program timed out.
FAIL: PR18699 execution - source compiled test
WARNING: program timed out.
FAIL: PR18699 execution - bytecode->native test
WARNING: program timed out.
FAIL: PR18699 -O3 execution - source compiled test
WARNING: program timed out.
FAIL: PR18699 -O3 execution - bytecode->native test
WARNING: program timed out.
FAIL: Thread_Wait_2 execution - source compiled test
WARNING: program timed out.
FAIL: Thread_Wait_2 execution - bytecode->native test
WARNING: program timed out.
FAIL: Thread_Wait_2 -O3 execution - source compiled test
WARNING: program timed out.
FAIL: Thread_Wait_2 -O3 execution - bytecode->native test
WARNING: program timed out.
FAIL: /home/gccbuild/build/nightly/build-gcc-4.0/powerpc64-linux/libjava/testsuite/TestEarlyGC.exe execution - /home/gccbuild/build/nightly/build-gcc-4.0/powerpc64-linux/libjava/testsuite/TestEarlyGC.exe
WARNING: program timed out.
FAIL: /home/gccbuild/build/nightly/build-gcc-4.0/powerpc64-linux/libjava/testsuite/TestLeak.exe execution - /home/gccbuild/build/nightly/build-gcc-4.0/powerpc64-linux/libjava/testsuite/TestLeak.exe
=== libjava Summary for unix/-m64 ===
# of expected passes 3758
# of unexpected failures 16
# of expected failures 14
# of untested testcases 31
=== libjava Summary ===
# of expected passes 7546
# of unexpected failures 17
# of expected failures 28
# of untested testcases 48
=== libmudflap tests ===
Running target unix/-m32
=== libmudflap Summary for unix/-m32 ===
# of expected passes 1288
Running target unix/-m64
FAIL: libmudflap.c/fail27-frag.c output pattern test
FAIL: libmudflap.c/fail27-frag.c (-O2) output pattern test
FAIL: libmudflap.c/fail27-frag.c (-O3) output pattern test
=== libmudflap Summary for unix/-m64 ===
# of expected passes 1285
# of unexpected failures 3
=== libmudflap Summary ===
# of expected passes 2573
# of unexpected failures 3
=== libstdc++-v3 check-abi Summary ===
# of added symbols: 59
# of missing symbols: 0
# of incompatible symbols: 0
using: /home/gccbuild/gcc_4.0_anoncvs/gcc/libstdc++-v3/config/abi/powerpc-linux-gnu/baseline_symbols.txt
=== libstdc++ tests ===
Running target unix/-m32
XPASS: 22_locale/locale/cons/12658_thread-1.cc execution test
XPASS: 26_numerics/cmath/c99_classification_macros_c.cc (test for excess errors)
=== libstdc++ Summary for unix/-m32 ===
# of expected passes 3619
# of unexpected successes 2
# of expected failures 13
Running target unix/-m64
XPASS: 22_locale/locale/cons/12658_thread-1.cc execution test
FAIL: 22_locale/messages/members/char/1.cc execution test
FAIL: 22_locale/messages/members/char/2.cc execution test
FAIL: 22_locale/messages/members/char/wrapped_env.cc execution test
FAIL: 22_locale/messages/members/char/wrapped_locale.cc execution test
FAIL: 22_locale/messages_byname/named_equivalence.cc execution test
XPASS: 26_numerics/cmath/c99_classification_macros_c.cc (test for excess errors)
XPASS: 27_io/fpos/14320-1.cc execution test
=== libstdc++ Summary for unix/-m64 ===
# of expected passes 3611
# of unexpected failures 5
# of unexpected successes 3
# of expected failures 15
=== libstdc++ Summary ===
# of expected passes 7230
# of unexpected failures 5
# of unexpected successes 5
# of expected failures 28
Compiler version: 4.0.0 20050413 (prerelease)
Platform: powerpc64-unknown-linux-gnu
configure flags: --prefix=/opt/gcc-nightly/4.0-20050413 --build=powerpc64-linux --host=powerpc64-linux --target=powerpc64-linux --with-cpu=default32 --with-as=/opt/gcc-nightly/binutils-2.15.94.0.2.2/bin/as --with-ld=/opt/gcc-nightly/binutils-2.15.94.0.2.2/bin/ld --enable-threads=posix --enable-shared --enable-__cxa_atexit --with-mpfr=/opt/gcc-nightly/gmp --enable-languages=c,c++,f95,java,objc