This is the mail archive of the
gcc-testresults@gcc.gnu.org
mailing list for the GCC project.
Results for 4.1.0 20050411 (experimental) testsuite on alphaev67-unknown-linux-gnu
- From: Richard Henderson <rth at twiddle dot net>
- To: gcc-testresults at gcc dot gnu dot org
- Date: Mon, 11 Apr 2005 08:42:47 -0700
- Subject: Results for 4.1.0 20050411 (experimental) testsuite on alphaev67-unknown-linux-gnu
LAST_UPDATED: Mon Apr 11 02:02:27 UTC 2005
Native configuration is alphaev67-unknown-linux-gnu
=== libmudflap tests ===
Running target unix
FAIL: libmudflap.c/pass49-frag.c execution test
FAIL: libmudflap.c/pass49-frag.c output pattern test
FAIL: libmudflap.c/pass49-frag.c (-static) execution test
FAIL: libmudflap.c/pass49-frag.c (-static) output pattern test
FAIL: libmudflap.c/pass49-frag.c (-O2) execution test
FAIL: libmudflap.c/pass49-frag.c (-O2) output pattern test
FAIL: libmudflap.c/pass49-frag.c (-O3) execution test
FAIL: libmudflap.c/pass49-frag.c (-O3) output pattern test
FAIL: libmudflap.cth/pass40-frag.c execution test
FAIL: libmudflap.cth/pass40-frag.c output pattern test
FAIL: libmudflap.cth/pass40-frag.c (-O2) execution test
FAIL: libmudflap.cth/pass40-frag.c (-O2) output pattern test
FAIL: libmudflap.cth/pass40-frag.c (-O3) execution test
FAIL: libmudflap.cth/pass40-frag.c (-O3) output pattern test
=== libmudflap Summary ===
# of expected passes 1294
# of unexpected failures 14
=== libstdc++ tests ===
Running target unix
FAIL: abi_check
XPASS: 27_io/fpos/14320-1.cc execution test
=== libstdc++ Summary ===
# of expected passes 3621
# of unexpected failures 1
# of unexpected successes 1
# of expected failures 12
=== g++ tests ===
Running target unix
FAIL: g++.dg/other/stdarg3.C (test for excess errors)
=== g++ Summary ===
# of expected passes 10924
# of unexpected failures 1
# of expected failures 66
# of unsupported tests 94
/home/rth/work/gcc/bld-cron/gcc/testsuite/../g++ version 4.1.0 20050411 (experimental)
=== gcc tests ===
Running target unix
FAIL: gcc.dg/uninit-1.c uninitialized variable warning (test for bogus messages, line 16)
FAIL: gcc.dg/tree-ssa/stdarg-2.c scan-tree-dump f3: va_list escapes 0, needs to save 8 GPR units and 2
FAIL: gcc.dg/tree-ssa/stdarg-2.c scan-tree-dump f12: va_list escapes 0, needs to save 24 GPR units and 2
FAIL: gcc.dg/tree-ssa/stdarg-2.c scan-tree-dump f13: va_list escapes 0, needs to save 24 GPR units and 2
FAIL: gcc.dg/tree-ssa/stdarg-2.c scan-tree-dump f14: va_list escapes 0, needs to save 24 GPR units and 3
FAIL: gcc.dg/tree-ssa/stdarg-4.c scan-tree-dump f2: va_list escapes 0, needs to save all GPR units and 2
FAIL: gcc.dg/tree-ssa/stdarg-4.c scan-tree-dump f4: va_list escapes 0, needs to save 8 GPR units and 2
FAIL: gcc.dg/tree-ssa/stdarg-5.c scan-tree-dump f6: va_list escapes 0, needs to save 32 GPR units and 3
FAIL: gcc.dg/tree-ssa/stdarg-5.c scan-tree-dump f7: va_list escapes 0, needs to save 32 GPR units and 2
XPASS: gcc.dg/vect/vect-67.c scan-tree-dump-times vectorized 1 loops 1
XPASS: gcc.dg/vect/vect-85.c scan-tree-dump-times vectorized 1 loops 1
XPASS: gcc.dg/vect/vect-86.c scan-tree-dump-times vectorized 1 loops 1
XPASS: gcc.dg/vect/vect-87.c scan-tree-dump-times vectorized 1 loops 1
XPASS: gcc.dg/vect/vect-87.c scan-tree-dump-times Alignment of access forced using peeling 1
XPASS: gcc.dg/vect/vect-88.c scan-tree-dump-times vectorized 1 loops 1
XPASS: gcc.dg/vect/vect-88.c scan-tree-dump-times Alignment of access forced using peeling 1
=== gcc Summary ===
# of expected passes 33788
# of unexpected failures 9
# of unexpected successes 7
# of expected failures 94
# of untested testcases 28
# of unsupported tests 536
/home/rth/work/gcc/bld-cron/gcc/xgcc version 4.1.0 20050411 (experimental)
=== gfortran tests ===
Running target unix
XPASS: gfortran.dg/ret_pointer_1.f90 -O0 execution test
XPASS: gfortran.dg/ret_pointer_1.f90 -O1 execution test
XPASS: gfortran.dg/ret_pointer_1.f90 -O2 execution test
XPASS: gfortran.dg/ret_pointer_1.f90 -O3 -fomit-frame-pointer execution test
XPASS: gfortran.dg/ret_pointer_1.f90 -O3 -fomit-frame-pointer -funroll-loops execution test
XPASS: gfortran.dg/ret_pointer_1.f90 -O3 -fomit-frame-pointer -funroll-all-loops -finline-functions execution test
XPASS: gfortran.dg/ret_pointer_1.f90 -O3 -g execution test
XPASS: gfortran.dg/ret_pointer_1.f90 -Os execution test
FAIL: gfortran.fortran-torture/execute/arrayarg2.f90 execution, -O2
FAIL: gfortran.fortran-torture/execute/arrayarg2.f90 execution, -O3 -fomit-frame-pointer
FAIL: gfortran.fortran-torture/execute/arrayarg2.f90 execution, -O3 -g
FAIL: gfortran.fortran-torture/execute/forall_3.f90 execution, -O0
FAIL: gfortran.fortran-torture/execute/forall_3.f90 execution, -O1
FAIL: gfortran.fortran-torture/execute/forall_3.f90 execution, -O2
FAIL: gfortran.fortran-torture/execute/forall_3.f90 execution, -O3 -fomit-frame-pointer
FAIL: gfortran.fortran-torture/execute/forall_3.f90 execution, -O3 -fomit-frame-pointer -funroll-loops
FAIL: gfortran.fortran-torture/execute/forall_3.f90 execution, -O3 -fomit-frame-pointer -funroll-all-loops -finline-functions
FAIL: gfortran.fortran-torture/execute/forall_3.f90 execution, -O3 -g
FAIL: gfortran.fortran-torture/execute/forall_3.f90 execution, -Os
FAIL: gfortran.fortran-torture/execute/strarray_3.f90 execution, -O2
FAIL: gfortran.fortran-torture/execute/strarray_3.f90 execution, -O3 -fomit-frame-pointer
FAIL: gfortran.fortran-torture/execute/strarray_3.f90 execution, -O3 -fomit-frame-pointer -funroll-loops
FAIL: gfortran.fortran-torture/execute/strarray_3.f90 execution, -O3 -fomit-frame-pointer -funroll-all-loops -finline-functions
FAIL: gfortran.fortran-torture/execute/strarray_3.f90 execution, -O3 -g
=== gfortran Summary ===
# of expected passes 5971
# of unexpected failures 16
# of unexpected successes 8
# of expected failures 21
# of unsupported tests 20
/home/rth/work/gcc/bld-cron/gcc/testsuite/../gfortran version 4.1.0 20050411 (experimental)
Compiler version: 4.1.0 20050411 (experimental)
Platform: alphaev67-unknown-linux-gnu
configure flags: --enable-languages=c,c++,f95