This is the mail archive of the
gcc-testresults@gcc.gnu.org
mailing list for the GCC project.
Results for 4.1.0 20050410 (experimental) testsuite on hppa2.0w-hp-hpux11.11
- From: CodeSourcery Automatic Testing System <gcc at codesourcery dot com>
- To: gcc-testresults at gcc dot gnu dot org
- Date: Sun, 10 Apr 2005 06:34:31 -0700
- Subject: Results for 4.1.0 20050410 (experimental) testsuite on hppa2.0w-hp-hpux11.11
LAST_UPDATED: Sun Apr 10 08:38:48 UTC 2005
Native configuration is hppa2.0w-hp-hpux11.11
=== g++ tests ===
Running target unix
=== g++ Summary ===
# of expected passes 10650
# of expected failures 66
# of unsupported tests 130
/scratch/gcc/nightly-2005-04-10-mainline/hppa2.0w-hp-hpux11.11/build_gcc/build/gcc/testsuite/../g++ version 4.1.0 20050410 (experimental)
=== gcc tests ===
Running target unix
FAIL: gcc.dg/builtins-53.c (test for excess errors)
XPASS: gcc.dg/const-elim-1.c scan-assembler-not L\\\\\$?C[^A-Z]
FAIL: gcc.dg/uninit-1.c uninitialized variable warning (test for bogus messages, line 16)
FAIL: gcc.dg/special/weak-1.c execution test
=== gcc Summary ===
# of expected passes 33029
# of unexpected failures 3
# of unexpected successes 1
# of expected failures 76
# of untested testcases 28
# of unsupported tests 571
/scratch/gcc/nightly-2005-04-10-mainline/hppa2.0w-hp-hpux11.11/build_gcc/build/gcc/xgcc version 4.1.0 20050410 (experimental)
=== libstdc++ tests ===
Running target unix
=== libstdc++ Summary ===
# of expected passes 2531
# of expected failures 11
# of unsupported tests 10
Compiler version: 4.1.0 20050410 (experimental)
Platform: hppa2.0w-hp-hpux11.11
configure flags: --prefix=/scratch/gcc/nightly-2005-04-10-mainline/hppa2.0w-hp-hpux11.11/build_gcc/install --enable-threads --disable-libmudflap --with-gnu-as --with-as=/usr/local/tools/gcc-3.3.1/bin/as --enable-languages=c,c++