This is the mail archive of the
gcc-testresults@gcc.gnu.org
mailing list for the GCC project.
Results for 4.0.0 20050407 (prerelease) testsuite on sparc-sun-solaris2.8
- From: eric at linux dot site (Eric Botcazou)
- To: gcc-testresults at gcc dot gnu dot org
- Date: Sat, 09 Apr 2005 22:48:57 +0200
- Subject: Results for 4.0.0 20050407 (prerelease) testsuite on sparc-sun-solaris2.8
LAST_UPDATED: Thu Apr 7 07:28:43 UTC 2005
=== acats tests ===
=== acats Summary ===
# of expected passes 2320
# of unexpected failures 0
Native configuration is sparc-sun-solaris2.8
=== g++ tests ===
Running target unix
XPASS: g++.dg/special/conpr-2.C execution test
XPASS: g++.dg/special/initp1.C execution test
=== g++ Summary for unix ===
# of expected passes 10817
# of unexpected successes 2
# of expected failures 70
# of unsupported tests 97
Running target unix/-m64
XPASS: g++.dg/special/conpr-2.C execution test
XPASS: g++.dg/special/initp1.C execution test
=== g++ Summary for unix/-m64 ===
# of expected passes 10785
# of unexpected successes 2
# of expected failures 70
# of unsupported tests 99
=== g++ Summary ===
# of expected passes 21602
# of unexpected successes 4
# of expected failures 140
# of unsupported tests 196
/opt/build/eric/gcc-4_0-branch/gcc/testsuite/../g++ version 4.0.0 20050407 (prerelease)
=== gcc tests ===
Running target unix
FAIL: gcc.dg/builtin-apply4.c execution test
=== gcc Summary for unix ===
# of expected passes 33323
# of unexpected failures 1
# of expected failures 102
# of untested testcases 28
# of unsupported tests 517
Running target unix/-m64
FAIL: gcc.dg/special/gcsec-1.c (test for excess errors)
WARNING: gcc.dg/special/gcsec-1.c compilation failed to produce executable
FAIL: gcc.dg/tls/alias-1.c (test for excess errors)
FAIL: gcc.dg/tls/opt-2.c (test for excess errors)
=== gcc Summary for unix/-m64 ===
# of expected passes 33315
# of unexpected failures 3
# of expected failures 102
# of untested testcases 28
# of unsupported tests 519
=== gcc Summary ===
# of expected passes 66638
# of unexpected failures 4
# of expected failures 204
# of untested testcases 56
# of unsupported tests 1036
/opt/build/eric/gcc-4_0-branch/gcc/xgcc version 4.0.0 20050407 (prerelease)
=== gfortran tests ===
Running target unix
XPASS: gfortran.dg/ret_pointer_1.f90 -O0 execution test
XPASS: gfortran.dg/ret_pointer_1.f90 -O1 execution test
XPASS: gfortran.dg/ret_pointer_1.f90 -O2 execution test
XPASS: gfortran.dg/ret_pointer_1.f90 -O3 -fomit-frame-pointer execution test
XPASS: gfortran.dg/ret_pointer_1.f90 -O3 -fomit-frame-pointer -funroll-loops execution test
XPASS: gfortran.dg/ret_pointer_1.f90 -O3 -fomit-frame-pointer -funroll-all-loops -finline-functions execution test
XPASS: gfortran.dg/ret_pointer_1.f90 -O3 -g execution test
FAIL: gfortran.fortran-torture/execute/forall_3.f90 execution, -O1
=== gfortran Summary for unix ===
# of expected passes 5691
# of unexpected failures 1
# of unexpected successes 7
# of expected failures 19
# of unsupported tests 16
Running target unix/-m64
XPASS: gfortran.dg/ret_pointer_1.f90 -O0 execution test
XPASS: gfortran.dg/ret_pointer_1.f90 -O1 execution test
XPASS: gfortran.dg/ret_pointer_1.f90 -O2 execution test
XPASS: gfortran.dg/ret_pointer_1.f90 -O3 -fomit-frame-pointer execution test
XPASS: gfortran.dg/ret_pointer_1.f90 -O3 -fomit-frame-pointer -funroll-loops execution test
XPASS: gfortran.dg/ret_pointer_1.f90 -O3 -fomit-frame-pointer -funroll-all-loops -finline-functions execution test
XPASS: gfortran.dg/ret_pointer_1.f90 -O3 -g execution test
XPASS: gfortran.dg/ret_pointer_1.f90 -Os execution test
FAIL: gfortran.fortran-torture/execute/forall_3.f90 execution, -O0
FAIL: gfortran.fortran-torture/execute/forall_3.f90 execution, -O1
=== gfortran Summary for unix/-m64 ===
# of expected passes 5690
# of unexpected failures 2
# of unexpected successes 8
# of expected failures 18
# of unsupported tests 16
=== gfortran Summary ===
# of expected passes 11381
# of unexpected failures 3
# of unexpected successes 15
# of expected failures 37
# of unsupported tests 32
/opt/build/eric/gcc-4_0-branch/gcc/testsuite/../gfortran version 4.0.0 20050407 (prerelease)
=== objc tests ===
Running target unix
=== objc Summary for unix ===
# of expected passes 1534
# of unsupported tests 10
Running target unix/-m64
=== objc Summary for unix/-m64 ===
# of expected passes 1534
# of unsupported tests 10
=== objc Summary ===
# of expected passes 3068
# of unsupported tests 20
/opt/build/eric/gcc-4_0-branch/gcc/xgcc version 4.0.0 20050407 (prerelease)
=== libstdc++ tests ===
Running target unix
=== libstdc++ Summary for unix ===
# of expected passes 3616
# of expected failures 14
Running target unix/-m64
=== libstdc++ Summary for unix/-m64 ===
# of expected passes 3616
# of expected failures 14
=== libstdc++ Summary ===
# of expected passes 7232
# of expected failures 28
Compiler version: 4.0.0 20050407 (prerelease)
Platform: sparc-sun-solaris2.8
configure flags: --prefix=/opt/build/eric/local/gcc --with-as=/opt/build/eric/binutils-2_16-branch/gas/as-new --with-gnu-as --with-ld=/opt/build/eric/binutils-2_16-branch/ld/ld-new --with-gnu-ld --with-gmp=/opt/build/eric/local --with-mpfr=/opt/build/eric/local --with-local-prefix=/opt/build/eric/local --enable-checking=release --disable-libgcj --enable-languages=c,ada,c++,f95,java,objc
BOOT_CFLAGS=-g -O2