This is the mail archive of the
gcc-testresults@gcc.gnu.org
mailing list for the GCC project.
Results for 4.0.0 20050404 (prerelease) testsuite on sparc-sun-solaris2.8
- From: eric at linux dot site (Eric Botcazou)
- To: gcc-testresults at gcc dot gnu dot org
- Date: Sat, 09 Apr 2005 22:44:00 +0200
- Subject: Results for 4.0.0 20050404 (prerelease) testsuite on sparc-sun-solaris2.8
LAST_UPDATED: Mon Apr 4 04:26:04 UTC 2005
=== acats tests ===
FAIL: c32001e
FAIL: c52011a
FAIL: c64105b
FAIL: c95086b
FAIL: cd2b11a
FAIL: cd2b11b
FAIL: cxa4006
FAIL: cxa4017
=== acats Summary ===
# of expected passes 2312
# of unexpected failures 8
Native configuration is sparc-sun-solaris2.8
=== g++ tests ===
Running target unix
=== g++ Summary ===
# of expected passes 10709
# of expected failures 71
# of unsupported tests 117
/opt/build/eric/gcc-4_0-branch/gcc/testsuite/../g++ version 4.0.0 20050404 (prerelease)
=== gcc tests ===
Running target unix
=== gcc Summary ===
# of expected passes 33110
# of expected failures 101
# of untested testcases 28
# of unsupported tests 528
/opt/build/eric/gcc-4_0-branch/gcc/xgcc version 4.0.0 20050404 (prerelease)
=== gfortran tests ===
Running target unix
XPASS: gfortran.dg/ret_pointer_1.f90 -O0 execution test
XPASS: gfortran.dg/ret_pointer_1.f90 -O1 execution test
XPASS: gfortran.dg/ret_pointer_1.f90 -O2 execution test
XPASS: gfortran.dg/ret_pointer_1.f90 -O3 -fomit-frame-pointer execution test
XPASS: gfortran.dg/ret_pointer_1.f90 -O3 -fomit-frame-pointer -funroll-loops execution test
XPASS: gfortran.dg/ret_pointer_1.f90 -O3 -fomit-frame-pointer -funroll-all-loops -finline-functions execution test
XPASS: gfortran.dg/ret_pointer_1.f90 -O3 -g execution test
FAIL: gfortran.fortran-torture/execute/forall_3.f90 execution, -O1
=== gfortran Summary ===
# of expected passes 5619
# of unexpected failures 1
# of unexpected successes 7
# of expected failures 19
# of unsupported tests 16
/opt/build/eric/gcc-4_0-branch/gcc/testsuite/../gfortran version 4.0.0 20050404 (prerelease)
=== objc tests ===
Running target unix
=== objc Summary ===
# of expected passes 1534
# of unsupported tests 10
/opt/build/eric/gcc-4_0-branch/gcc/xgcc version 4.0.0 20050404 (prerelease)
=== libstdc++ tests ===
Running target unix
=== libstdc++ Summary ===
# of expected passes 3627
# of expected failures 10
Compiler version: 4.0.0 20050404 (prerelease)
Platform: sparc-sun-solaris2.8
configure flags: --prefix=/opt/build/eric/local/gcc --with-gmp=/opt/build/eric/local --with-mpfr=/opt/build/eric/local --with-local-prefix=/opt/build/eric/local --enable-checking=release --disable-multilib --disable-libgcj --enable-languages=c,ada,c++,f95,java,objc
BOOT_CFLAGS=-g -O2