This is the mail archive of the
gcc-testresults@gcc.gnu.org
mailing list for the GCC project.
Results for 4.0.0 20050404 (prerelease) testsuite on sparc64-sun-solaris2.9
- From: eric at linux dot site (Eric Botcazou)
- To: gcc-testresults at gcc dot gnu dot org
- Date: Sat, 09 Apr 2005 22:44:08 +0200
- Subject: Results for 4.0.0 20050404 (prerelease) testsuite on sparc64-sun-solaris2.9
LAST_UPDATED: Mon Apr 4 04:26:04 UTC 2005
Native configuration is sparc64-sun-solaris2.9
=== g++ tests ===
Running target unix
=== g++ Summary ===
# of expected passes 10674
# of expected failures 71
# of unsupported tests 121
/opt/build/eric/gcc-4_0-branch/gcc/testsuite/../g++ version 4.0.0 20050404 (prerelease)
=== gcc tests ===
Running target unix
FAIL: largefile.c -O0 -g (test for excess errors)
FAIL: largefile.c -O0 (test for excess errors)
FAIL: largefile.c -O1 (test for excess errors)
FAIL: largefile.c -O2 (test for excess errors)
FAIL: largefile.c -O3 -fomit-frame-pointer (test for excess errors)
FAIL: largefile.c -O3 -g (test for excess errors)
FAIL: largefile.c -Os (test for excess errors)
=== gcc Summary ===
# of expected passes 33079
# of unexpected failures 7
# of expected failures 101
# of untested testcases 35
# of unsupported tests 534
/opt/build/eric/gcc-4_0-branch/gcc/xgcc version 4.0.0 20050404 (prerelease)
=== gfortran tests ===
Running target unix
XPASS: gfortran.dg/ret_pointer_1.f90 -O0 execution test
XPASS: gfortran.dg/ret_pointer_1.f90 -O1 execution test
XPASS: gfortran.dg/ret_pointer_1.f90 -O2 execution test
XPASS: gfortran.dg/ret_pointer_1.f90 -O3 -fomit-frame-pointer execution test
XPASS: gfortran.dg/ret_pointer_1.f90 -O3 -fomit-frame-pointer -funroll-loops execution test
XPASS: gfortran.dg/ret_pointer_1.f90 -O3 -fomit-frame-pointer -funroll-all-loops -finline-functions execution test
XPASS: gfortran.dg/ret_pointer_1.f90 -O3 -g execution test
XPASS: gfortran.dg/ret_pointer_1.f90 -Os execution test
FAIL: gfortran.fortran-torture/execute/forall_3.f90 execution, -O0
FAIL: gfortran.fortran-torture/execute/forall_3.f90 execution, -O1
=== gfortran Summary ===
# of expected passes 5618
# of unexpected failures 2
# of unexpected successes 8
# of expected failures 18
# of unsupported tests 16
/opt/build/eric/gcc-4_0-branch/gcc/testsuite/../gfortran version 4.0.0 20050404 (prerelease)
=== objc tests ===
Running target unix
=== objc Summary ===
# of expected passes 1534
# of unsupported tests 10
/opt/build/eric/gcc-4_0-branch/gcc/xgcc version 4.0.0 20050404 (prerelease)
=== libffi tests ===
Running target unix
=== libffi Summary ===
# of expected passes 219
# of unsupported tests 2
=== libjava tests ===
Running target unix
FAIL: Array_3 execution - gij test
FAIL: Array_3 execution - gij test
FAIL: FileHandleGcTest execution - source compiled test
FAIL: FileHandleGcTest execution - gij test
FAIL: FileHandleGcTest execution - bytecode->native test
FAIL: FileHandleGcTest -O3 execution - source compiled test
FAIL: FileHandleGcTest execution - gij test
FAIL: FileHandleGcTest -O3 execution - bytecode->native test
FAIL: Throw_2 execution - gij test
FAIL: Throw_2 execution - gij test
=== libjava Summary ===
# of expected passes 3752
# of unexpected failures 10
# of expected failures 14
# of untested testcases 26
=== libstdc++ tests ===
Running target unix
=== libstdc++ Summary ===
# of expected passes 3627
# of expected failures 10
Compiler version: 4.0.0 20050404 (prerelease)
Platform: sparc64-sun-solaris2.9
configure flags: sparc64-sun-solaris2.9 --prefix=/opt/build/eric/local/gcc --with-gmp=/opt/build/eric/local --with-mpfr=/opt/build/eric/local --with-local-prefix=/opt/build/eric/local --enable-checking=release --disable-multilib --enable-languages=c,c++,f95,java,objc
BOOT_CFLAGS=-g -O2