This is the mail archive of the
gcc-testresults@gcc.gnu.org
mailing list for the GCC project.
Results for 4.0.0 20050407 (prerelease) testsuite on s390x-ibm-linux-gnu
- From: Andreas Krebbel <krebbel1 at de dot ibm dot com>
- To: gcc-testresults at gcc dot gnu dot org
- Date: Fri, 8 Apr 2005 02:48:11 +0200
- Subject: Results for 4.0.0 20050407 (prerelease) testsuite on s390x-ibm-linux-gnu
LAST_UPDATED:
=== acats tests ===
FAIL: cxb5002
=== acats Summary ===
# of expected passes 2319
# of unexpected failures 1
Native configuration is s390x-ibm-linux-gnu
=== g++ tests ===
Running target unix
FAIL: g++.dg/abi/empty6.C (test for warnings, line 6)
XPASS: g++.old-deja/g++.other/init5.C execution test
=== g++ Summary ===
# of expected passes 10794
# of unexpected failures 1
# of unexpected successes 1
# of expected failures 69
# of unsupported tests 93
/build/BUILD/gcc-4.0.0/obj-s390x-redhat-linux/gcc/testsuite/../g++ version 4.0.0 20050407 (prerelease)
=== gcc tests ===
Running target unix
FAIL: gcc.dg/uninit-4.c uninitialized variable warning PR19833 (test for bogus messages, line 26)
XPASS: gcc.dg/tree-ssa/20040204-1.c scan-tree-dump-times link_error 0
=== gcc Summary ===
# of expected passes 33019
# of unexpected failures 1
# of unexpected successes 1
# of expected failures 75
# of untested testcases 28
# of unsupported tests 482
/build/BUILD/gcc-4.0.0/obj-s390x-redhat-linux/gcc/xgcc version 4.0.0 20050407 (prerelease)
=== gfortran tests ===
Running target unix
XPASS: gfortran.dg/ret_pointer_1.f90 execution test
XPASS: gfortran.dg/ret_pointer_1.f90 execution test
XPASS: gfortran.dg/ret_pointer_1.f90 execution test
XPASS: gfortran.dg/ret_pointer_1.f90 execution test
XPASS: gfortran.dg/ret_pointer_1.f90 execution test
XPASS: gfortran.dg/ret_pointer_1.f90 execution test
XPASS: gfortran.dg/ret_pointer_1.f90 execution test
XPASS: gfortran.dg/ret_pointer_1.f90 execution test
FAIL: gfortran.fortran-torture/execute/forall_3.f90 execution, -O1
FAIL: gfortran.fortran-torture/execute/forall_3.f90 execution, -O2
FAIL: gfortran.fortran-torture/execute/forall_3.f90 execution, -O3 -fomit-frame-pointer
FAIL: gfortran.fortran-torture/execute/forall_3.f90 execution, -O3 -fomit-frame-pointer -funroll-loops
FAIL: gfortran.fortran-torture/execute/forall_3.f90 execution, -O3 -fomit-frame-pointer -funroll-all-loops -finline-functions
FAIL: gfortran.fortran-torture/execute/forall_3.f90 execution, -O3 -g
FAIL: gfortran.fortran-torture/execute/forall_3.f90 execution, -Os
FAIL: gfortran.fortran-torture/execute/where_3.f90 execution, -O2
FAIL: gfortran.fortran-torture/execute/where_3.f90 execution, -O3 -fomit-frame-pointer
FAIL: gfortran.fortran-torture/execute/where_3.f90 execution, -O3 -fomit-frame-pointer -funroll-loops
FAIL: gfortran.fortran-torture/execute/where_3.f90 execution, -O3 -fomit-frame-pointer -funroll-all-loops -finline-functions
FAIL: gfortran.fortran-torture/execute/where_3.f90 execution, -O3 -g
=== gfortran Summary ===
# of expected passes 5742
# of unexpected failures 12
# of unexpected successes 8
# of expected failures 18
# of unsupported tests 16
/build/BUILD/gcc-4.0.0/obj-s390x-redhat-linux/gcc/testsuite/../gfortran version 4.0.0 20050407 (prerelease)
=== objc tests ===
Running target unix
=== objc Summary ===
# of expected passes 1534
# of unsupported tests 10
/build/BUILD/gcc-4.0.0/obj-s390x-redhat-linux/gcc/xgcc version 4.0.0 20050407 (prerelease)
=== libffi tests ===
Running target unix
=== libffi Summary ===
# of expected passes 219
# of unsupported tests 2
=== libjava tests ===
Running target unix
FAIL: Array_3 -O3 execution - bytecode->native test
=== libjava Summary ===
# of expected passes 3788
# of unexpected failures 1
# of expected failures 14
# of untested testcases 17
=== libmudflap tests ===
Running target unix
=== libmudflap Summary ===
# of expected passes 1288
=== libstdc++-v3 check-abi Summary ===
# of added symbols: 59
# of missing symbols: 0
# of incompatible symbols: 0
using: /build/BUILD/gcc-4.0.0/libstdc++-v3/config/abi/s390x-linux-gnu/baseline_symbols.txt
=== libstdc++ tests ===
Running target unix
XPASS: 22_locale/locale/cons/12658_thread-1.cc execution test
XPASS: 26_numerics/cmath/c99_classification_macros_c.cc (test for excess errors)
XPASS: 27_io/fpos/14320-1.cc execution test
=== libstdc++ Summary ===
# of expected passes 3616
# of unexpected successes 3
# of expected failures 11
Compiler version: 4.0.0 20050407 (prerelease)
Platform: s390x-ibm-linux-gnu
configure flags: --prefix=/usr --mandir=/usr/share/man --infodir=/usr/share/info --enable-shared --enable-threads=posix --enable-checking=release --with-system-zlib --enable-__cxa_atexit --disable-libunwind-exceptions --host=s390x-redhat-linux --enable-languages=c,ada,c++,f95,java,objc