This is the mail archive of the
gcc-testresults@gcc.gnu.org
mailing list for the GCC project.
Results for 4.0.0 20050406 (prerelease) testsuite on sparc-sun-solaris2.9
- From: Bradley J Lucier <lucier at math dot purdue dot edu>
- To: gcc-testresults at gcc dot gnu dot org
- Date: Wed, 6 Apr 2005 07:56:03 -0500 (EST)
- Subject: Results for 4.0.0 20050406 (prerelease) testsuite on sparc-sun-solaris2.9
LAST_UPDATED: Wed Apr 6 03:23:58 UTC 2005
Native configuration is sparc-sun-solaris2.9
=== g++ tests ===
Running target unix/-m64
=== g++ Summary for unix/-m64 ===
# of expected passes 10709
# of expected failures 70
# of unsupported tests 143
Running target unix
=== g++ Summary for unix ===
# of expected passes 10741
# of expected failures 70
# of unsupported tests 141
=== g++ Summary ===
# of expected passes 21450
# of expected failures 140
# of unsupported tests 284
/export/mdd0/users/lucier/programs/gcc/4.0.0/objdir/gcc/testsuite/../g++ version 4.0.0 20050406 (prerelease)
=== gcc tests ===
Running target unix/-m64
WARNING: program timed out.
FAIL: gcc.c-torture/compile/20001226-1.c (test for excess errors)
WARNING: program timed out.
FAIL: gcc.c-torture/compile/20001226-1.c (test for excess errors)
WARNING: program timed out.
FAIL: gcc.c-torture/compile/20001226-1.c (test for excess errors)
=== gcc Summary for unix/-m64 ===
# of expected passes 34362
# of unexpected failures 3
# of expected failures 101
# of untested testcases 28
# of unsupported tests 531
Running target unix
=== gcc Summary for unix ===
# of expected passes 34370
# of expected failures 101
# of untested testcases 28
# of unsupported tests 529
=== gcc Summary ===
# of expected passes 68732
# of unexpected failures 3
# of expected failures 202
# of untested testcases 56
# of unsupported tests 1060
/export/mdd0/users/lucier/programs/gcc/4.0.0/objdir/gcc/xgcc version 4.0.0 20050406 (prerelease)
=== gfortran tests ===
Running target unix/-m64
FAIL: gfortran.dg/backspace.f execution test
FAIL: gfortran.dg/backspace.f execution test
FAIL: gfortran.dg/backspace.f execution test
FAIL: gfortran.dg/backspace.f execution test
FAIL: gfortran.dg/backspace.f execution test
FAIL: gfortran.dg/backspace.f execution test
FAIL: gfortran.dg/backspace.f execution test
FAIL: gfortran.dg/backspace.f execution test
XPASS: gfortran.dg/ret_pointer_1.f90 execution test
XPASS: gfortran.dg/ret_pointer_1.f90 execution test
XPASS: gfortran.dg/ret_pointer_1.f90 execution test
XPASS: gfortran.dg/ret_pointer_1.f90 execution test
XPASS: gfortran.dg/ret_pointer_1.f90 execution test
XPASS: gfortran.dg/ret_pointer_1.f90 execution test
XPASS: gfortran.dg/ret_pointer_1.f90 execution test
XPASS: gfortran.dg/ret_pointer_1.f90 execution test
FAIL: gfortran.fortran-torture/execute/forall_3.f90 execution, -O0
FAIL: gfortran.fortran-torture/execute/forall_3.f90 execution, -O1
=== gfortran Summary for unix/-m64 ===
# of expected passes 5682
# of unexpected failures 10
# of unexpected successes 8
# of expected failures 18
# of unsupported tests 16
Running target unix
FAIL: gfortran.dg/backspace.f execution test
FAIL: gfortran.dg/backspace.f execution test
FAIL: gfortran.dg/backspace.f execution test
FAIL: gfortran.dg/backspace.f execution test
FAIL: gfortran.dg/backspace.f execution test
FAIL: gfortran.dg/backspace.f execution test
FAIL: gfortran.dg/backspace.f execution test
FAIL: gfortran.dg/backspace.f execution test
XPASS: gfortran.dg/ret_pointer_1.f90 execution test
XPASS: gfortran.dg/ret_pointer_1.f90 execution test
XPASS: gfortran.dg/ret_pointer_1.f90 execution test
XPASS: gfortran.dg/ret_pointer_1.f90 execution test
XPASS: gfortran.dg/ret_pointer_1.f90 execution test
XPASS: gfortran.dg/ret_pointer_1.f90 execution test
XPASS: gfortran.dg/ret_pointer_1.f90 execution test
FAIL: gfortran.fortran-torture/execute/forall_3.f90 execution, -O1
=== gfortran Summary for unix ===
# of expected passes 5683
# of unexpected failures 9
# of unexpected successes 7
# of expected failures 19
# of unsupported tests 16
=== gfortran Summary ===
# of expected passes 11365
# of unexpected failures 19
# of unexpected successes 15
# of expected failures 37
# of unsupported tests 32
/export/mdd0/users/lucier/programs/gcc/4.0.0/objdir/gcc/testsuite/../gfortran version 4.0.0 20050406 (prerelease)
=== objc tests ===
Running target unix/-m64
=== objc Summary for unix/-m64 ===
# of expected passes 1534
# of unsupported tests 10
Running target unix
=== objc Summary for unix ===
# of expected passes 1534
# of unsupported tests 10
=== objc Summary ===
# of expected passes 3068
# of unsupported tests 20
/export/mdd0/users/lucier/programs/gcc/4.0.0/objdir/gcc/xgcc version 4.0.0 20050406 (prerelease)
=== libffi tests ===
Running target unix/-m64
=== libffi Summary for unix/-m64 ===
# of expected passes 219
# of unsupported tests 2
Running target unix
=== libffi Summary for unix ===
# of expected passes 219
# of unsupported tests 2
=== libffi Summary ===
# of expected passes 438
# of unsupported tests 4
=== libjava tests ===
Running target unix/-m64
FAIL: Array_3 execution - gij test
FAIL: Array_3 execution - gij test
FAIL: FileHandleGcTest execution - source compiled test
FAIL: FileHandleGcTest execution - gij test
FAIL: FileHandleGcTest execution - bytecode->native test
FAIL: FileHandleGcTest -O3 execution - source compiled test
FAIL: FileHandleGcTest execution - gij test
FAIL: FileHandleGcTest -O3 execution - bytecode->native test
FAIL: TLtest execution - gij test
WARNING: program timed out.
FAIL: Thread_Wait_2 execution - gij test
FAIL: Throw_2 execution - gij test
FAIL: Throw_2 execution - gij test
=== libjava Summary for unix/-m64 ===
# of expected passes 3748
# of unexpected failures 12
# of expected failures 14
# of untested testcases 28
Running target unix
FAIL: Array_3 execution - gij test
FAIL: Array_3 execution - gij test
FAIL: FileHandleGcTest execution - source compiled test
FAIL: FileHandleGcTest execution - gij test
FAIL: FileHandleGcTest execution - bytecode->native test
FAIL: FileHandleGcTest -O3 execution - source compiled test
FAIL: FileHandleGcTest execution - gij test
FAIL: FileHandleGcTest -O3 execution - bytecode->native test
=== libjava Summary for unix ===
# of expected passes 3756
# of unexpected failures 8
# of expected failures 14
# of untested testcases 24
=== libjava Summary ===
# of expected passes 7504
# of unexpected failures 20
# of expected failures 28
# of untested testcases 52
=== libstdc++ tests ===
Running target unix/-m64
FAIL: 22_locale/locale/cons/12658_thread-1.cc execution test
=== libstdc++ Summary for unix/-m64 ===
# of expected passes 3615
# of unexpected failures 1
# of expected failures 14
Running target unix
FAIL: 22_locale/locale/cons/12658_thread-1.cc execution test
FAIL: 22_locale/num_put/put/wchar_t/14220.cc execution test
=== libstdc++ Summary for unix ===
# of expected passes 3614
# of unexpected failures 2
# of expected failures 14
=== libstdc++ Summary ===
# of expected passes 7229
# of unexpected failures 3
# of expected failures 28
Compiler version: 4.0.0 20050406 (prerelease)
Platform: sparc-sun-solaris2.9
configure flags: --host=sparc-sun-solaris2.9 --build=sparc-sun-solaris2.9 --target=sparc-sun-solaris2.9 --prefix=/export/users/lucier/local/gcc-4.0.0 --with-gmp=/pkgs/gmp-4.1.4 --with-mpfr=/pkgs/gmp-4.1.4 --disable-checking --enable-languages=c,c++,f95,java,objc
BOOT_CFLAGS=-g -O2
Counting all warnings,
there are 27 warnings in stage3 of this bootstrap.
Number of warnings per file:
8 gcc/unwind-dw2.c
6 /pkgs/gnu/share/bison.simple
3 gengtype-lex.c
2 gcc/objc/lang-specs.h
2 gcc/gcc.c
1 gcc/java/jvspec.c
1 gcc/fortran/trans-common.c
1 gcc/fortran/simplify.c
1 gcc/fortran/resolve.c
1 gcc/fortran/expr.c
1 gcc/cp/mangle.c ../../gcc/cp/name-lookup.h ../../gcc/cp/name-lookup.c ../../gcc/cp/cp-tree.h ../../gcc/cp/decl.h ../../gcc/cp/call.c ../../gcc/cp/decl.c ../../gcc/cp/decl2.c ../../gcc/cp/pt.c ../../gcc/cp/repo.c ../../gcc/cp/semantics.c ../../gcc/cp/tree.c ../../gcc/cp/parser.c ../../gcc/cp/method.c ../../gcc/cp/typeck2.c ../../gcc/c-common.c ../../gcc/c-common.h ../../gcc/c-lex.c ../../gcc/c-pragma.c ../../gcc/cp/class.c ../../gcc/fortran/f95-lang.c ../../gcc/fortran/trans-decl.c ../../gcc/fortran/trans-intrinsic.c ../../gcc/fortran/trans-io.c ../../gcc/fortran/trans-types.c ../../gcc/fortran/trans-ty/pkgs/gnu/share/bison.simple
Number of warning types:
8 old-style function definition
5 string length \`???' is greater than the length \`???' ISO C89 compilers are required to support
4 missing braces around initializer
4 control may reach end of non-void function \`???' being inlined
4 (near initialization for \`???')
1 comparison between signed and unsignedpes.h ../../gcc/fortran/trans.h ../../gcc/fortran/trans-const.h ../../gcc/java/java-tree.h ../../gcc/java/jcf.h ../../gcc/ja
1 comparison between signed and unsigned