This is the mail archive of the
gcc-testresults@gcc.gnu.org
mailing list for the GCC project.
Results for 3.4.4 20050405 (prerelease) testsuite on sparc-sun-solaris2.8
- From: eric at linux dot site (Eric Botcazou)
- To: gcc-testresults at gcc dot gnu dot org
- Date: Wed, 06 Apr 2005 14:14:16 +0200
- Subject: Results for 3.4.4 20050405 (prerelease) testsuite on sparc-sun-solaris2.8
LAST_UPDATED: Tue Apr 5 05:19:41 UTC 2005
=== acats tests ===
=== acats Summary ===
# of expected passes 2322
# of unexpected failures 0
Native configuration is sparc-sun-solaris2.8
=== g++ tests ===
Running target unix
WARNING: g++.dg/eh/simd-1.C compilation failed to produce executable
WARNING: g++.dg/eh/simd-2.C compilation failed to produce executable
XPASS: g++.dg/rtti/tinfo1.C scan-assembler _ZTIP9CTemplateIhE:
XPASS: g++.dg/rtti/tinfo1.C scan-assembler-not .globl[ \\t]+_ZTIP9CTemplateIhE
XPASS: g++.dg/special/conpr-2.C execution test
XPASS: g++.dg/special/initp1.C execution test
WARNING: g++.old-deja/g++.mike/p10769a.C compilation failed to produce executable
WARNING: g++.old-deja/g++.other/enum5.C compilation failed to produce executable
WARNING: g++.old-deja/g++.pt/friend44.C compilation failed to produce executable
=== g++ Summary ===
# of expected passes 9792
# of unexpected successes 4
# of expected failures 73
# of unsupported tests 77
/opt/build/eric/gcc-3_4-branch/gcc/testsuite/../g++ version 3.4.4 20050405 (prerelease)
=== g77 tests ===
Running target unix
=== g77 Summary ===
# of expected passes 1812
# of unsupported tests 6
/opt/build/eric/gcc-3_4-branch/gcc/testsuite/../g77 version 3.4.4 20050405 (prerelease)
=== gcc tests ===
Running target unix
UNRESOLVED: gcc.c-torture/execute/simd-4.c execution, -O0
UNRESOLVED: gcc.dg/compat/vector-1 c_compat_x_tst.o-c_compat_y_tst.o link
UNRESOLVED: gcc.dg/compat/vector-1 c_compat_x_tst.o-c_compat_y_tst.o execute
UNRESOLVED: gcc.dg/compat/vector-2 c_compat_x_tst.o-c_compat_y_tst.o link
UNRESOLVED: gcc.dg/compat/vector-2 c_compat_x_tst.o-c_compat_y_tst.o execute
XPASS: gcc.dg/uninit-4.c uninitialized variable warning (test for bogus messages, line 26)
FAIL: gcc.dg/tls/alias-1.c unsupported (test for warnings, line 22)
=== gcc Summary ===
# of expected passes 24660
# of unexpected failures 1
# of unexpected successes 1
# of expected failures 79
# of unresolved testcases 5
# of untested testcases 7
# of unsupported tests 347
/opt/build/eric/gcc-3_4-branch/gcc/xgcc version 3.4.4 20050405 (prerelease)
=== objc tests ===
Running target unix
=== objc Summary ===
# of expected passes 1352
# of unsupported tests 8
/opt/build/eric/gcc-3_4-branch/gcc/xgcc version 3.4.4 20050405 (prerelease)
=== libffi tests ===
Running target unix
=== libffi Summary ===
# of expected passes 212
# of unsupported tests 2
=== libjava tests ===
Running target unix
FAIL: Array_3 execution - gij test
FAIL: Array_3 execution - gij test
FAIL: FileHandleGcTest execution - source compiled test
FAIL: FileHandleGcTest execution - gij test
FAIL: FileHandleGcTest execution - bytecode->native test
FAIL: FileHandleGcTest -O3 execution - source compiled test
FAIL: FileHandleGcTest execution - gij test
FAIL: FileHandleGcTest -O3 execution - bytecode->native test
=== libjava Summary ===
# of expected passes 3255
# of unexpected failures 8
# of expected failures 10
# of untested testcases 16
=== libstdc++ tests ===
Running target unix
XPASS: 22_locale/locale/cons/12658_thread.cc execution test
=== libstdc++ Summary ===
# of expected passes 2735
# of unexpected successes 1
# of expected failures 6
Compiler version: 3.4.4 20050405 (prerelease)
Platform: sparc-sun-solaris2.8
configure flags: --prefix=/opt/build/eric/local/gcc-3_4-branch --with-as=/opt/build/eric/binutils-2_16-branch/gas/as-new --with-gnu-as --with-ld=/opt/build/eric/binutils-2_16-branch/ld/ld-new --with-gnu-ld --enable-languages=c,c++,objc,f77,java,ada --with-local-prefix=/opt/build/eric/local --disable-multilib