This is the mail archive of the
gcc-testresults@gcc.gnu.org
mailing list for the GCC project.
Results for 4.0.0 20050405 (prerelease) testsuite on x86_64-unknown-linux-gnu
- From: Al Stone <ahs3 at fc dot hp dot com>
- To: gcc-testresults at gcc dot gnu dot org
- Date: Tue, 5 Apr 2005 10:55:21 -0600 (MDT)
- Subject: Results for 4.0.0 20050405 (prerelease) testsuite on x86_64-unknown-linux-gnu
LAST_UPDATED: Thu Mar 10 07:51:30 UTC 2005
Native configuration is x86_64-unknown-linux-gnu
=== g++ tests ===
Running target unix
WARNING: program timed out.
FAIL: g++.dg/debug/debug3.C -gdwarf-23 (test for excess errors)
WARNING: program timed out.
FAIL: g++.dg/abi/macro0.C (test for excess errors)
WARNING: program timed out.
FAIL: g++.dg/opt/inline2.C (test for excess errors)
WARNING: program timed out.
FAIL: g++.dg/parse/namespace8.C (test for excess errors)
WARNING: program timed out.
WARNING: program timed out.
FAIL: g++.dg/template/friend9.C (test for excess errors)
=== g++ Summary ===
# of expected passes 10789
# of unexpected failures 5
# of expected failures 70
# of unsupported tests 90
/opt/toolchain/amd64/obj/upstream/gcc-4.0/gcc/testsuite/../g++ version 4.0.0 20050405 (prerelease)
=== gcc tests ===
Running target unix
WARNING: program timed out.
FAIL: gcc.c-torture/execute/920710-1.c compilation, -O0
UNRESOLVED: gcc.c-torture/execute/920710-1.c execution, -O0
WARNING: program timed out.
FAIL: gcc.c-torture/execute/980929-1.c compilation, -O3 -fomit-frame-pointer -funroll-loops
UNRESOLVED: gcc.c-torture/execute/980929-1.c execution, -O3 -fomit-frame-pointer -funroll-loops
WARNING: program timed out.
FAIL: gcc.c-torture/execute/enum-1.c compilation, -O0
UNRESOLVED: gcc.c-torture/execute/enum-1.c execution, -O0
WARNING: program timed out.
FAIL: gcc.c-torture/execute/va-arg-23.c compilation, -Os
UNRESOLVED: gcc.c-torture/execute/va-arg-23.c execution, -Os
WARNING: program timed out.
FAIL: gcc.c-torture/execute/ieee/930529-1.c compilation, -O2
UNRESOLVED: gcc.c-torture/execute/ieee/930529-1.c execution, -O2
WARNING: program timed out.
FAIL: gcc.c-torture/unsorted/layout.c, -O3 -fomit-frame-pointer
WARNING: program timed out.
FAIL: gcc.dg/debug/20020224-1.c -gstabs+1 -O (test for excess errors)
WARNING: program timed out.
FAIL: gcc.dg/debug/20031231-1.c -gdwarf-21 -O (test for excess errors)
WARNING: program timed out.
FAIL: gcc.dg/debug/dwarf2-1.c -gstabs+3 -O (test for excess errors)
WARNING: program timed out.
FAIL: gcc.dg/debug/dwarf2-3.c -gstabs+ -O3 (test for excess errors)
WARNING: program timed out.
FAIL: gcc.dg/noreturn-2.c (test for excess errors)
FAIL: gcc.dg/setjmp-2.c (test for excess errors)
WARNING: gcc.dg/setjmp-2.c compilation failed to produce executable
FAIL: gcc.dg/short-compare-1.c (test for excess errors)
WARNING: gcc.dg/short-compare-1.c compilation failed to produce executable
FAIL: gcc.dg/short-compare-2.c (test for excess errors)
WARNING: gcc.dg/short-compare-2.c compilation failed to produce executable
WARNING: program timed out.
WARNING: program timed out.
FAIL: gcc.dg/pch/cpp-2.c -O2 (test for excess errors)
WARNING: program timed out.
FAIL: gcc.dg/tree-ssa/loop-3.c (test for excess errors)
WARNING: program timed out.
FAIL: gcc.dg/tree-ssa/tailrecursion-1.c (test for excess errors)
XPASS: gcc.dg/vect/vect-22.c scan-tree-dump-times vectorized 3 loops 1
=== gcc Summary ===
# of expected passes 33375
# of unexpected failures 17
# of unexpected successes 1
# of expected failures 105
# of unresolved testcases 5
# of untested testcases 28
# of unsupported tests 427
/opt/toolchain/amd64/obj/upstream/gcc-4.0/gcc/xgcc version 4.0.0 20050405 (prerelease)
=== libstdc++ tests ===
Running target unix
XPASS: 22_locale/locale/cons/12658_thread-1.cc execution test
WARNING: program timed out.
FAIL: 22_locale/num_get/get/wchar_t/9.cc (test for excess errors)
XPASS: 26_numerics/cmath/c99_classification_macros_c.cc (test for excess errors)
XPASS: 27_io/fpos/14320-1.cc execution test
WARNING: program timed out.
FAIL: tr1/4_metaprogramming/primary_type_categories/is_member_object_pointer/typedefs.cc (test for excess errors)
=== libstdc++ Summary ===
# of expected passes 3615
# of unexpected failures 2
# of unexpected successes 3
# of expected failures 7
Compiler version: 4.0.0 20050405 (prerelease)
Platform: x86_64-unknown-linux-gnu
configure flags: --prefix=/opt/toolchain/amd64/tot --program-suffix=-4.0 --with-system-zlib --enable-nls --without-included-gettext --disable-multilib --enable-languages=c,c++
Counting all warnings,
there are 0 warnings in stage3 of this bootstrap.
Number of warnings per file:
Number of warning types: