This is the mail archive of the gcc-testresults@gcc.gnu.org mailing list for the GCC project.
Index Nav: | [Date Index] [Subject Index] [Author Index] [Thread Index] | |
---|---|---|
Message Nav: | [Date Prev] [Date Next] | [Thread Prev] [Thread Next] |
Other format: | [Raw text] |
Remote host: linux 2.4.22 sh4 GNU C Library version 2.3.3 LAST_UPDATED: Mon Apr 4 01:24:12 UTC 2005 Target is sh4-unknown-linux-gnu Host is i686-pc-linux-gnu === g++ tests === Running target unix WARNING: Assuming target board is the local machine (which is probably wrong). FAIL: g++.dg/template/spec23.C (test for errors, line 22) FAIL: g++.dg/template/spec23.C (test for excess errors) === g++ Summary === # of expected passes 10870 # of unexpected failures 2 # of expected failures 67 # of unsupported tests 112 /exp/ldroot/dodes/xsh-gcc-orig/gcc/testsuite/../g++ version 4.1.0 20050404 (experimental) Host is i686-pc-linux-gnu === gcc tests === Running target unix WARNING: Assuming target board is the local machine (which is probably wrong). FAIL: gcc.c-torture/compile/simd-2.c -O1 (test for excess errors) FAIL: gcc.c-torture/compile/simd-2.c -O2 (test for excess errors) FAIL: gcc.c-torture/compile/simd-2.c -O3 -fomit-frame-pointer (test for excess errors) FAIL: gcc.c-torture/compile/simd-2.c -O3 -g (test for excess errors) FAIL: gcc.c-torture/compile/simd-2.c -Os (test for excess errors) FAIL: gcc.c-torture/execute/20020720-1.c compilation, -O1 UNRESOLVED: gcc.c-torture/execute/20020720-1.c execution, -O1 FAIL: gcc.c-torture/execute/20020720-1.c compilation, -O2 UNRESOLVED: gcc.c-torture/execute/20020720-1.c execution, -O2 FAIL: gcc.c-torture/execute/20020720-1.c compilation, -O3 -fomit-frame-pointer UNRESOLVED: gcc.c-torture/execute/20020720-1.c execution, -O3 -fomit-frame-pointer FAIL: gcc.c-torture/execute/20020720-1.c compilation, -O3 -g UNRESOLVED: gcc.c-torture/execute/20020720-1.c execution, -O3 -g FAIL: gcc.c-torture/execute/20020720-1.c compilation, -Os UNRESOLVED: gcc.c-torture/execute/20020720-1.c execution, -Os FAIL: gcc.c-torture/execute/builtin-prefetch-6.c execution, -O0 FAIL: gcc.c-torture/execute/builtin-prefetch-6.c execution, -O1 FAIL: gcc.c-torture/execute/builtin-prefetch-6.c execution, -O2 FAIL: gcc.c-torture/execute/builtin-prefetch-6.c execution, -O3 -fomit-frame-pointer FAIL: gcc.c-torture/execute/builtin-prefetch-6.c execution, -O3 -fomit-frame-pointer -funroll-loops FAIL: gcc.c-torture/execute/builtin-prefetch-6.c execution, -O3 -fomit-frame-pointer -funroll-all-loops -finline-functions FAIL: gcc.c-torture/execute/builtin-prefetch-6.c execution, -O3 -g FAIL: gcc.c-torture/execute/builtin-prefetch-6.c execution, -Os FAIL: gcc.dg/compat/struct-by-value-15 c_compat_y_tst.o compile UNRESOLVED: gcc.dg/compat/struct-by-value-15 c_compat_x_tst.o-c_compat_y_tst.o link UNRESOLVED: gcc.dg/compat/struct-by-value-15 c_compat_x_tst.o-c_compat_y_tst.o execute FAIL: gcc.dg/compat/struct-by-value-17 c_compat_y_tst.o compile UNRESOLVED: gcc.dg/compat/struct-by-value-17 c_compat_x_tst.o-c_compat_y_tst.o link UNRESOLVED: gcc.dg/compat/struct-by-value-17 c_compat_x_tst.o-c_compat_y_tst.o execute FAIL: gcc.dg/compat/struct-by-value-18 c_compat_y_tst.o compile UNRESOLVED: gcc.dg/compat/struct-by-value-18 c_compat_x_tst.o-c_compat_y_tst.o link UNRESOLVED: gcc.dg/compat/struct-by-value-18 c_compat_x_tst.o-c_compat_y_tst.o execute FAIL: gcc.dg/compat/struct-by-value-19 c_compat_x_tst.o-c_compat_y_tst.o execute FAIL: gcc.dg/compat/struct-return-19 c_compat_x_tst.o-c_compat_y_tst.o execute FAIL: tmpdir-gcc.dg-struct-layout-1/t001 c_compat_y_tst.o compile UNRESOLVED: tmpdir-gcc.dg-struct-layout-1/t001 c_compat_x_tst.o-c_compat_y_tst.o link UNRESOLVED: tmpdir-gcc.dg-struct-layout-1/t001 c_compat_x_tst.o-c_compat_y_tst.o execute FAIL: tmpdir-gcc.dg-struct-layout-1/t002 c_compat_x_tst.o-c_compat_y_tst.o execute FAIL: tmpdir-gcc.dg-struct-layout-1/t011 c_compat_x_tst.o-c_compat_y_tst.o execute FAIL: tmpdir-gcc.dg-struct-layout-1/t024 c_compat_y_tst.o compile UNRESOLVED: tmpdir-gcc.dg-struct-layout-1/t024 c_compat_x_tst.o-c_compat_y_tst.o link UNRESOLVED: tmpdir-gcc.dg-struct-layout-1/t024 c_compat_x_tst.o-c_compat_y_tst.o execute FAIL: tmpdir-gcc.dg-struct-layout-1/t025 c_compat_x_tst.o-c_compat_y_tst.o execute FAIL: tmpdir-gcc.dg-struct-layout-1/t027 c_compat_y_tst.o compile UNRESOLVED: tmpdir-gcc.dg-struct-layout-1/t027 c_compat_x_tst.o-c_compat_y_tst.o link UNRESOLVED: tmpdir-gcc.dg-struct-layout-1/t027 c_compat_x_tst.o-c_compat_y_tst.o execute FAIL: tmpdir-gcc.dg-struct-layout-1/t028 c_compat_y_tst.o compile UNRESOLVED: tmpdir-gcc.dg-struct-layout-1/t028 c_compat_x_tst.o-c_compat_y_tst.o link UNRESOLVED: tmpdir-gcc.dg-struct-layout-1/t028 c_compat_x_tst.o-c_compat_y_tst.o execute FAIL: gcc.dg/align-2.c (test for excess errors) FAIL: gcc.dg/asm-wide-1.c register (test for errors, line 23) FAIL: gcc.dg/asm-wide-1.c register (test for errors, line 25) FAIL: gcc.dg/simd-2.c (test for excess errors) FAIL: gcc.dg/tree-ssa/loop-1.c scan-assembler-times foo 5 === gcc Summary === # of expected passes 33241 # of unexpected failures 35 # of expected failures 76 # of unresolved testcases 19 # of untested testcases 28 # of unsupported tests 511 /exp/ldroot/dodes/xsh-gcc-orig/gcc/xgcc version 4.1.0 20050404 (experimental) Host is i686-pc-linux-gnu === gfortran tests === Running target unix WARNING: Assuming target board is the local machine (which is probably wrong). XPASS: gfortran.dg/ret_pointer_1.f90 -O0 execution test XPASS: gfortran.dg/ret_pointer_1.f90 -O1 execution test FAIL: gfortran.fortran-torture/execute/forall_3.f90 execution, -O0 FAIL: gfortran.fortran-torture/execute/forall_3.f90 execution, -O1 FAIL: gfortran.fortran-torture/execute/forall_3.f90 execution, -O3 -fomit-frame-pointer FAIL: gfortran.fortran-torture/execute/forall_3.f90 execution, -O3 -fomit-frame-pointer -funroll-loops FAIL: gfortran.fortran-torture/execute/forall_3.f90 execution, -O3 -fomit-frame-pointer -funroll-all-loops -finline-functions FAIL: gfortran.fortran-torture/execute/forall_3.f90 execution, -Os FAIL: gfortran.fortran-torture/execute/strarray_3.f90 execution, -O2 FAIL: gfortran.fortran-torture/execute/strarray_3.f90 execution, -O3 -fomit-frame-pointer FAIL: gfortran.fortran-torture/execute/strarray_3.f90 execution, -O3 -fomit-frame-pointer -funroll-loops FAIL: gfortran.fortran-torture/execute/strarray_3.f90 execution, -O3 -fomit-frame-pointer -funroll-all-loops -finline-functions FAIL: gfortran.fortran-torture/execute/strarray_3.f90 execution, -O3 -g === gfortran Summary === # of expected passes 5627 # of unexpected failures 11 # of unexpected successes 2 # of expected failures 24 # of unsupported tests 16 /exp/ldroot/dodes/xsh-gcc-orig/gcc/testsuite/../gfortran version 4.1.0 20050404 (experimental) Host is i686-pc-linux-gnu === objc tests === Running target unix WARNING: Assuming target board is the local machine (which is probably wrong). === objc Summary === # of expected passes 1534 # of unsupported tests 10 /exp/ldroot/dodes/xsh-gcc-orig/gcc/xgcc version 4.1.0 20050404 (experimental) Host is sh4-unknown-linux-gnu === libffi tests === Running target unix WARNING: Assuming target board is the local machine (which is probably wrong). === libffi Summary === # of expected passes 219 # of unsupported tests 2 Host is sh4-unknown-linux-gnu === libjava tests === Running target unix WARNING: Assuming target board is the local machine (which is probably wrong). FAIL: Array_3 -O3 execution - bytecode->native test === libjava Summary === # of expected passes 2954 # of unexpected failures 1 # of expected failures 10 # of untested testcases 11 Host is sh4-unknown-linux-gnu === libmudflap tests === Running target unix WARNING: Assuming target board is the local machine (which is probably wrong). === libmudflap Summary === # of expected passes 1308 Host is sh4-unknown-linux-gnu === libstdc++ tests === Running target unix WARNING: Assuming target board is the local machine (which is probably wrong). XPASS: 26_numerics/cmath/c99_classification_macros_c.cc (test for excess errors) === libstdc++ Summary === # of expected passes 3610 # of unexpected successes 1 # of expected failures 8 # of unsupported tests 9 Compiler version: 4.1.0 20050404 (experimental) Platform: sh4-unknown-linux-gnu configure flags: --host=i686-pc-linux-gnu --target=sh4-unknown-linux-gnu --enable-shared --enable-threads=posix --with-ld=/usr/local/bin/sh4-unknown-linux-gnu-ld --disable-checking --with-sysroot=/exp/ldroot --enable-languages=c,c++,f95,java,objc
Index Nav: | [Date Index] [Subject Index] [Author Index] [Thread Index] | |
---|---|---|
Message Nav: | [Date Prev] [Date Next] | [Thread Prev] [Thread Next] |