This is the mail archive of the
gcc-testresults@gcc.gnu.org
mailing list for the GCC project.
Results for 4.1.0 20050402 (experimental) testsuite on i686-suse9-linux-gnu
- From: Manfred Hollstein <mh at novell dot com>
- To: gcc-testresults at gcc dot gnu dot org
- Date: Sat, 2 Apr 2005 18:31:21 +0200
- Subject: Results for 4.1.0 20050402 (experimental) testsuite on i686-suse9-linux-gnu
- Reply-to: Manfred Hollstein <manfred dot h at gmx dot net>
Compiler version: 4.1.0 20050402 (experimental)
Platform: i686-suse9-linux-gnu
Sources: HEAD as of 2005/04/02 14:55:39 +0200
LAST_UPDATED: Sat Apr 2 12:55:39 UTC 2005
Patches: None.
Environment: - SUSE LINUX 9.2 + recommended updates as of today
- Linux version 2.6.8-24.13-smp (geeko@buildhost) (gcc version 3.3.4 (pre 3.3.5 20040809)) #1 SMP Fri Mar 18 10:19:42 UTC 2005
- binutils-2.15.91.0.2-7 (SUSE LINUX 9.2)
- dejagnu-1.4.4-3 (SUSE LINUX 9.2)
- expect-5.41-2 (SUSE LINUX 9.2)
- glibc-2.3.3-118 (SUSE LINUX 9.2)
Remarks: None.
configure flags: --host=i686-suse9-linux-gnu --target=i686-suse9-linux-gnu --build=i686-suse9-linux-gnu --srcdir=../gcc-20050402 --prefix=/opt/gnu --enable-__cxa_atexit --enable-checking=release --enable-clocale=gnu --enable-interpreter --enable-shared --enable-threads=posix --with-system-zlib --with-local-prefix=/opt/gnu --with-cpu=pentium4 --enable-nls --verbose --enable-languages=c,ada,c++,f95,java,objc
BOOT_CC: gcc version 4.1.0 20050329 (experimental)
BOOT_CFLAGS: -O2 -march=i686 -mtune=pentium4 -fomit-frame-pointer
CFLAGS: -O2 -march=i686 -mtune=pentium4 -fomit-frame-pointer
CXXFLAGS: -O2 -march=i686 -mtune=pentium4 -fomit-frame-pointer -g
GCJFLAGS: -O2 -march=i686 -mtune=pentium4 -fomit-frame-pointer -g
Native configuration is i686-suse9-linux-gnu
=== acats tests ===
FAIL: c32001e
FAIL: c52011a
FAIL: c52103x
FAIL: c64105b
FAIL: c95086b
FAIL: c954025
FAIL: c954026
FAIL: cd2b11a
FAIL: cd2b11b
FAIL: cdd2a02
FAIL: cxa4006
FAIL: cxa4017
=== acats Summary ===
# of expected passes 2308
# of unexpected failures 12
=== g++ tests ===
Running target unix
XPASS: g++.old-deja/g++.other/init5.C execution test
=== g++ Summary ===
# of expected passes 10971
# of unexpected successes 1
# of expected failures 66
# of unsupported tests 58
/home/gnu/work/GNU/gcc-20050402-i686-suse9-linux-gnu/gcc/testsuite/../g++ version 4.1.0 20050402 (experimental)
=== gcc tests ===
Running target unix
XPASS: gcc.dg/vect/vect-22.c scan-tree-dump-times vectorized 3 loops 1
=== gcc Summary ===
# of expected passes 34144
# of unexpected successes 1
# of expected failures 101
# of untested testcases 28
# of unsupported tests 331
/home/gnu/work/GNU/gcc-20050402-i686-suse9-linux-gnu/gcc/xgcc version 4.1.0 20050402 (experimental)
=== gfortran tests ===
Running target unix
XPASS: gfortran.dg/ret_pointer_1.f90 -O0 execution test
XPASS: gfortran.dg/ret_pointer_1.f90 -O1 execution test
XPASS: gfortran.dg/ret_pointer_1.f90 -O2 execution test
XPASS: gfortran.dg/ret_pointer_1.f90 -O3 -fomit-frame-pointer execution test
XPASS: gfortran.dg/ret_pointer_1.f90 -O3 -fomit-frame-pointer -funroll-loops execution test
XPASS: gfortran.dg/ret_pointer_1.f90 -O3 -fomit-frame-pointer -funroll-all-loops -finline-functions execution test
XPASS: gfortran.dg/ret_pointer_1.f90 -O3 -g execution test
XPASS: gfortran.dg/ret_pointer_1.f90 -Os execution test
FAIL: gfortran.fortran-torture/execute/backspace.f90 execution, -O0
FAIL: gfortran.fortran-torture/execute/backspace.f90 execution, -O1
FAIL: gfortran.fortran-torture/execute/backspace.f90 execution, -O2
FAIL: gfortran.fortran-torture/execute/backspace.f90 execution, -O3 -fomit-frame-pointer
FAIL: gfortran.fortran-torture/execute/backspace.f90 execution, -O3 -fomit-frame-pointer -funroll-loops
FAIL: gfortran.fortran-torture/execute/backspace.f90 execution, -O3 -fomit-frame-pointer -funroll-all-loops -finline-functions
FAIL: gfortran.fortran-torture/execute/backspace.f90 execution, -O3 -g
FAIL: gfortran.fortran-torture/execute/backspace.f90 execution, -Os
FAIL: gfortran.fortran-torture/execute/forall_3.f90 execution, -O1
=== gfortran Summary ===
# of expected passes 5666
# of unexpected failures 9
# of unexpected successes 8
# of expected failures 24
/home/gnu/work/GNU/gcc-20050402-i686-suse9-linux-gnu/gcc/testsuite/../gfortran version 4.1.0 20050402 (experimental)
=== objc tests ===
Running target unix
=== objc Summary ===
# of expected passes 1534
# of unsupported tests 10
/home/gnu/work/GNU/gcc-20050402-i686-suse9-linux-gnu/gcc/xgcc version 4.1.0 20050402 (experimental)
=== libffi tests ===
Running target unix
=== libffi Summary ===
# of expected passes 219
# of unsupported tests 2
=== libjava tests ===
Running target unix
FAIL: Array_3 -O3 execution - bytecode->native test
=== libjava Summary ===
# of expected passes 3786
# of unexpected failures 1
# of expected failures 10
# of untested testcases 9
=== libmudflap tests ===
Running target unix
FAIL: libmudflap.cth/pass40-frag.c execution test
FAIL: libmudflap.cth/pass40-frag.c output pattern test
FAIL: libmudflap.cth/pass40-frag.c (-O2) execution test
FAIL: libmudflap.cth/pass40-frag.c (-O2) output pattern test
FAIL: libmudflap.cth/pass40-frag.c (-O3) execution test
FAIL: libmudflap.cth/pass40-frag.c (-O3) output pattern test
=== libmudflap Summary ===
# of expected passes 1302
# of unexpected failures 6
=== libstdc++ tests ===
Running target unix
=== libstdc++ Summary ===
# of expected passes 1
Counting all warnings,
there are 17 warnings in stage3 of this bootstrap.
Number of warnings per file:
4 gcc/gcc.c
3 gengtype-lex.c
2 gcc/objc/lang-specs.h
2 gcc/config/i386/i386.md
1 gcc/java/jvspec.c
1 gcc/fortran/trans-common.c
1 gcc/fortran/simplify.c
1 gcc/fortran/resolve.c
1 gcc/fortran/expr.c
1 gcc/ada/tracebak.c
Number of warning types:
8 string length `???' is greater than the length `???' ISO C89 compilers are required to support
4 control may reach end of non-void function `???' being inlined
3 old-style function definition
1 operand 1 missing mode?
1 comparison of unsigned expression < 0 is always false