This is the mail archive of the
gcc-testresults@gcc.gnu.org
mailing list for the GCC project.
Results for 4.1.0-dfp-branch 20050323 (merged 20050324) testsuite on powerpc64-unknown-linux-gnu
- From: Jon Grimm <jgrimm at uranus dot ltc dot austin dot ibm dot com>
- To: gcc-testresults at gcc dot gnu dot org
- Date: Fri, 1 Apr 2005 08:47:47 -0600
- Subject: Results for 4.1.0-dfp-branch 20050323 (merged 20050324) testsuite on powerpc64-unknown-linux-gnu
Linux 2.6.9-5.EL ppc64
GNU C Library stable release version 2.3.4
GNU ld version 2.15.94 20050124
GNU assembler 2.15.94 20050124
GNU Make 3.80
DejaGnu:
Expect version is 5.40.0
Tcl version is 8.4
Framework version is 1.4.4
32-bit biarch default32
CVS branch: dfp-branch
LAST_UPDATED: Fri Apr 1 12:13:21 UTC 2005
Native configuration is powerpc64-unknown-linux-gnu
=== g++ tests ===
Running target unix/-m32
=== g++ Summary for unix/-m32 ===
# of expected passes 10957
# of expected failures 66
# of unsupported tests 76
Running target unix/-m64
=== g++ Summary for unix/-m64 ===
# of expected passes 10919
# of expected failures 66
# of unsupported tests 79
=== g++ Summary ===
# of expected passes 21876
# of expected failures 132
# of unsupported tests 155
/home/jgrimm/build/nightly/build-gcc-dfp/gcc/testsuite/../g++ version 4.1.0-dfp-branch 20050323 (merged 20050324)
=== gcc tests ===
Running target unix/-m32
FAIL: gcc.c-torture/compile/20011119-2.c -O1 (test for excess errors)
FAIL: gcc.c-torture/unsorted/uuarg.c, -O3 -fomit-frame-pointer
FAIL: gcc.c-torture/unsorted/uuarg.c, -O3 -g
FAIL: gcc.dg/dfp/Wbad-function-cast-1.c (test for excess errors)
FAIL: gcc.dg/dfp/Wconversion-2.c (test for warnings, line 28)
FAIL: gcc.dg/dfp/Wconversion-2.c (test for warnings, line 29)
FAIL: gcc.dg/dfp/Wconversion-2.c (test for warnings, line 30)
FAIL: gcc.dg/dfp/Wconversion-2.c (test for warnings, line 31)
FAIL: gcc.dg/dfp/Wconversion-2.c (test for warnings, line 32)
FAIL: gcc.dg/dfp/Wconversion-2.c (test for warnings, line 33)
FAIL: gcc.dg/dfp/Wconversion-2.c (test for warnings, line 34)
FAIL: gcc.dg/dfp/Wconversion-2.c (test for warnings, line 35)
FAIL: gcc.dg/dfp/Wconversion-2.c (test for warnings, line 36)
FAIL: gcc.dg/dfp/Wconversion-2.c (test for warnings, line 37)
FAIL: gcc.dg/dfp/Wconversion-2.c (test for warnings, line 38)
FAIL: gcc.dg/dfp/Wconversion-2.c (test for warnings, line 39)
FAIL: gcc.dg/dfp/Wconversion-2.c (test for warnings, line 40)
FAIL: gcc.dg/dfp/Wconversion-2.c (test for warnings, line 41)
FAIL: gcc.dg/dfp/Wconversion-2.c (test for warnings, line 42)
FAIL: gcc.dg/dfp/Wconversion-2.c (test for warnings, line 43)
FAIL: gcc.dg/dfp/Wconversion-2.c (test for warnings, line 44)
FAIL: gcc.dg/dfp/Wconversion-2.c (test for warnings, line 45)
FAIL: gcc.dg/dfp/Wconversion-2.c (test for excess errors)
FAIL: gcc.dg/dfp/loop.c (test for excess errors)
WARNING: gcc.dg/dfp/loop.c compilation failed to produce executable
FAIL: gcc.dg/dfp/modes.c (test for excess errors)
FAIL: gcc.dg/dfp/wtr-conversion-1.c prototype conversion warning (test for warnings, line 29)
FAIL: gcc.dg/dfp/wtr-conversion-1.c prototype conversion warning (test for warnings, line 30)
FAIL: gcc.dg/dfp/wtr-conversion-1.c prototype conversion warning (test for warnings, line 31)
FAIL: gcc.dg/dfp/wtr-conversion-1.c prototype conversion warning (test for warnings, line 32)
FAIL: gcc.dg/dfp/wtr-conversion-1.c prototype conversion warning (test for warnings, line 34)
FAIL: gcc.dg/dfp/wtr-conversion-1.c prototype conversion warning (test for warnings, line 35)
FAIL: gcc.dg/dfp/wtr-conversion-1.c prototype conversion warning (test for warnings, line 36)
FAIL: gcc.dg/dfp/wtr-conversion-1.c prototype conversion warning (test for warnings, line 37)
FAIL: gcc.dg/dfp/wtr-conversion-1.c prototype conversion warning (test for warnings, line 39)
FAIL: gcc.dg/dfp/wtr-conversion-1.c prototype conversion warning (test for warnings, line 40)
FAIL: gcc.dg/dfp/wtr-conversion-1.c prototype conversion warning (test for warnings, line 41)
FAIL: gcc.dg/dfp/wtr-conversion-1.c prototype conversion warning (test for warnings, line 42)
FAIL: gcc.dg/dfp/wtr-conversion-1.c (test for excess errors)
FAIL: gcc.dg/vect/vect-92.c execution test
=== gcc Summary for unix/-m32 ===
# of expected passes 35806
# of unexpected failures 39
# of expected failures 101
# of untested testcases 28
# of unsupported tests 445
Running target unix/-m64
FAIL: gcc.c-torture/compile/20011119-2.c -O1 (test for excess errors)
FAIL: gcc.c-torture/unsorted/uuarg.c, -O3 -fomit-frame-pointer
FAIL: gcc.c-torture/unsorted/uuarg.c, -O3 -g
FAIL: gcc.dg/dfp/Wbad-function-cast-1.c (test for excess errors)
FAIL: gcc.dg/dfp/Wconversion-2.c (test for warnings, line 28)
FAIL: gcc.dg/dfp/Wconversion-2.c (test for warnings, line 29)
FAIL: gcc.dg/dfp/Wconversion-2.c (test for warnings, line 30)
FAIL: gcc.dg/dfp/Wconversion-2.c (test for warnings, line 31)
FAIL: gcc.dg/dfp/Wconversion-2.c (test for warnings, line 32)
FAIL: gcc.dg/dfp/Wconversion-2.c (test for warnings, line 33)
FAIL: gcc.dg/dfp/Wconversion-2.c (test for warnings, line 34)
FAIL: gcc.dg/dfp/Wconversion-2.c (test for warnings, line 35)
FAIL: gcc.dg/dfp/Wconversion-2.c (test for warnings, line 36)
FAIL: gcc.dg/dfp/Wconversion-2.c (test for warnings, line 37)
FAIL: gcc.dg/dfp/Wconversion-2.c (test for warnings, line 38)
FAIL: gcc.dg/dfp/Wconversion-2.c (test for warnings, line 39)
FAIL: gcc.dg/dfp/Wconversion-2.c (test for warnings, line 40)
FAIL: gcc.dg/dfp/Wconversion-2.c (test for warnings, line 41)
FAIL: gcc.dg/dfp/Wconversion-2.c (test for warnings, line 42)
FAIL: gcc.dg/dfp/Wconversion-2.c (test for warnings, line 43)
FAIL: gcc.dg/dfp/Wconversion-2.c (test for warnings, line 44)
FAIL: gcc.dg/dfp/Wconversion-2.c (test for warnings, line 45)
FAIL: gcc.dg/dfp/Wconversion-2.c (test for excess errors)
FAIL: gcc.dg/dfp/loop.c (test for excess errors)
WARNING: gcc.dg/dfp/loop.c compilation failed to produce executable
FAIL: gcc.dg/dfp/modes.c (test for excess errors)
FAIL: gcc.dg/dfp/wtr-conversion-1.c prototype conversion warning (test for warnings, line 29)
FAIL: gcc.dg/dfp/wtr-conversion-1.c prototype conversion warning (test for warnings, line 30)
FAIL: gcc.dg/dfp/wtr-conversion-1.c prototype conversion warning (test for warnings, line 31)
FAIL: gcc.dg/dfp/wtr-conversion-1.c prototype conversion warning (test for warnings, line 32)
FAIL: gcc.dg/dfp/wtr-conversion-1.c prototype conversion warning (test for warnings, line 34)
FAIL: gcc.dg/dfp/wtr-conversion-1.c prototype conversion warning (test for warnings, line 35)
FAIL: gcc.dg/dfp/wtr-conversion-1.c prototype conversion warning (test for warnings, line 36)
FAIL: gcc.dg/dfp/wtr-conversion-1.c prototype conversion warning (test for warnings, line 37)
FAIL: gcc.dg/dfp/wtr-conversion-1.c prototype conversion warning (test for warnings, line 39)
FAIL: gcc.dg/dfp/wtr-conversion-1.c prototype conversion warning (test for warnings, line 40)
FAIL: gcc.dg/dfp/wtr-conversion-1.c prototype conversion warning (test for warnings, line 41)
FAIL: gcc.dg/dfp/wtr-conversion-1.c prototype conversion warning (test for warnings, line 42)
FAIL: gcc.dg/dfp/wtr-conversion-1.c (test for excess errors)
FAIL: gcc.dg/altivec-21.c (test for errors, line 13)
FAIL: gcc.dg/altivec-21.c (test for errors, line 14)
FAIL: gcc.dg/ppc64-abi-2.c (test for excess errors)
WARNING: gcc.dg/ppc64-abi-2.c compilation failed to produce executable
XPASS: gcc.dg/tree-ssa/sra-2.c scan-tree-dump-times link_error 0
FAIL: gcc.dg/vmx/varargs-1.c -O3 -fomit-frame-pointer (test for excess errors)
WARNING: gcc.dg/vmx/varargs-1.c -O3 -fomit-frame-pointer compilation failed to produce executable
FAIL: gcc.dg/vmx/varargs-1.c -O3 -fomit-frame-pointer -funroll-loops (test for excess errors)
WARNING: gcc.dg/vmx/varargs-1.c -O3 -fomit-frame-pointer -funroll-loops compilation failed to produce executable
FAIL: gcc.dg/vmx/varargs-1.c -O3 -fomit-frame-pointer -funroll-all-loops -finline-functions (test for excess errors)
WARNING: gcc.dg/vmx/varargs-1.c -O3 -fomit-frame-pointer -funroll-all-loops -finline-functions compilation failed to produce executable
FAIL: gcc.dg/vmx/varargs-1.c -O3 -g (test for excess errors)
WARNING: gcc.dg/vmx/varargs-1.c -O3 -g compilation failed to produce executable
=== gcc Summary for unix/-m64 ===
# of expected passes 35797
# of unexpected failures 45
# of unexpected successes 1
# of expected failures 107
# of untested testcases 28
# of unsupported tests 442
=== gcc Summary ===
# of expected passes 71603
# of unexpected failures 84
# of unexpected successes 1
# of expected failures 208
# of untested testcases 56
# of unsupported tests 887
/home/jgrimm/build/nightly/build-gcc-dfp/gcc/xgcc version 4.1.0-dfp-branch 20050323 (merged 20050324)
=== libmudflap tests ===
Running target unix/-m32
FAIL: libmudflap.cth/pass40-frag.c execution test
FAIL: libmudflap.cth/pass40-frag.c output pattern test
FAIL: libmudflap.cth/pass40-frag.c (-O2) execution test
FAIL: libmudflap.cth/pass40-frag.c (-O2) output pattern test
FAIL: libmudflap.cth/pass40-frag.c (-O3) execution test
FAIL: libmudflap.cth/pass40-frag.c (-O3) output pattern test
=== libmudflap Summary for unix/-m32 ===
# of expected passes 1302
# of unexpected failures 6
Running target unix/-m64
FAIL: libmudflap.c/fail27-frag.c output pattern test
FAIL: libmudflap.c/fail27-frag.c (-O2) output pattern test
FAIL: libmudflap.c/fail27-frag.c (-O3) output pattern test
=== libmudflap Summary for unix/-m64 ===
# of expected passes 1305
# of unexpected failures 3
=== libmudflap Summary ===
# of expected passes 2607
# of unexpected failures 9
=== libstdc++ tests ===
Running target unix/-m32
XPASS: 26_numerics/cmath/c99_classification_macros_c.cc (test for excess errors)
XPASS: ext/array_allocator/2.cc execution test
=== libstdc++ Summary for unix/-m32 ===
# of expected passes 3619
# of unexpected successes 2
# of expected failures 8
Running target unix/-m64
FAIL: 22_locale/messages/members/char/1.cc execution test
FAIL: 22_locale/messages/members/char/2.cc execution test
FAIL: 22_locale/messages/members/char/wrapped_env.cc execution test
FAIL: 22_locale/messages/members/char/wrapped_locale.cc execution test
FAIL: 22_locale/messages_byname/named_equivalence.cc execution test
XPASS: 26_numerics/cmath/c99_classification_macros_c.cc (test for excess errors)
XPASS: 27_io/fpos/14320-1.cc execution test
XPASS: ext/array_allocator/2.cc execution test
=== libstdc++ Summary for unix/-m64 ===
# of expected passes 3614
# of unexpected failures 5
# of unexpected successes 3
# of expected failures 7
=== libstdc++ Summary ===
# of expected passes 7233
# of unexpected failures 5
# of unexpected successes 5
# of expected failures 15
Compiler version: 4.1.0-dfp-branch 20050323 (merged 20050324)
Platform: powerpc64-unknown-linux-gnu
configure flags: --prefix=/home/jgrimm/opt/gcc-nightly/dfp-20050401 --build=powerpc64-linux --host=powerpc64-linux --target=powerpc64-linux --with-cpu=default32 --with-as=/home/jgrimm/tools/binutils/bin/as --with-ld=/home/jgrimm/tools/binutils/bin/ld --enable-threads=posix --enable-shared --enable-__cxa_atexit --with-mpfr=/home/jgrimm/opt/gcc-nightly/gmp64 --enable-languages=c,c++