This is the mail archive of the
gcc-testresults@gcc.gnu.org
mailing list for the GCC project.
Results for 4.0.0 20050328 (prerelease) testsuite on sparc-sun-solaris2.9
- From: Bradley J Lucier <lucier at math dot purdue dot edu>
- To: gcc-testresults at gcc dot gnu dot org
- Date: Tue, 29 Mar 2005 05:01:24 -0500 (EST)
- Subject: Results for 4.0.0 20050328 (prerelease) testsuite on sparc-sun-solaris2.9
LAST_UPDATED: Tue Mar 29 00:12:26 UTC 2005
Native configuration is sparc-sun-solaris2.9
=== g++ tests ===
Running target unix/-m64
FAIL: g++.dg/conversion/ambig1.C (test for errors, line 4)
FAIL: g++.dg/conversion/ambig1.C (test for errors, line 5)
FAIL: g++.dg/conversion/ambig1.C (test for errors, line 8)
FAIL: g++.dg/conversion/ambig1.C (test for excess errors)
FAIL: g++.dg/ext/lvalue1.C not an lvalue (test for errors, line 7)
FAIL: g++.dg/ext/lvalue1.C (test for excess errors)
FAIL: g++.dg/init/ctor4.C (test for errors, line 19)
FAIL: g++.dg/init/ctor4.C (test for excess errors)
FAIL: g++.dg/init/delete1.C (test for errors, line 3)
FAIL: g++.dg/init/delete1.C (test for errors, line 6)
FAIL: g++.dg/init/delete1.C (test for excess errors)
FAIL: g++.dg/init/ptrmem1.C (test for errors, line 7)
FAIL: g++.dg/init/ptrmem1.C (test for excess errors)
FAIL: g++.dg/parse/elab2.C (test for errors, line 5)
FAIL: g++.dg/parse/elab2.C (test for errors, line 6)
FAIL: g++.dg/parse/elab2.C (test for excess errors)
FAIL: g++.dg/parse/struct-2.C (test for errors, line 6)
FAIL: g++.dg/parse/struct-2.C (test for excess errors)
FAIL: g++.dg/parse/struct-as-enum1.C (test for errors, line 7)
FAIL: g++.dg/parse/struct-as-enum1.C (test for errors, line 10)
FAIL: g++.dg/parse/struct-as-enum1.C (test for excess errors)
FAIL: g++.dg/parse/template2.C (test for errors, line 6)
FAIL: g++.dg/parse/template2.C (test for excess errors)
FAIL: g++.dg/template/crash14.C (test for errors, line 2)
FAIL: g++.dg/template/crash14.C (test for excess errors)
FAIL: g++.dg/template/crash26.C (test for errors, line 7)
FAIL: g++.dg/template/crash26.C (test for errors, line 8)
FAIL: g++.dg/template/crash26.C (test for excess errors)
FAIL: g++.dg/template/crash28.C (test for errors, line 12)
FAIL: g++.dg/template/crash28.C (test for excess errors)
FAIL: g++.dg/template/crash31.C (test for errors, line 3)
FAIL: g++.dg/template/crash31.C (test for excess errors)
FAIL: g++.dg/template/dtor3.C (test for errors, line 3)
FAIL: g++.dg/template/dtor3.C (test for errors, line 4)
FAIL: g++.dg/template/dtor3.C (test for excess errors)
FAIL: g++.dg/template/error13.C (test for errors, line 5)
FAIL: g++.dg/template/error13.C (test for excess errors)
FAIL: g++.dg/template/error17.C (test for errors, line 7)
FAIL: g++.dg/template/error17.C (test for excess errors)
FAIL: g++.dg/template/error5.C (test for errors, line 2)
FAIL: g++.dg/template/error5.C (test for errors, line 6)
FAIL: g++.dg/template/error5.C (test for excess errors)
FAIL: g++.dg/template/incomplete1.C (test for errors, line 14)
FAIL: g++.dg/template/lookup4.C (test for errors, line 5)
FAIL: g++.dg/template/lookup4.C (test for excess errors)
XPASS: g++.dg/template/meminit2.C bogus token skipping in the parser (test for bogus messages, line 17)
FAIL: g++.dg/template/nontype7.C (test for errors, line 11)
XPASS: g++.dg/template/nontype7.C additional errors (test for bogus messages, line 11)
FAIL: g++.dg/template/nontype7.C (test for excess errors)
FAIL: g++.dg/template/ptrmem6.C (test for errors, line 7)
FAIL: g++.dg/template/ptrmem6.C (test for errors, line 10)
FAIL: g++.dg/template/ptrmem6.C (test for excess errors)
FAIL: g++.dg/template/ptrmem7.C (test for errors, line 28)
FAIL: g++.dg/template/ptrmem7.C (test for errors, line 29)
FAIL: g++.dg/template/ptrmem7.C (test for excess errors)
FAIL: g++.dg/template/qualified-id1.C (test for errors, line 20)
FAIL: g++.dg/template/qualttp7.C (test for errors, line 9)
FAIL: g++.dg/template/qualttp7.C (test for errors, line 12)
FAIL: g++.dg/template/qualttp7.C (test for excess errors)
FAIL: g++.dg/warn/noreturn-2.C (test for warnings, line 4)
FAIL: g++.old-deja/g++.benjamin/18208.C (test for errors, line 20)
FAIL: g++.old-deja/g++.benjamin/18208.C (test for errors, line 23)
FAIL: g++.old-deja/g++.benjamin/18208.C (test for excess errors)
FAIL: g++.old-deja/g++.bob/friend1.C (test for errors, line 4)
FAIL: g++.old-deja/g++.bob/friend1.C (test for excess errors)
FAIL: g++.old-deja/g++.brendan/crash49.C (test for errors, line 8)
FAIL: g++.old-deja/g++.brendan/crash49.C (test for excess errors)
FAIL: g++.old-deja/g++.brendan/crash8.C (test for errors, line 4)
FAIL: g++.old-deja/g++.brendan/crash8.C (test for errors, line 9)
FAIL: g++.old-deja/g++.brendan/crash8.C (test for excess errors)
FAIL: g++.old-deja/g++.brendan/cvt3.C (test for errors, line 41)
FAIL: g++.old-deja/g++.brendan/cvt3.C (test for errors, line 47)
FAIL: g++.old-deja/g++.brendan/cvt3.C (test for excess errors)
FAIL: g++.old-deja/g++.brendan/prepost1.C (test for errors, line 5)
FAIL: g++.old-deja/g++.brendan/prepost1.C (test for errors, line 14)
FAIL: g++.old-deja/g++.brendan/prepost1.C (test for excess errors)
FAIL: g++.old-deja/g++.brendan/redecl3.C (test for errors, line 13)
FAIL: g++.old-deja/g++.brendan/redecl3.C (test for excess errors)
FAIL: g++.old-deja/g++.brendan/warnings1.C (test for errors, line 5)
FAIL: g++.old-deja/g++.bugs/900213_01.C (test for errors, line 15)
FAIL: g++.old-deja/g++.bugs/900213_01.C (test for errors, line 23)
FAIL: g++.old-deja/g++.bugs/900213_01.C (test for excess errors)
FAIL: g++.old-deja/g++.bugs/900213_03.C (test for errors, line 24)
FAIL: g++.old-deja/g++.bugs/900213_03.C (test for excess errors)
FAIL: g++.old-deja/g++.jason/conversion2.C (test for errors, line 4)
FAIL: g++.old-deja/g++.jason/conversion2.C (test for errors, line 6)
FAIL: g++.old-deja/g++.jason/conversion2.C (test for excess errors)
FAIL: g++.old-deja/g++.jason/crash12.C (test for errors, line 8)
FAIL: g++.old-deja/g++.jason/crash12.C (test for excess errors)
FAIL: g++.old-deja/g++.jason/crash3.C (test for errors, line 6)
FAIL: g++.old-deja/g++.jason/crash3.C (test for errors, line 12)
FAIL: g++.old-deja/g++.jason/crash3.C (test for excess errors)
FAIL: g++.old-deja/g++.jason/ref5.C (test for errors, line 4)
FAIL: g++.old-deja/g++.jason/ref5.C (test for errors, line 5)
FAIL: g++.old-deja/g++.jason/ref5.C (test for excess errors)
FAIL: g++.old-deja/g++.jason/rfg13.C (test for errors, line 11)
FAIL: g++.old-deja/g++.jason/rfg13.C (test for excess errors)
FAIL: g++.old-deja/g++.jason/rvalue3.C (test for errors, line 5)
FAIL: g++.old-deja/g++.jason/rvalue3.C (test for excess errors)
FAIL: g++.old-deja/g++.law/ctors7.C (test for errors, line 24)
FAIL: g++.old-deja/g++.law/ctors7.C (test for excess errors)
FAIL: g++.old-deja/g++.law/cvt17.C (test for errors, line 18)
FAIL: g++.old-deja/g++.law/cvt17.C (test for excess errors)
FAIL: g++.old-deja/g++.mike/p8039.C (test for errors, line 14)
FAIL: g++.old-deja/g++.mike/p8039.C (test for excess errors)
FAIL: g++.old-deja/g++.mike/warn3.C (test for warnings, line 10)
FAIL: g++.old-deja/g++.mike/warn3.C (test for warnings, line 11)
FAIL: g++.old-deja/g++.ns/scoped1.C (test for errors, line 25)
FAIL: g++.old-deja/g++.ns/scoped1.C (test for excess errors)
FAIL: g++.old-deja/g++.ns/using1.C (test for errors, line 2)
FAIL: g++.old-deja/g++.ns/using1.C (test for excess errors)
FAIL: g++.old-deja/g++.oliva/template4.C (test for errors, line 14)
FAIL: g++.old-deja/g++.oliva/template4.C (test for excess errors)
FAIL: g++.old-deja/g++.oliva/template6.C (test for errors, line 9)
FAIL: g++.old-deja/g++.oliva/template6.C (test for errors, line 12)
FAIL: g++.old-deja/g++.oliva/template6.C (test for excess errors)
FAIL: g++.old-deja/g++.other/builtins5.C (test for errors, line 9)
FAIL: g++.old-deja/g++.other/builtins5.C (test for errors, line 15)
FAIL: g++.old-deja/g++.other/builtins5.C (test for excess errors)
FAIL: g++.old-deja/g++.other/crash30.C (test for errors, line 10)
FAIL: g++.old-deja/g++.other/crash30.C (test for excess errors)
FAIL: g++.old-deja/g++.other/decl9.C (test for errors, line 7)
FAIL: g++.old-deja/g++.other/decl9.C (test for errors, line 10)
FAIL: g++.old-deja/g++.other/decl9.C (test for excess errors)
FAIL: g++.old-deja/g++.other/lineno4.C (test for errors, line 6)
FAIL: g++.old-deja/g++.other/lineno4.C (test for excess errors)
FAIL: g++.old-deja/g++.other/linkage1.C (test for errors, line 13)
FAIL: g++.old-deja/g++.other/linkage1.C (test for errors, line 14)
FAIL: g++.old-deja/g++.other/ptrmem5.C (test for errors, line 15)
FAIL: g++.old-deja/g++.other/ptrmem5.C (test for errors, line 16)
FAIL: g++.old-deja/g++.other/ptrmem5.C (test for excess errors)
FAIL: g++.old-deja/g++.other/warn01.C (test for warnings, line 15)
FAIL: g++.old-deja/g++.other/warn7.C (test for warnings, line 37)
FAIL: g++.old-deja/g++.other/warn7.C (test for warnings, line 40)
FAIL: g++.old-deja/g++.other/warn7.C (test for warnings, line 43)
FAIL: g++.old-deja/g++.pt/derived3.C (test for errors, line 9)
FAIL: g++.old-deja/g++.pt/derived3.C (test for errors, line 11)
FAIL: g++.old-deja/g++.pt/derived3.C (test for errors, line 14)
FAIL: g++.old-deja/g++.pt/derived3.C (test for excess errors)
FAIL: g++.old-deja/g++.pt/explicit39.C (test for errors, line 7)
FAIL: g++.old-deja/g++.pt/explicit39.C (test for excess errors)
FAIL: g++.old-deja/g++.pt/explicit9.C (test for errors, line 7)
FAIL: g++.old-deja/g++.pt/explicit9.C (test for excess errors)
FAIL: g++.old-deja/g++.pt/lookup8.C (test for errors, line 14)
FAIL: g++.old-deja/g++.pt/lookup8.C (test for excess errors)
FAIL: g++.old-deja/g++.pt/memtemp89.C (test for errors, line 8)
FAIL: g++.old-deja/g++.pt/memtemp89.C (test for errors, line 15)
FAIL: g++.old-deja/g++.pt/memtemp89.C (test for excess errors)
FAIL: g++.old-deja/g++.pt/spec38.C (test for errors, line 11)
FAIL: g++.old-deja/g++.pt/spec38.C (test for excess errors)
FAIL: g++.old-deja/g++.pt/var1.C (test for errors, line 4)
FAIL: g++.old-deja/g++.pt/var1.C (test for excess errors)
FAIL: g++.old-deja/g++.robertl/ice990323-4.C (test for errors, line 12)
FAIL: g++.old-deja/g++.robertl/ice990323-4.C (test for excess errors)
=== g++ Summary for unix/-m64 ===
# of expected passes 10498
# of unexpected failures 152
# of unexpected successes 2
# of expected failures 69
# of unsupported tests 143
Running target unix
FAIL: g++.dg/abi/bitfield12.C (test for warnings, line 3)
FAIL: g++.dg/abi/bitfield12.C (test for warnings, line 4)
FAIL: g++.dg/abi/bitfield7.C (test for warnings, line 4)
FAIL: g++.dg/abi/bitfield7.C (test for warnings, line 5)
FAIL: g++.dg/lookup/conv-1.C (test for errors, line 10)
FAIL: g++.dg/lookup/conv-1.C (test for errors, line 15)
FAIL: g++.dg/lookup/conv-1.C (test for errors, line 24)
FAIL: g++.dg/lookup/conv-1.C (test for excess errors)
FAIL: g++.dg/parse/error10.C (test for errors, line 14)
FAIL: g++.dg/parse/error10.C (test for excess errors)
FAIL: g++.dg/parse/new2.C (test for errors, line 7)
FAIL: g++.dg/parse/new2.C (test for excess errors)
FAIL: g++.dg/parse/typedef6.C (test for errors, line 6)
FAIL: g++.dg/parse/typedef6.C (test for excess errors)
FAIL: g++.dg/parse/undefined1.C (test for errors, line 6)
FAIL: g++.dg/parse/undefined1.C (test for errors, line 8)
FAIL: g++.dg/parse/undefined1.C (test for errors, line 9)
FAIL: g++.dg/parse/undefined1.C (test for excess errors)
FAIL: g++.dg/parse/undefined3.C (test for errors, line 6)
FAIL: g++.dg/parse/undefined3.C (test for excess errors)
FAIL: g++.dg/template/class2.C (test for errors, line 6)
FAIL: g++.dg/template/class2.C (test for excess errors)
FAIL: g++.dg/template/crash14.C (test for errors, line 2)
FAIL: g++.dg/template/crash14.C (test for excess errors)
FAIL: g++.dg/template/crash26.C (test for errors, line 7)
FAIL: g++.dg/template/crash26.C (test for errors, line 8)
FAIL: g++.dg/template/crash26.C (test for excess errors)
FAIL: g++.dg/template/crash9.C (test for errors, line 9)
FAIL: g++.dg/template/crash9.C (test for excess errors)
FAIL: g++.dg/template/deduce3.C (test for errors, line 6)
FAIL: g++.dg/template/deduce3.C (test for errors, line 8)
FAIL: g++.dg/template/deduce3.C (test for excess errors)
FAIL: g++.dg/template/error6.C (test for errors, line 6)
FAIL: g++.dg/template/error6.C (test for excess errors)
FAIL: g++.dg/template/redecl1.C (test for errors, line 4)
FAIL: g++.dg/template/redecl1.C (test for excess errors)
FAIL: g++.dg/template/spec4.C (test for errors, line 11)
FAIL: g++.dg/template/spec4.C (test for excess errors)
FAIL: g++.dg/template/typedef1.C (test for errors, line 18)
FAIL: g++.dg/template/typename3.C (test for errors, line 6)
FAIL: g++.dg/template/typename3.C (test for excess errors)
FAIL: g++.old-deja/g++.bob/case1.C (test for errors, line 10)
FAIL: g++.old-deja/g++.bob/case1.C (test for errors, line 11)
FAIL: g++.old-deja/g++.bob/case1.C (test for excess errors)
FAIL: g++.old-deja/g++.brendan/crash17.C (test for errors, line 33)
FAIL: g++.old-deja/g++.brendan/crash54.C (test for errors, line 7)
FAIL: g++.old-deja/g++.brendan/crash54.C (test for excess errors)
FAIL: g++.old-deja/g++.brendan/crash7.C (test for errors, line 26)
FAIL: g++.old-deja/g++.brendan/crash7.C (test for errors, line 30)
FAIL: g++.old-deja/g++.brendan/cvt3.C (test for errors, line 41)
FAIL: g++.old-deja/g++.brendan/cvt3.C (test for errors, line 47)
FAIL: g++.old-deja/g++.brendan/cvt3.C (test for excess errors)
FAIL: g++.old-deja/g++.brendan/enum8.C (test for errors, line 9)
FAIL: g++.old-deja/g++.brendan/enum8.C (test for excess errors)
FAIL: g++.old-deja/g++.brendan/err-msg10.C (test for errors, line 5)
FAIL: g++.old-deja/g++.brendan/err-msg10.C (test for excess errors)
FAIL: g++.old-deja/g++.brendan/init12.C (test for errors, line 8)
FAIL: g++.old-deja/g++.brendan/init12.C (test for excess errors)
FAIL: g++.old-deja/g++.brendan/new-array.C (test for errors, line 11)
FAIL: g++.old-deja/g++.brendan/new-array.C (test for excess errors)
FAIL: g++.old-deja/g++.brendan/ns1.C (test for errors, line 17)
FAIL: g++.old-deja/g++.brendan/ns1.C (test for excess errors)
FAIL: g++.old-deja/g++.brendan/static1.C (test for errors, line 3)
FAIL: g++.old-deja/g++.brendan/static1.C (test for errors, line 4)
FAIL: g++.old-deja/g++.brendan/static1.C (test for excess errors)
FAIL: g++.old-deja/g++.brendan/static2.C (test for errors, line 12)
FAIL: g++.old-deja/g++.brendan/static2.C (test for excess errors)
FAIL: g++.old-deja/g++.bugs/900210_07.C (test for errors, line 17)
FAIL: g++.old-deja/g++.bugs/900210_07.C (test for errors, line 18)
FAIL: g++.old-deja/g++.bugs/900210_07.C (test for excess errors)
FAIL: g++.old-deja/g++.bugs/900324_05.C (test for errors, line 19)
FAIL: g++.old-deja/g++.bugs/900324_05.C (test for excess errors)
FAIL: g++.old-deja/g++.bugs/900511_02.C (test for errors, line 16)
FAIL: g++.old-deja/g++.bugs/900511_02.C (test for errors, line 19)
FAIL: g++.old-deja/g++.bugs/900511_02.C (test for excess errors)
FAIL: g++.old-deja/g++.bugs/900519_06.C (test for errors, line 19)
FAIL: g++.old-deja/g++.bugs/900519_06.C (test for errors, line 20)
FAIL: g++.old-deja/g++.ext/array1.C (test for errors, line 22)
FAIL: g++.old-deja/g++.ext/array1.C (test for excess errors)
FAIL: g++.old-deja/g++.jason/crash6.C (test for errors, line 8)
FAIL: g++.old-deja/g++.jason/crash6.C (test for excess errors)
FAIL: g++.old-deja/g++.jason/default1.C (test for errors, line 7)
FAIL: g++.old-deja/g++.jason/default1.C (test for excess errors)
FAIL: g++.old-deja/g++.jason/jump.C (test for errors, line 9)
FAIL: g++.old-deja/g++.jason/jump.C (test for errors, line 10)
FAIL: g++.old-deja/g++.jason/jump.C (test for excess errors)
FAIL: g++.old-deja/g++.jason/lineno3.C (test for errors, line 200)
FAIL: g++.old-deja/g++.jason/lineno3.C (test for excess errors)
FAIL: g++.old-deja/g++.jason/ref6.C (test for errors, line 3)
FAIL: g++.old-deja/g++.jason/ref6.C (test for excess errors)
FAIL: g++.old-deja/g++.jason/rfg20.C (test for errors, line 9)
FAIL: g++.old-deja/g++.jason/rfg20.C (test for excess errors)
FAIL: g++.old-deja/g++.jason/scoping8.C (test for errors, line 4)
FAIL: g++.old-deja/g++.jason/scoping8.C (test for errors, line 7)
FAIL: g++.old-deja/g++.jason/scoping8.C (test for excess errors)
FAIL: g++.old-deja/g++.law/access3.C (test for errors, line 10)
FAIL: g++.old-deja/g++.law/access3.C (test for errors, line 15)
FAIL: g++.old-deja/g++.law/access3.C (test for excess errors)
FAIL: g++.old-deja/g++.law/arm6.C (test for errors, line 15)
FAIL: g++.old-deja/g++.law/arm6.C (test for errors, line 16)
FAIL: g++.old-deja/g++.law/arm6.C (test for excess errors)
FAIL: g++.old-deja/g++.law/init8.C (test for errors, line 11)
FAIL: g++.old-deja/g++.law/init8.C (test for errors, line 19)
FAIL: g++.old-deja/g++.law/init8.C (test for excess errors)
FAIL: g++.old-deja/g++.law/operators17.C (test for warnings, line 11)
FAIL: g++.old-deja/g++.mike/misc6.C (test for errors, line 10)
FAIL: g++.old-deja/g++.mike/misc6.C (test for excess errors)
FAIL: g++.old-deja/g++.mike/net2.C (test for errors, line 6)
FAIL: g++.old-deja/g++.mike/net2.C (test for errors, line 8)
FAIL: g++.old-deja/g++.mike/net2.C (test for errors, line 10)
FAIL: g++.old-deja/g++.mike/net2.C (test for errors, line 13)
FAIL: g++.old-deja/g++.mike/net2.C (test for excess errors)
FAIL: g++.old-deja/g++.mike/p418.C (test for errors, line 14)
FAIL: g++.old-deja/g++.mike/p418.C (test for errors, line 17)
FAIL: g++.old-deja/g++.mike/p418.C (test for excess errors)
FAIL: g++.old-deja/g++.mike/s24939.C (test for errors, line 9)
FAIL: g++.old-deja/g++.mike/s24939.C (test for excess errors)
FAIL: g++.old-deja/g++.other/900403_04.C (test for errors, line 10)
FAIL: g++.old-deja/g++.other/900403_04.C (test for excess errors)
FAIL: g++.old-deja/g++.other/cond6.C (test for errors, line 14)
FAIL: g++.old-deja/g++.other/cond6.C (test for excess errors)
FAIL: g++.old-deja/g++.other/conv5.C (test for errors, line 8)
FAIL: g++.old-deja/g++.other/conv5.C (test for excess errors)
FAIL: g++.old-deja/g++.other/main1.C (test for errors, line 3)
FAIL: g++.old-deja/g++.other/main1.C (test for errors, line 9)
FAIL: g++.old-deja/g++.other/main1.C (test for excess errors)
FAIL: g++.old-deja/g++.other/ptrmem3.C (test for errors, line 6)
FAIL: g++.old-deja/g++.other/ptrmem3.C (test for excess errors)
FAIL: g++.old-deja/g++.pt/crash4.C (test for errors, line 9)
FAIL: g++.old-deja/g++.pt/crash4.C (test for excess errors)
FAIL: g++.old-deja/g++.pt/crash42.C (test for errors, line 13)
FAIL: g++.old-deja/g++.pt/crash42.C (test for excess errors)
FAIL: g++.old-deja/g++.pt/expr2.C (test for errors, line 11)
FAIL: g++.old-deja/g++.pt/expr2.C (test for excess errors)
FAIL: g++.old-deja/g++.pt/friend11.C (test for errors, line 12)
FAIL: g++.old-deja/g++.pt/friend11.C (test for errors, line 24)
FAIL: g++.old-deja/g++.pt/friend11.C (test for excess errors)
FAIL: g++.old-deja/g++.pt/friend27.C (test for errors, line 5)
FAIL: g++.old-deja/g++.pt/friend27.C (test for excess errors)
FAIL: g++.old-deja/g++.pt/friend3.C (test for errors, line 10)
FAIL: g++.old-deja/g++.pt/friend3.C (test for errors, line 18)
FAIL: g++.old-deja/g++.pt/friend3.C (test for excess errors)
FAIL: g++.old-deja/g++.pt/koenig1.C (test for errors, line 15)
FAIL: g++.old-deja/g++.pt/koenig1.C (test for errors, line 19)
FAIL: g++.old-deja/g++.pt/koenig1.C (test for excess errors)
FAIL: g++.old-deja/g++.pt/memtemp99.C (test for errors, line 9)
FAIL: g++.old-deja/g++.pt/memtemp99.C (test for excess errors)
FAIL: g++.old-deja/g++.pt/overload14.C (test for errors, line 19)
FAIL: g++.old-deja/g++.pt/overload14.C (test for excess errors)
FAIL: g++.old-deja/g++.pt/ttp5.C (test for errors, line 9)
FAIL: g++.old-deja/g++.pt/ttp5.C (test for excess errors)
FAIL: g++.old-deja/g++.pt/typename10.C (test for errors, line 7)
FAIL: g++.old-deja/g++.pt/typename10.C (test for excess errors)
FAIL: g++.old-deja/g++.robertl/eb92.C (test for errors, line 2)
FAIL: g++.old-deja/g++.robertl/eb92.C (test for excess errors)
=== g++ Summary for unix ===
# of expected passes 10527
# of unexpected failures 155
# of expected failures 71
# of unsupported tests 141
=== g++ Summary ===
# of expected passes 21025
# of unexpected failures 307
# of unexpected successes 2
# of expected failures 140
# of unsupported tests 284
/export/mdd0/users/lucier/programs/gcc/4.0.0/objdir/gcc/testsuite/../g++ version 4.0.0 20050328 (prerelease)
=== gcc tests ===
Running target unix/-m64
FAIL: gcc.c-torture/compile/20040323-1.c (test for excess errors)
FAIL: gcc.c-torture/compile/20040323-1.c (test for excess errors)
FAIL: gcc.c-torture/compile/20040323-1.c (test for excess errors)
FAIL: gcc.c-torture/compile/20040323-1.c (test for excess errors)
FAIL: gcc.c-torture/compile/20040323-1.c (test for excess errors)
FAIL: gcc.c-torture/compile/20040323-1.c (test for excess errors)
FAIL: gcc.dg/decl-3.c (test for errors, line 4)
FAIL: gcc.dg/decl-3.c (test for errors, line 5)
FAIL: gcc.dg/decl-3.c (test for excess errors)
FAIL: gcc.dg/decl-8.c (test for errors, line 6)
FAIL: gcc.dg/decl-8.c (test for errors, line 7)
FAIL: gcc.dg/decl-8.c (test for errors, line 9)
FAIL: gcc.dg/decl-8.c (test for errors, line 10)
FAIL: gcc.dg/decl-8.c (test for excess errors)
FAIL: gcc.dg/declspec-12.c (test for warnings, line 6)
FAIL: gcc.dg/declspec-16.c (test for warnings, line 9)
FAIL: gcc.dg/declspec-16.c (test for warnings, line 10)
FAIL: gcc.dg/noncompile/20000901-1.c (test for errors, line 1)
FAIL: gcc.dg/noncompile/20000901-1.c (test for excess errors)
FAIL: gcc.dg/noncompile/20001228-1.c (test for errors, line 4)
FAIL: gcc.dg/noncompile/20001228-1.c (test for excess errors)
FAIL: gcc.dg/noncompile/20010425-1.c (test for errors, line 8)
FAIL: gcc.dg/noncompile/20010425-1.c (test for excess errors)
FAIL: gcc.dg/noncompile/20020130-1.c x undeclared (test for errors, line 7)
FAIL: gcc.dg/noncompile/20020130-1.c (test for excess errors)
FAIL: gcc.dg/noncompile/20020130-1.c x undeclared (test for errors, line 7)
FAIL: gcc.dg/noncompile/20020130-1.c (test for excess errors)
FAIL: gcc.dg/noncompile/20020213-1.c (test for errors, line 19)
FAIL: gcc.dg/noncompile/20020213-1.c (test for errors, line 20)
FAIL: gcc.dg/noncompile/20020213-1.c 1st incompatible (test for warnings, line 20)
FAIL: gcc.dg/noncompile/20020220-1.c (test for errors, line 9)
FAIL: gcc.dg/noncompile/20020220-1.c (test for errors, line 11)
FAIL: gcc.dg/noncompile/20020220-1.c (test for excess errors)
FAIL: gcc.dg/noncompile/20030818-1.c (test for errors, line 3)
FAIL: gcc.dg/noncompile/20030818-1.c (test for excess errors)
FAIL: gcc.dg/noncompile/20040203-1.c (test for errors, line 14)
FAIL: gcc.dg/noncompile/20040203-1.c (test for errors, line 15)
FAIL: gcc.dg/noncompile/951123-1.c (test for errors, line 2)
FAIL: gcc.dg/noncompile/951123-1.c (test for excess errors)
FAIL: gcc.dg/noncompile/incomplete-1.c (test for errors, line 3)
FAIL: gcc.dg/noncompile/incomplete-1.c (test for excess errors)
FAIL: gcc.dg/noncompile/init-4.c (test for errors, line 1)
FAIL: gcc.dg/noncompile/init-4.c (test for excess errors)
FAIL: gcc.dg/pch/valid-4.c (test for errors, line 5)
=== gcc Summary for unix/-m64 ===
# of expected passes 33986
# of unexpected failures 44
# of expected failures 101
# of untested testcases 28
# of unsupported tests 530
Running target unix
FAIL: gcc.c-torture/compile/20040323-1.c (test for excess errors)
FAIL: gcc.c-torture/compile/20040323-1.c (test for excess errors)
FAIL: gcc.c-torture/compile/20040323-1.c (test for excess errors)
FAIL: gcc.c-torture/compile/20040323-1.c (test for excess errors)
FAIL: gcc.c-torture/compile/20040323-1.c (test for excess errors)
FAIL: gcc.c-torture/compile/20040323-1.c (test for excess errors)
=== gcc Summary for unix ===
# of expected passes 34029
# of unexpected failures 6
# of expected failures 101
# of untested testcases 28
# of unsupported tests 528
=== gcc Summary ===
# of expected passes 68015
# of unexpected failures 50
# of expected failures 202
# of untested testcases 56
# of unsupported tests 1058
/export/mdd0/users/lucier/programs/gcc/4.0.0/objdir/gcc/xgcc version 4.0.0 20050328 (prerelease)
=== gfortran tests ===
Running target unix/-m64
XPASS: gfortran.dg/ret_pointer_1.f90 execution test
XPASS: gfortran.dg/ret_pointer_1.f90 execution test
XPASS: gfortran.dg/ret_pointer_1.f90 execution test
XPASS: gfortran.dg/ret_pointer_1.f90 execution test
XPASS: gfortran.dg/ret_pointer_1.f90 execution test
XPASS: gfortran.dg/ret_pointer_1.f90 execution test
XPASS: gfortran.dg/ret_pointer_1.f90 execution test
XPASS: gfortran.dg/ret_pointer_1.f90 execution test
FAIL: gfortran.fortran-torture/execute/forall_3.f90 execution, -O0
FAIL: gfortran.fortran-torture/execute/forall_3.f90 execution, -O1
=== gfortran Summary for unix/-m64 ===
# of expected passes 5601
# of unexpected failures 2
# of unexpected successes 8
# of expected failures 18
# of unsupported tests 8
Running target unix
XPASS: gfortran.dg/ret_pointer_1.f90 execution test
XPASS: gfortran.dg/ret_pointer_1.f90 execution test
XPASS: gfortran.dg/ret_pointer_1.f90 execution test
XPASS: gfortran.dg/ret_pointer_1.f90 execution test
XPASS: gfortran.dg/ret_pointer_1.f90 execution test
XPASS: gfortran.dg/ret_pointer_1.f90 execution test
XPASS: gfortran.dg/ret_pointer_1.f90 execution test
FAIL: gfortran.fortran-torture/execute/forall_3.f90 execution, -O1
=== gfortran Summary for unix ===
# of expected passes 5602
# of unexpected failures 1
# of unexpected successes 7
# of expected failures 19
# of unsupported tests 8
=== gfortran Summary ===
# of expected passes 11203
# of unexpected failures 3
# of unexpected successes 15
# of expected failures 37
# of unsupported tests 16
/export/mdd0/users/lucier/programs/gcc/4.0.0/objdir/gcc/testsuite/../gfortran version 4.0.0 20050328 (prerelease)
=== objc tests ===
Running target unix/-m64
=== objc Summary for unix/-m64 ===
# of expected passes 1534
# of unsupported tests 10
Running target unix
FAIL: objc.dg/const-str-2.m (test for errors, line )
FAIL: objc.dg/const-str-2.m (test for excess errors)
=== objc Summary for unix ===
# of expected passes 1532
# of unexpected failures 2
# of unsupported tests 10
=== objc Summary ===
# of expected passes 3066
# of unexpected failures 2
# of unsupported tests 20
/export/mdd0/users/lucier/programs/gcc/4.0.0/objdir/gcc/xgcc version 4.0.0 20050328 (prerelease)
=== libffi tests ===
Running target unix/-m64
=== libffi Summary for unix/-m64 ===
# of expected passes 219
# of unsupported tests 2
Running target unix
=== libffi Summary for unix ===
# of expected passes 219
# of unsupported tests 2
=== libffi Summary ===
# of expected passes 438
# of unsupported tests 4
=== libjava tests ===
Running target unix/-m64
ERROR: tcl error sourcing /homes/lucier/programs/gcc/4.0.0/libjava/testsuite/libjava.compile/compile.exp.
ERROR: can't read "x": no such variable
FAIL: ArrayStore compilation from bytecode
FAIL: Array_3 execution - gij test
FAIL: Array_3 execution - gij test
FAIL: Array_3 -O3 compilation from bytecode
FAIL: Class_1 -O3 compilation from bytecode
FAIL: CompareNaN compilation from bytecode
FAIL: Divide_1 compilation from bytecode
FAIL: FileHandleGcTest execution - source compiled test
FAIL: FileHandleGcTest execution - gij test
FAIL: FileHandleGcTest execution - bytecode->native test
FAIL: FileHandleGcTest -O3 execution - source compiled test
FAIL: FileHandleGcTest execution - gij test
FAIL: FileHandleGcTest -O3 execution - bytecode->native test
ERROR: No \`main' given in program InvokeInterface
UNRESOLVED: InvokeReturn compilation from source
ERROR: No \`main' given in program InvokeReturn
UNRESOLVED: InvokeReturn -O3 compilation from source
FAIL: Invoke_1 -O3 compilation from bytecode
ERROR: No \`main' given in program Invoke_2
UNRESOLVED: Invoke_2 -O3 compilation from source
ERROR: No \`main' given in program PR141
UNRESOLVED: PR160 compilation from source
ERROR: No \`main' given in program PR162
UNRESOLVED: PR162 -O3 compilation from source
ERROR: No \`main' given in program PR162
UNRESOLVED: PR16867 compilation from source
ERROR: No \`main' given in program PR18699
UNRESOLVED: PR18699 -O3 compilation from source
ERROR: No \`main' given in program PR18699
UNRESOLVED: PR19921 compilation from source
FAIL: PR19921 -O3 compilation from bytecode
ERROR: No \`main' given in program PR20056
UNRESOLVED: PR20056 -O3 compilation from source
FAIL: PR3096 compilation from bytecode
ERROR: No \`main' given in program PR5057
UNRESOLVED: PR5057_2 compilation from source
ERROR: No \`main' given in program Process_1
UNRESOLVED: Process_2 compilation from source
FAIL: Process_4 compilation from bytecode
ERROR: No \`main' given in program Process_5
UNRESOLVED: Process_5 -O3 compilation from source
ERROR: No \`main' given in program Serialization
UNRESOLVED: Shazam compilation from source
FAIL: StaticConstructor compilation from bytecode
FAIL: StringBuffer_overflow compilation from bytecode
ERROR: No \`main' given in program Thread_Wait
UNRESOLVED: Thread_Wait -O3 compilation from source
FAIL: Throw_1 -O3 compilation from bytecode
FAIL: Throw_2 execution - gij test
FAIL: Throw_2 execution - gij test
ERROR: No \`main' given in program anon
UNRESOLVED: anon2 compilation from source
FAIL: anon2 -O3 compilation from bytecode
ERROR: No \`main' given in program anon4
UNRESOLVED: anon4 -O3 compilation from source
FAIL: anonarray2 -O3 compilation from bytecode
ERROR: No \`main' given in program assign
UNRESOLVED: assign2 compilation from source
ERROR: No \`main' given in program direct_write
UNRESOLVED: emptystring compilation from source
FAIL: err1 compilation from bytecode
FAIL: err3 compilation from bytecode
ERROR: No \`main' given in program err9
UNRESOLVED: err9 -O3 compilation from source
FAIL: final_int compilation from bytecode
FAIL: indirect compilation from bytecode
ERROR: No \`main' given in program inner_array
UNRESOLVED: inner_array -O3 compilation from source
ERROR: No \`main' given in program instance
UNRESOLVED: instance -O3 compilation from source
ERROR: No \`main' given in program multiple_finit
UNRESOLVED: negzero compilation from source
FAIL: pr8415 -O3 compilation from bytecode
FAIL: pr8676 compilation from bytecode
FAIL: pr8676 -O3 compilation from bytecode
ERROR: No \`main' given in program pr8945
UNRESOLVED: pr8945 -O3 compilation from source
ERROR: No \`main' given in program pr8945
UNRESOLVED: private_direct_read compilation from source
FAIL: stringconst compilation from bytecode
ERROR: No \`main' given in program stringconst2
UNRESOLVED: stringconst2 -O3 compilation from source
ERROR: No \`main' given in program test_long
UNRESOLVED: test_long -O3 compilation from source
=== libjava Summary for unix/-m64 ===
# of expected passes 2955
# of unexpected failures 32
# of expected failures 9
# of unresolved testcases 26
# of untested testcases 62
Running target unix
ERROR: tcl error sourcing /homes/lucier/programs/gcc/4.0.0/libjava/testsuite/libjava.compile/compile.exp.
ERROR: can't read "x": no such variable
FAIL: ArrayStore2 compilation from bytecode
FAIL: Array_3 execution - gij test
FAIL: Array_3 execution - gij test
FAIL: FileHandleGcTest execution - source compiled test
FAIL: FileHandleGcTest execution - gij test
FAIL: FileHandleGcTest execution - bytecode->native test
FAIL: FileHandleGcTest -O3 execution - source compiled test
FAIL: FileHandleGcTest execution - gij test
FAIL: FileHandleGcTest -O3 execution - bytecode->native test
ERROR: No \`main' given in program G19990302_02
UNRESOLVED: G19990303_01 compilation from source
ERROR: No \`main' given in program G19990303_01
UNRESOLVED: G19990303_02 compilation from source
FAIL: II -O3 compilation from bytecode
FAIL: N19990310_5 compilation from bytecode
ERROR: No \`main' given in program Overflow
UNRESOLVED: PR12350 compilation from source
ERROR: No \`main' given in program PR12656
UNRESOLVED: PR12656 -O3 compilation from source
ERROR: No \`main' given in program PR141
UNRESOLVED: PR160 compilation from source
FAIL: PR162 -O3 compilation from bytecode
FAIL: PR16867 -O3 compilation from bytecode
ERROR: No \`main' given in program PR20056
UNRESOLVED: PR20056 -O3 compilation from source
FAIL: PR55 -O3 compilation from bytecode
ERROR: No \`main' given in program PR56
UNRESOLVED: PR6085 compilation from source
ERROR: No \`main' given in program PR6204
UNRESOLVED: PR6729 compilation from source
FAIL: PR6729 compilation from bytecode
FAIL: PR6820 compilation from bytecode
FAIL: PR7482 compilation from bytecode
FAIL: Process_1 -O3 compilation from bytecode
ERROR: No \`main' given in program Process_4
UNRESOLVED: Process_5 compilation from source
FAIL: Process_5 compilation from bytecode
ERROR: No \`main' given in program TLtest
UNRESOLVED: TestProxy compilation from source
ERROR: No \`main' given in program Thread_Interrupt
UNRESOLVED: Thread_Join compilation from source
ERROR: No \`main' given in program Thread_Monitor
UNRESOLVED: Thread_Sleep compilation from source
FAIL: anon -O3 compilation from bytecode
ERROR: No \`main' given in program anon4
UNRESOLVED: anon_ctor_itf_arg compilation from source
FAIL: anonarray3 compilation from bytecode
FAIL: err1 compilation from bytecode
FAIL: err12 -O3 compilation from bytecode
ERROR: No \`main' given in program err2
UNRESOLVED: err3 compilation from source
FAIL: initexc compilation from bytecode
ERROR: No \`main' given in program inner_interface
UNRESOLVED: inner_interface -O3 compilation from source
ERROR: No \`main' given in program invokethrow
UNRESOLVED: klass compilation from source
FAIL: klass compilation from bytecode
ERROR: No \`main' given in program klass
UNRESOLVED: md5test compilation from source
FAIL: md5test compilation from bytecode
ERROR: No \`main' given in program newarray_overflow
UNRESOLVED: override compilation from source
ERROR: No \`main' given in program pr13107
UNRESOLVED: pr13107_2 compilation from source
FAIL: pr133 -O3 compilation from bytecode
ERROR: No \`main' given in program private_direct_read
UNRESOLVED: search_outer compilation from source
FAIL: shatest compilation from bytecode
FAIL: shatest -O3 compilation from bytecode
FAIL: tmi compilation from bytecode
ERROR: No \`main' given in program utf8concat
UNRESOLVED: utilTest compilation from source
=== libjava Summary for unix ===
# of expected passes 3181
# of unexpected failures 30
# of expected failures 10
# of unresolved testcases 21
# of untested testcases 60
=== libjava Summary ===
# of expected passes 6136
# of unexpected failures 62
# of expected failures 19
# of unresolved testcases 47
# of untested testcases 122
=== libstdc++ tests ===
Running target unix/-m64
=== libstdc++ Summary for unix/-m64 ===
# of expected passes 3619
# of expected failures 10
Running target unix
FAIL: 22_locale/num_put/put/char/14220.cc execution test
FAIL: 22_locale/num_put/put/wchar_t/14220.cc execution test
=== libstdc++ Summary for unix ===
# of expected passes 3617
# of unexpected failures 2
# of expected failures 10
=== libstdc++ Summary ===
# of expected passes 7236
# of unexpected failures 2
# of expected failures 20
Compiler version: 4.0.0 20050328 (prerelease)
Platform: sparc-sun-solaris2.9
configure flags: --host=sparc-sun-solaris2.9 --build=sparc-sun-solaris2.9 --target=sparc-sun-solaris2.9 --prefix=/export/users/lucier/local/gcc-4.0.0 --with-gmp=/pkgs/gmp-4.1.4 --with-mpfr=/pkgs/gmp-4.1.4 --disable-checking --enable-languages=c,c++,f95,java,objc
BOOT_CFLAGS=-g -O2
Counting all warnings,
there are 27 warnings in stage3 of this bootstrap.
Number of warnings per file:
8 gcc/unwind-dw2.c
7 /pkgs/gnu/share/bison.simple
3 gengtype-lex.c
2 gcc/objc/lang-specs.h
2 gcc/gcc.c
1 gcc/java/jvspec.c
1 gcc/fortran/trans-common.c
1 gcc/fortran/simplify.c
1 gcc/fortran/resolve.c
1 gcc/fortran/expr.c
Number of warning types:
8 old-style function definition
5 string length \`???' is greater than the length \`???' ISO C89 compilers are required to support
4 missing braces around initializer
4 control may reach end of non-void function \`???' being inlined
4 (near initialization for \`???')
2 comparison between signed and unsigned