This is the mail archive of the
gcc-testresults@gcc.gnu.org
mailing list for the GCC project.
Results for 4.1.0 20050315 (experimental) testsuite on hppa2.0w-hp-hpux11.11
- From: CodeSourcery Automatic Testing System <gcc at codesourcery dot com>
- To: gcc-testresults at gcc dot gnu dot org
- Date: Tue, 15 Mar 2005 07:29:58 -0800
- Subject: Results for 4.1.0 20050315 (experimental) testsuite on hppa2.0w-hp-hpux11.11
LAST_UPDATED: Tue Mar 15 09:49:07 UTC 2005
Native configuration is hppa2.0w-hp-hpux11.11
=== g++ tests ===
Running target unix
=== g++ Summary ===
# of expected passes 10538
# of expected failures 67
# of unsupported tests 128
/scratch/gcc/nightly-2005-03-15-mainline/hppa2.0w-hp-hpux11.11/build_gcc/build/gcc/testsuite/../g++ version 4.1.0 20050315 (experimental)
=== gcc tests ===
Running target unix
XPASS: gcc.dg/const-elim-1.c scan-assembler-not L\\\\\$?C[^A-Z]
FAIL: gcc.dg/pr18628.c (test for excess errors)
FAIL: gcc.dg/special/weak-1.c execution test
=== gcc Summary ===
# of expected passes 32444
# of unexpected failures 2
# of unexpected successes 1
# of expected failures 76
# of untested testcases 28
# of unsupported tests 535
/scratch/gcc/nightly-2005-03-15-mainline/hppa2.0w-hp-hpux11.11/build_gcc/build/gcc/xgcc version 4.1.0 20050315 (experimental)
=== libstdc++ tests ===
Running target unix
=== libstdc++ Summary ===
# of expected passes 3581
# of expected failures 8
# of unsupported tests 19
Compiler version: 4.1.0 20050315 (experimental)
Platform: hppa2.0w-hp-hpux11.11
configure flags: --prefix=/scratch/gcc/nightly-2005-03-15-mainline/hppa2.0w-hp-hpux11.11/build_gcc/install --enable-threads --disable-libmudflap --with-gnu-as --with-as=/usr/local/tools/gcc-3.3.1/bin/as --enable-languages=c,c++