This is the mail archive of the
gcc-testresults@gcc.gnu.org
mailing list for the GCC project.
Results for 4.1.0 20050227 (experimental) testsuite on x86_64-unknown-linux-gnu
- From: "Kaveh R. Ghazi" <ghazi at caip dot rutgers dot edu>
- To: gcc-testresults at gcc dot gnu dot org
- Date: Sun, 27 Feb 2005 19:37:45 -0500 (EST)
- Subject: Results for 4.1.0 20050227 (experimental) testsuite on x86_64-unknown-linux-gnu
LAST_UPDATED:
Native configuration is x86_64-unknown-linux-gnu
=== gcc tests ===
Running target unix/-fPIC
FAIL: gcc.c-torture/execute/builtins/strlen-3.c execution, -O2
FAIL: gcc.c-torture/execute/builtins/strlen-3.c execution, -O3 -fomit-frame-pointer
FAIL: gcc.c-torture/execute/builtins/strlen-3.c execution, -O3 -fomit-frame-pointer -funroll-loops
FAIL: gcc.c-torture/execute/builtins/strlen-3.c execution, -O3 -fomit-frame-pointer -funroll-all-loops -finline-functions
FAIL: gcc.c-torture/execute/builtins/strlen-3.c execution, -O3 -g
FAIL: gcc.dg/assign-warn-3.c (test for warnings, line 9)
FAIL: gcc.dg/assign-warn-3.c (test for warnings, line 13)
FAIL: gcc.dg/i386-cmov1.c scan-assembler sar[^\\\\n]*magic_namea
FAIL: gcc.dg/i386-cmov1.c scan-assembler sar[^\\\\n]*magic_nameb
FAIL: gcc.dg/i386-cmov1.c scan-assembler sar[^\\\\n]*magic_namec
FAIL: gcc.dg/i386-cmov1.c scan-assembler shr[^\\\\n]*magic_named
FAIL: gcc.dg/i386-cmov1.c scan-assembler shr[^\\\\n]*magic_namee
FAIL: gcc.dg/i386-cmov1.c scan-assembler shr[^\\\\n]*magic_namef
FAIL: gcc.dg/i386-mul.c scan-assembler and[^\\\\n]*magic
FAIL: gcc.dg/i386-ssetype-1.c scan-assembler andpd[^\\\\n]*magic
FAIL: gcc.dg/i386-ssetype-1.c scan-assembler andnpd[^\\\\n]*magic
FAIL: gcc.dg/i386-ssetype-1.c scan-assembler xorpd[^\\\\n]*magic
FAIL: gcc.dg/i386-ssetype-1.c scan-assembler orpd[^\\\\n]*magic
FAIL: gcc.dg/i386-ssetype-1.c scan-assembler movapd[^\\\\n]*magic
FAIL: gcc.dg/i386-ssetype-3.c scan-assembler andps[^\\\\n]*magic
FAIL: gcc.dg/i386-ssetype-3.c scan-assembler andnps[^\\\\n]*magic
FAIL: gcc.dg/i386-ssetype-3.c scan-assembler xorps[^\\\\n]*magic
FAIL: gcc.dg/i386-ssetype-3.c scan-assembler orps[^\\\\n]*magic
FAIL: gcc.dg/i386-ssetype-3.c scan-assembler movaps[^\\\\n]*magic
FAIL: gcc.dg/i386-ssetype-5.c scan-assembler pand[^\\\\n]*magic
FAIL: gcc.dg/i386-ssetype-5.c scan-assembler pandn[^\\\\n]*magic
FAIL: gcc.dg/i386-ssetype-5.c scan-assembler pxor[^\\\\n]*magic
FAIL: gcc.dg/i386-ssetype-5.c scan-assembler por[^\\\\n]*magic
FAIL: gcc.dg/setjmp-2.c (test for excess errors)
WARNING: gcc.dg/setjmp-2.c compilation failed to produce executable
FAIL: gcc.dg/short-compare-1.c (test for excess errors)
WARNING: gcc.dg/short-compare-1.c compilation failed to produce executable
FAIL: gcc.dg/short-compare-2.c (test for excess errors)
WARNING: gcc.dg/short-compare-2.c compilation failed to produce executable
FAIL: gcc.dg/tree-ssa/inline_asm-2.c scan-tree-dump-times V_MAY_DEF 1
FAIL: gcc.dg/tree-ssa/ssa-dce-2.c scan-tree-dump-times if 0
XPASS: gcc.dg/vect/vect-22.c scan-tree-dump-times vectorized 3 loops 1
=== gcc Summary for unix/-fPIC ===
# of expected passes 32981
# of unexpected failures 33
# of unexpected successes 1
# of expected failures 105
# of untested testcases 28
# of unsupported tests 420
Running target unix/-fpic
FAIL: gcc.c-torture/execute/builtins/strlen-3.c execution, -O2
FAIL: gcc.c-torture/execute/builtins/strlen-3.c execution, -O3 -fomit-frame-pointer
FAIL: gcc.c-torture/execute/builtins/strlen-3.c execution, -O3 -fomit-frame-pointer -funroll-loops
FAIL: gcc.c-torture/execute/builtins/strlen-3.c execution, -O3 -fomit-frame-pointer -funroll-all-loops -finline-functions
FAIL: gcc.c-torture/execute/builtins/strlen-3.c execution, -O3 -g
FAIL: gcc.dg/assign-warn-3.c (test for warnings, line 9)
FAIL: gcc.dg/assign-warn-3.c (test for warnings, line 13)
FAIL: gcc.dg/i386-cmov1.c scan-assembler sar[^\\\\n]*magic_namea
FAIL: gcc.dg/i386-cmov1.c scan-assembler sar[^\\\\n]*magic_nameb
FAIL: gcc.dg/i386-cmov1.c scan-assembler sar[^\\\\n]*magic_namec
FAIL: gcc.dg/i386-cmov1.c scan-assembler shr[^\\\\n]*magic_named
FAIL: gcc.dg/i386-cmov1.c scan-assembler shr[^\\\\n]*magic_namee
FAIL: gcc.dg/i386-cmov1.c scan-assembler shr[^\\\\n]*magic_namef
FAIL: gcc.dg/i386-mul.c scan-assembler and[^\\\\n]*magic
FAIL: gcc.dg/i386-ssetype-1.c scan-assembler andpd[^\\\\n]*magic
FAIL: gcc.dg/i386-ssetype-1.c scan-assembler andnpd[^\\\\n]*magic
FAIL: gcc.dg/i386-ssetype-1.c scan-assembler xorpd[^\\\\n]*magic
FAIL: gcc.dg/i386-ssetype-1.c scan-assembler orpd[^\\\\n]*magic
FAIL: gcc.dg/i386-ssetype-1.c scan-assembler movapd[^\\\\n]*magic
FAIL: gcc.dg/i386-ssetype-3.c scan-assembler andps[^\\\\n]*magic
FAIL: gcc.dg/i386-ssetype-3.c scan-assembler andnps[^\\\\n]*magic
FAIL: gcc.dg/i386-ssetype-3.c scan-assembler xorps[^\\\\n]*magic
FAIL: gcc.dg/i386-ssetype-3.c scan-assembler orps[^\\\\n]*magic
FAIL: gcc.dg/i386-ssetype-3.c scan-assembler movaps[^\\\\n]*magic
FAIL: gcc.dg/i386-ssetype-5.c scan-assembler pand[^\\\\n]*magic
FAIL: gcc.dg/i386-ssetype-5.c scan-assembler pandn[^\\\\n]*magic
FAIL: gcc.dg/i386-ssetype-5.c scan-assembler pxor[^\\\\n]*magic
FAIL: gcc.dg/i386-ssetype-5.c scan-assembler por[^\\\\n]*magic
FAIL: gcc.dg/setjmp-2.c (test for excess errors)
WARNING: gcc.dg/setjmp-2.c compilation failed to produce executable
FAIL: gcc.dg/short-compare-1.c (test for excess errors)
WARNING: gcc.dg/short-compare-1.c compilation failed to produce executable
FAIL: gcc.dg/short-compare-2.c (test for excess errors)
WARNING: gcc.dg/short-compare-2.c compilation failed to produce executable
FAIL: gcc.dg/tree-ssa/inline_asm-2.c scan-tree-dump-times V_MAY_DEF 1
FAIL: gcc.dg/tree-ssa/ssa-dce-2.c scan-tree-dump-times if 0
XPASS: gcc.dg/vect/vect-22.c scan-tree-dump-times vectorized 3 loops 1
=== gcc Summary for unix/-fpic ===
# of expected passes 32981
# of unexpected failures 33
# of unexpected successes 1
# of expected failures 105
# of untested testcases 28
# of unsupported tests 420
Running target unix
FAIL: gcc.dg/setjmp-2.c (test for excess errors)
WARNING: gcc.dg/setjmp-2.c compilation failed to produce executable
FAIL: gcc.dg/short-compare-1.c (test for excess errors)
WARNING: gcc.dg/short-compare-1.c compilation failed to produce executable
FAIL: gcc.dg/short-compare-2.c (test for excess errors)
WARNING: gcc.dg/short-compare-2.c compilation failed to produce executable
FAIL: gcc.dg/tree-ssa/inline_asm-2.c scan-tree-dump-times V_MAY_DEF 1
XPASS: gcc.dg/vect/vect-22.c scan-tree-dump-times vectorized 3 loops 1
=== gcc Summary for unix ===
# of expected passes 33010
# of unexpected failures 4
# of unexpected successes 1
# of expected failures 105
# of untested testcases 28
# of unsupported tests 420
=== gcc Summary ===
# of expected passes 98972
# of unexpected failures 70
# of unexpected successes 3
# of expected failures 315
# of untested testcases 84
# of unsupported tests 1260
/tmp/kg/41/build/gcc/xgcc version 4.1.0 20050227 (experimental)
=== gfortran tests ===
Running target unix/-fPIC
XPASS: gfortran.dg/ret_pointer_1.f90 -O0 execution test
XPASS: gfortran.dg/ret_pointer_1.f90 -O1 execution test
XPASS: gfortran.dg/ret_pointer_1.f90 -O2 execution test
XPASS: gfortran.dg/ret_pointer_1.f90 -O3 -fomit-frame-pointer execution test
XPASS: gfortran.dg/ret_pointer_1.f90 -O3 -fomit-frame-pointer -funroll-loops execution test
XPASS: gfortran.dg/ret_pointer_1.f90 -O3 -fomit-frame-pointer -funroll-all-loops -finline-functions execution test
XPASS: gfortran.dg/ret_pointer_1.f90 -O3 -g execution test
XPASS: gfortran.dg/ret_pointer_1.f90 -Os execution test
FAIL: gfortran.fortran-torture/execute/forall_3.f90 execution, -O2
FAIL: gfortran.fortran-torture/execute/forall_3.f90 execution, -O3 -fomit-frame-pointer
FAIL: gfortran.fortran-torture/execute/forall_3.f90 execution, -O3 -fomit-frame-pointer -funroll-loops
FAIL: gfortran.fortran-torture/execute/forall_3.f90 execution, -O3 -fomit-frame-pointer -funroll-all-loops -finline-functions
FAIL: gfortran.fortran-torture/execute/forall_3.f90 execution, -O3 -g
FAIL: gfortran.fortran-torture/execute/forall_3.f90 execution, -Os
=== gfortran Summary for unix/-fPIC ===
# of expected passes 5312
# of unexpected failures 6
# of unexpected successes 8
# of expected failures 18
# of unsupported tests 8
Running target unix/-fpic
XPASS: gfortran.dg/ret_pointer_1.f90 -O0 execution test
XPASS: gfortran.dg/ret_pointer_1.f90 -O1 execution test
XPASS: gfortran.dg/ret_pointer_1.f90 -O2 execution test
XPASS: gfortran.dg/ret_pointer_1.f90 -O3 -fomit-frame-pointer execution test
XPASS: gfortran.dg/ret_pointer_1.f90 -O3 -fomit-frame-pointer -funroll-loops execution test
XPASS: gfortran.dg/ret_pointer_1.f90 -O3 -fomit-frame-pointer -funroll-all-loops -finline-functions execution test
XPASS: gfortran.dg/ret_pointer_1.f90 -O3 -g execution test
XPASS: gfortran.dg/ret_pointer_1.f90 -Os execution test
FAIL: gfortran.fortran-torture/execute/forall_3.f90 execution, -O2
FAIL: gfortran.fortran-torture/execute/forall_3.f90 execution, -O3 -fomit-frame-pointer
FAIL: gfortran.fortran-torture/execute/forall_3.f90 execution, -O3 -fomit-frame-pointer -funroll-loops
FAIL: gfortran.fortran-torture/execute/forall_3.f90 execution, -O3 -fomit-frame-pointer -funroll-all-loops -finline-functions
FAIL: gfortran.fortran-torture/execute/forall_3.f90 execution, -O3 -g
FAIL: gfortran.fortran-torture/execute/forall_3.f90 execution, -Os
=== gfortran Summary for unix/-fpic ===
# of expected passes 5312
# of unexpected failures 6
# of unexpected successes 8
# of expected failures 18
# of unsupported tests 8
Running target unix
XPASS: gfortran.dg/ret_pointer_1.f90 -O0 execution test
XPASS: gfortran.dg/ret_pointer_1.f90 -O1 execution test
XPASS: gfortran.dg/ret_pointer_1.f90 -O2 execution test
XPASS: gfortran.dg/ret_pointer_1.f90 -O3 -fomit-frame-pointer execution test
XPASS: gfortran.dg/ret_pointer_1.f90 -O3 -fomit-frame-pointer -funroll-loops execution test
XPASS: gfortran.dg/ret_pointer_1.f90 -O3 -fomit-frame-pointer -funroll-all-loops -finline-functions execution test
XPASS: gfortran.dg/ret_pointer_1.f90 -O3 -g execution test
XPASS: gfortran.dg/ret_pointer_1.f90 -Os execution test
FAIL: gfortran.fortran-torture/execute/forall_3.f90 execution, -O2
FAIL: gfortran.fortran-torture/execute/forall_3.f90 execution, -O3 -fomit-frame-pointer
FAIL: gfortran.fortran-torture/execute/forall_3.f90 execution, -O3 -fomit-frame-pointer -funroll-loops
FAIL: gfortran.fortran-torture/execute/forall_3.f90 execution, -O3 -fomit-frame-pointer -funroll-all-loops -finline-functions
FAIL: gfortran.fortran-torture/execute/forall_3.f90 execution, -O3 -g
FAIL: gfortran.fortran-torture/execute/forall_3.f90 execution, -Os
=== gfortran Summary for unix ===
# of expected passes 5312
# of unexpected failures 6
# of unexpected successes 8
# of expected failures 18
# of unsupported tests 8
=== gfortran Summary ===
# of expected passes 15936
# of unexpected failures 18
# of unexpected successes 24
# of expected failures 54
# of unsupported tests 24
/tmp/kg/41/build/gcc/testsuite/../gfortran version 4.1.0 20050227 (experimental)
=== g++ tests ===
Running target unix/-fPIC
FAIL: g++.dg/compat/eh/ctor2 cp_compat_x_tst.o-cp_compat_y_tst.o link
UNRESOLVED: g++.dg/compat/eh/ctor2 cp_compat_x_tst.o-cp_compat_y_tst.o execute
=== g++ Summary for unix/-fPIC ===
# of expected passes 10664
# of unexpected failures 1
# of expected failures 71
# of unresolved testcases 1
# of unsupported tests 90
Running target unix/-fpic
FAIL: g++.dg/compat/eh/ctor2 cp_compat_x_tst.o-cp_compat_y_tst.o link
UNRESOLVED: g++.dg/compat/eh/ctor2 cp_compat_x_tst.o-cp_compat_y_tst.o execute
=== g++ Summary for unix/-fpic ===
# of expected passes 10664
# of unexpected failures 1
# of expected failures 71
# of unresolved testcases 1
# of unsupported tests 90
Running target unix
FAIL: g++.dg/compat/eh/ctor2 cp_compat_x_tst.o-cp_compat_y_tst.o link
UNRESOLVED: g++.dg/compat/eh/ctor2 cp_compat_x_tst.o-cp_compat_y_tst.o execute
=== g++ Summary for unix ===
# of expected passes 10664
# of unexpected failures 1
# of expected failures 71
# of unresolved testcases 1
# of unsupported tests 90
=== g++ Summary ===
# of expected passes 31992
# of unexpected failures 3
# of expected failures 213
# of unresolved testcases 3
# of unsupported tests 270
/tmp/kg/41/build/gcc/testsuite/../g++ version 4.1.0 20050227 (experimental)
=== objc tests ===
Running target unix/-fPIC
=== objc Summary for unix/-fPIC ===
# of expected passes 1534
# of unsupported tests 10
Running target unix/-fpic
=== objc Summary for unix/-fpic ===
# of expected passes 1534
# of unsupported tests 10
Running target unix
=== objc Summary for unix ===
# of expected passes 1534
# of unsupported tests 10
=== objc Summary ===
# of expected passes 4602
# of unsupported tests 30
/tmp/kg/41/build/gcc/xgcc version 4.1.0 20050227 (experimental)
=== libmudflap tests ===
Running target unix/-fPIC
FAIL: libmudflap.c++/pass41-frag.cxx (-static) (test for excess errors)
WARNING: program timed out.
FAIL: libmudflap.cth/pass39-frag.c (-O2) execution test
FAIL: libmudflap.cth/pass39-frag.c (-O2) output pattern test
WARNING: program timed out.
FAIL: libmudflap.cth/pass39-frag.c (-O2) (rerun 1) execution test
FAIL: libmudflap.cth/pass39-frag.c (-O2) (rerun 1) output pattern test
WARNING: program timed out.
FAIL: libmudflap.cth/pass39-frag.c (-O2) (rerun 2) execution test
FAIL: libmudflap.cth/pass39-frag.c (-O2) (rerun 2) output pattern test
WARNING: program timed out.
FAIL: libmudflap.cth/pass39-frag.c (-O2) (rerun 3) execution test
FAIL: libmudflap.cth/pass39-frag.c (-O2) (rerun 3) output pattern test
WARNING: program timed out.
FAIL: libmudflap.cth/pass39-frag.c (-O2) (rerun 4) execution test
FAIL: libmudflap.cth/pass39-frag.c (-O2) (rerun 4) output pattern test
WARNING: program timed out.
FAIL: libmudflap.cth/pass39-frag.c (-O2) (rerun 5) execution test
FAIL: libmudflap.cth/pass39-frag.c (-O2) (rerun 5) output pattern test
=== libmudflap Summary for unix/-fPIC ===
# of expected passes 1275
# of unexpected failures 13
Running target unix/-fpic
FAIL: libmudflap.c++/pass41-frag.cxx (-static) (test for excess errors)
WARNING: program timed out.
FAIL: libmudflap.cth/pass39-frag.c (-O3) (rerun 1) execution test
FAIL: libmudflap.cth/pass39-frag.c (-O3) (rerun 1) output pattern test
WARNING: program timed out.
FAIL: libmudflap.cth/pass39-frag.c (-O3) (rerun 3) execution test
FAIL: libmudflap.cth/pass39-frag.c (-O3) (rerun 3) output pattern test
WARNING: program timed out.
FAIL: libmudflap.cth/pass39-frag.c (-O3) (rerun 4) execution test
FAIL: libmudflap.cth/pass39-frag.c (-O3) (rerun 4) output pattern test
WARNING: program timed out.
FAIL: libmudflap.cth/pass39-frag.c (-O3) (rerun 6) execution test
FAIL: libmudflap.cth/pass39-frag.c (-O3) (rerun 6) output pattern test
=== libmudflap Summary for unix/-fpic ===
# of expected passes 1279
# of unexpected failures 9
Running target unix
FAIL: libmudflap.c++/pass41-frag.cxx (-static) (test for excess errors)
WARNING: program timed out.
FAIL: libmudflap.cth/pass37-frag.c execution test
FAIL: libmudflap.cth/pass37-frag.c output pattern test
WARNING: program timed out.
FAIL: libmudflap.cth/pass37-frag.c (rerun 1) execution test
FAIL: libmudflap.cth/pass37-frag.c (rerun 1) output pattern test
WARNING: program timed out.
FAIL: libmudflap.cth/pass37-frag.c (rerun 2) execution test
FAIL: libmudflap.cth/pass37-frag.c (rerun 2) output pattern test
WARNING: program timed out.
FAIL: libmudflap.cth/pass37-frag.c (rerun 3) execution test
FAIL: libmudflap.cth/pass37-frag.c (rerun 3) output pattern test
WARNING: program timed out.
FAIL: libmudflap.cth/pass39-frag.c (rerun 5) execution test
FAIL: libmudflap.cth/pass39-frag.c (rerun 5) output pattern test
=== libmudflap Summary for unix ===
# of expected passes 1277
# of unexpected failures 11
=== libmudflap Summary ===
# of expected passes 3831
# of unexpected failures 33
=== libstdc++-v3 check-abi Summary ===
# of added symbols: 56
# of missing symbols: 0
# of incompatible symbols: 2
using: /tmp/kg/41/egcc-CVS20050226/libstdc++-v3/config/abi/x86_64-linux-gnu/baseline_symbols.txt
=== libstdc++ tests ===
Running target unix/-fPIC
FAIL: 21_strings/basic_string/cons/char/1.cc (test for excess errors)
FAIL: 21_strings/basic_string/cons/wchar_t/1.cc (test for excess errors)
FAIL: 21_strings/basic_string/insert/char/1.cc (test for excess errors)
FAIL: 21_strings/basic_string/insert/wchar_t/1.cc (test for excess errors)
FAIL: 21_strings/basic_string/inserters_extractors/pod/10081-in.cc (test for excess errors)
FAIL: 21_strings/basic_string/inserters_extractors/pod/10081-out.cc (test for excess errors)
FAIL: 22_locale/collate/hash/char/wrapped_env.cc (test for excess errors)
FAIL: 22_locale/collate/hash/char/wrapped_locale.cc (test for excess errors)
FAIL: 22_locale/collate/hash/wchar_t/wrapped_env.cc (test for excess errors)
FAIL: 22_locale/collate/hash/wchar_t/wrapped_locale.cc (test for excess errors)
FAIL: 22_locale/collate/transform/char/2.cc (test for excess errors)
FAIL: 22_locale/collate/transform/char/3.cc (test for excess errors)
FAIL: 22_locale/collate/transform/char/wrapped_env.cc (test for excess errors)
FAIL: 22_locale/collate/transform/char/wrapped_locale.cc (test for excess errors)
FAIL: 22_locale/collate/transform/wchar_t/2.cc (test for excess errors)
FAIL: 22_locale/collate/transform/wchar_t/3.cc (test for excess errors)
FAIL: 22_locale/collate/transform/wchar_t/wrapped_env.cc (test for excess errors)
FAIL: 22_locale/collate/transform/wchar_t/wrapped_locale.cc (test for excess errors)
FAIL: 22_locale/collate_byname/named_equivalence.cc (test for excess errors)
FAIL: 22_locale/ctype/is/char/2.cc (test for excess errors)
FAIL: 22_locale/ctype/is/char/wrapped_env.cc (test for excess errors)
FAIL: 22_locale/ctype/is/char/wrapped_locale.cc (test for excess errors)
FAIL: 22_locale/ctype/is/wchar_t/2.cc (test for excess errors)
FAIL: 22_locale/ctype/is/wchar_t/wrapped_env.cc (test for excess errors)
FAIL: 22_locale/ctype/is/wchar_t/wrapped_locale.cc (test for excess errors)
FAIL: 22_locale/ctype/narrow/char/wrapped_env.cc (test for excess errors)
FAIL: 22_locale/ctype/narrow/char/wrapped_locale.cc (test for excess errors)
FAIL: 22_locale/ctype/narrow/wchar_t/wrapped_env.cc (test for excess errors)
FAIL: 22_locale/ctype/narrow/wchar_t/wrapped_locale.cc (test for excess errors)
FAIL: 22_locale/ctype/widen/char/wrapped_env.cc (test for excess errors)
FAIL: 22_locale/ctype/widen/char/wrapped_locale.cc (test for excess errors)
FAIL: 22_locale/ctype/widen/wchar_t/wrapped_env.cc (test for excess errors)
FAIL: 22_locale/ctype/widen/wchar_t/wrapped_locale.cc (test for excess errors)
XPASS: 22_locale/locale/cons/12658_thread-1.cc execution test
FAIL: 22_locale/locale/cons/4.cc (test for excess errors)
FAIL: 22_locale/locale/cons/5.cc (test for excess errors)
FAIL: 22_locale/locale/cons/7.cc (test for excess errors)
FAIL: 22_locale/locale/global_locale_objects/14071.cc (test for excess errors)
FAIL: 22_locale/locale/global_locale_objects/2.cc (test for excess errors)
FAIL: 22_locale/messages/members/char/1.cc (test for excess errors)
FAIL: 22_locale/messages/members/char/2.cc (test for excess errors)
FAIL: 22_locale/messages/members/char/3.cc (test for excess errors)
FAIL: 22_locale/messages/members/char/wrapped_env.cc (test for excess errors)
FAIL: 22_locale/messages/members/char/wrapped_locale.cc (test for excess errors)
FAIL: 22_locale/messages_byname/named_equivalence.cc (test for excess errors)
FAIL: 22_locale/money_get/get/char/1.cc (test for excess errors)
FAIL: 22_locale/money_get/get/char/10.cc (test for excess errors)
FAIL: 22_locale/money_get/get/char/11.cc (test for excess errors)
FAIL: 22_locale/money_get/get/char/11528.cc (test for excess errors)
FAIL: 22_locale/money_get/get/char/12.cc (test for excess errors)
FAIL: 22_locale/money_get/get/char/13.cc (test for excess errors)
FAIL: 22_locale/money_get/get/char/15.cc (test for excess errors)
FAIL: 22_locale/money_get/get/char/16.cc (test for excess errors)
FAIL: 22_locale/money_get/get/char/17.cc (test for excess errors)
FAIL: 22_locale/money_get/get/char/18.cc (test for excess errors)
FAIL: 22_locale/money_get/get/char/2.cc (test for excess errors)
FAIL: 22_locale/money_get/get/char/3.cc (test for excess errors)
FAIL: 22_locale/money_get/get/char/4.cc (test for excess errors)
FAIL: 22_locale/money_get/get/char/wrapped_env.cc (test for excess errors)
FAIL: 22_locale/money_get/get/char/wrapped_locale.cc (test for excess errors)
FAIL: 22_locale/money_get/get/wchar_t/1.cc (test for excess errors)
FAIL: 22_locale/money_get/get/wchar_t/10.cc (test for excess errors)
FAIL: 22_locale/money_get/get/wchar_t/11.cc (test for excess errors)
FAIL: 22_locale/money_get/get/wchar_t/11528.cc (test for excess errors)
FAIL: 22_locale/money_get/get/wchar_t/12.cc (test for excess errors)
FAIL: 22_locale/money_get/get/wchar_t/13.cc (test for excess errors)
FAIL: 22_locale/money_get/get/wchar_t/15.cc (test for excess errors)
FAIL: 22_locale/money_get/get/wchar_t/16.cc (test for excess errors)
FAIL: 22_locale/money_get/get/wchar_t/17.cc (test for excess errors)
FAIL: 22_locale/money_get/get/wchar_t/18.cc (test for excess errors)
FAIL: 22_locale/money_get/get/wchar_t/2.cc (test for excess errors)
FAIL: 22_locale/money_get/get/wchar_t/3.cc (test for excess errors)
FAIL: 22_locale/money_get/get/wchar_t/4.cc (test for excess errors)
FAIL: 22_locale/money_get/get/wchar_t/wrapped_env.cc (test for excess errors)
FAIL: 22_locale/money_get/get/wchar_t/wrapped_locale.cc (test for excess errors)
FAIL: 22_locale/money_put/put/char/1.cc (test for excess errors)
FAIL: 22_locale/money_put/put/char/2.cc (test for excess errors)
FAIL: 22_locale/money_put/put/char/3.cc (test for excess errors)
FAIL: 22_locale/money_put/put/char/9780-3.cc (test for excess errors)
FAIL: 22_locale/money_put/put/char/wrapped_env.cc (test for excess errors)
FAIL: 22_locale/money_put/put/char/wrapped_locale.cc (test for excess errors)
FAIL: 22_locale/money_put/put/wchar_t/1.cc (test for excess errors)
FAIL: 22_locale/money_put/put/wchar_t/2.cc (test for excess errors)
FAIL: 22_locale/money_put/put/wchar_t/3.cc (test for excess errors)
FAIL: 22_locale/money_put/put/wchar_t/wrapped_env.cc (test for excess errors)
FAIL: 22_locale/money_put/put/wchar_t/wrapped_locale.cc (test for excess errors)
FAIL: 22_locale/moneypunct/members/char/2.cc (test for excess errors)
FAIL: 22_locale/moneypunct/members/char/wrapped_env.cc (test for excess errors)
FAIL: 22_locale/moneypunct/members/char/wrapped_locale.cc (test for excess errors)
FAIL: 22_locale/moneypunct/members/wchar_t/2.cc (test for excess errors)
FAIL: 22_locale/moneypunct/members/wchar_t/wrapped_env.cc (test for excess errors)
FAIL: 22_locale/moneypunct/members/wchar_t/wrapped_locale.cc (test for excess errors)
FAIL: 22_locale/moneypunct_byname/named_equivalence.cc (test for excess errors)
FAIL: 22_locale/num_get/get/char/1.cc (test for excess errors)
FAIL: 22_locale/num_get/get/char/3.cc (test for excess errors)
FAIL: 22_locale/num_get/get/char/5.cc (test for excess errors)
FAIL: 22_locale/num_get/get/char/6.cc (test for excess errors)
FAIL: 22_locale/num_get/get/char/9.cc (test for excess errors)
FAIL: 22_locale/num_get/get/char/wrapped_env.cc (test for excess errors)
FAIL: 22_locale/num_get/get/char/wrapped_locale.cc (test for excess errors)
FAIL: 22_locale/num_get/get/wchar_t/1.cc (test for excess errors)
FAIL: 22_locale/num_get/get/wchar_t/3.cc (test for excess errors)
FAIL: 22_locale/num_get/get/wchar_t/5.cc (test for excess errors)
FAIL: 22_locale/num_get/get/wchar_t/6.cc (test for excess errors)
FAIL: 22_locale/num_get/get/wchar_t/9.cc (test for excess errors)
FAIL: 22_locale/num_get/get/wchar_t/wrapped_env.cc (test for excess errors)
FAIL: 22_locale/num_get/get/wchar_t/wrapped_locale.cc (test for excess errors)
FAIL: 22_locale/num_put/put/char/1.cc (test for excess errors)
FAIL: 22_locale/num_put/put/char/3.cc (test for excess errors)
FAIL: 22_locale/num_put/put/char/5.cc (test for excess errors)
FAIL: 22_locale/num_put/put/char/9780-2.cc (test for excess errors)
FAIL: 22_locale/num_put/put/char/wrapped_env.cc (test for excess errors)
FAIL: 22_locale/num_put/put/char/wrapped_locale.cc (test for excess errors)
FAIL: 22_locale/num_put/put/wchar_t/1.cc (test for excess errors)
FAIL: 22_locale/num_put/put/wchar_t/3.cc (test for excess errors)
FAIL: 22_locale/num_put/put/wchar_t/5.cc (test for excess errors)
FAIL: 22_locale/num_put/put/wchar_t/wrapped_env.cc (test for excess errors)
FAIL: 22_locale/num_put/put/wchar_t/wrapped_locale.cc (test for excess errors)
FAIL: 22_locale/numpunct/members/char/2.cc (test for excess errors)
FAIL: 22_locale/numpunct/members/char/3.cc (test for excess errors)
FAIL: 22_locale/numpunct/members/char/wrapped_env.cc (test for excess errors)
FAIL: 22_locale/numpunct/members/char/wrapped_locale.cc (test for excess errors)
FAIL: 22_locale/numpunct/members/pod/1.cc (test for excess errors)
FAIL: 22_locale/numpunct/members/pod/2.cc (test for excess errors)
FAIL: 22_locale/numpunct/members/wchar_t/2.cc (test for excess errors)
FAIL: 22_locale/numpunct/members/wchar_t/wrapped_env.cc (test for excess errors)
FAIL: 22_locale/numpunct/members/wchar_t/wrapped_locale.cc (test for excess errors)
FAIL: 22_locale/numpunct_byname/named_equivalence.cc (test for excess errors)
FAIL: 22_locale/time_get/date_order/char/wrapped_env.cc (test for excess errors)
FAIL: 22_locale/time_get/date_order/char/wrapped_locale.cc (test for excess errors)
FAIL: 22_locale/time_get/date_order/wchar_t/wrapped_env.cc (test for excess errors)
FAIL: 22_locale/time_get/date_order/wchar_t/wrapped_locale.cc (test for excess errors)
FAIL: 22_locale/time_get/get_date/char/12750.cc (test for excess errors)
FAIL: 22_locale/time_get/get_date/char/2.cc (test for excess errors)
FAIL: 22_locale/time_get/get_date/char/wrapped_env.cc (test for excess errors)
FAIL: 22_locale/time_get/get_date/char/wrapped_locale.cc (test for excess errors)
FAIL: 22_locale/time_get/get_date/wchar_t/12750.cc (test for excess errors)
FAIL: 22_locale/time_get/get_date/wchar_t/2.cc (test for excess errors)
FAIL: 22_locale/time_get/get_date/wchar_t/4.cc (test for excess errors)
FAIL: 22_locale/time_get/get_date/wchar_t/wrapped_env.cc (test for excess errors)
FAIL: 22_locale/time_get/get_date/wchar_t/wrapped_locale.cc (test for excess errors)
FAIL: 22_locale/time_get/get_monthname/char/2.cc (test for excess errors)
FAIL: 22_locale/time_get/get_monthname/char/wrapped_env.cc (test for excess errors)
FAIL: 22_locale/time_get/get_monthname/char/wrapped_locale.cc (test for excess errors)
FAIL: 22_locale/time_get/get_monthname/wchar_t/2.cc (test for excess errors)
FAIL: 22_locale/time_get/get_monthname/wchar_t/wrapped_env.cc (test for excess errors)
FAIL: 22_locale/time_get/get_monthname/wchar_t/wrapped_locale.cc (test for excess errors)
FAIL: 22_locale/time_get/get_time/char/1.cc (test for excess errors)
FAIL: 22_locale/time_get/get_time/char/2.cc (test for excess errors)
FAIL: 22_locale/time_get/get_time/char/wrapped_env.cc (test for excess errors)
FAIL: 22_locale/time_get/get_time/char/wrapped_locale.cc (test for excess errors)
FAIL: 22_locale/time_get/get_time/wchar_t/1.cc (test for excess errors)
FAIL: 22_locale/time_get/get_time/wchar_t/2.cc (test for excess errors)
FAIL: 22_locale/time_get/get_time/wchar_t/wrapped_env.cc (test for excess errors)
FAIL: 22_locale/time_get/get_time/wchar_t/wrapped_locale.cc (test for excess errors)
FAIL: 22_locale/time_get/get_weekday/char/2.cc (test for excess errors)
FAIL: 22_locale/time_get/get_weekday/char/wrapped_env.cc (test for excess errors)
FAIL: 22_locale/time_get/get_weekday/char/wrapped_locale.cc (test for excess errors)
FAIL: 22_locale/time_get/get_weekday/wchar_t/2.cc (test for excess errors)
FAIL: 22_locale/time_get/get_weekday/wchar_t/wrapped_env.cc (test for excess errors)
FAIL: 22_locale/time_get/get_weekday/wchar_t/wrapped_locale.cc (test for excess errors)
FAIL: 22_locale/time_get/get_year/char/wrapped_env.cc (test for excess errors)
FAIL: 22_locale/time_get/get_year/char/wrapped_locale.cc (test for excess errors)
FAIL: 22_locale/time_get/get_year/wchar_t/wrapped_env.cc (test for excess errors)
FAIL: 22_locale/time_get/get_year/wchar_t/wrapped_locale.cc (test for excess errors)
FAIL: 22_locale/time_put/put/char/17038.cc (test for excess errors)
FAIL: 22_locale/time_put/put/char/2.cc (test for excess errors)
FAIL: 22_locale/time_put/put/char/3.cc (test for excess errors)
FAIL: 22_locale/time_put/put/char/4.cc (test for excess errors)
FAIL: 22_locale/time_put/put/char/6.cc (test for excess errors)
FAIL: 22_locale/time_put/put/char/7.cc (test for excess errors)
FAIL: 22_locale/time_put/put/char/8.cc (test for excess errors)
FAIL: 22_locale/time_put/put/char/9780-1.cc (test for excess errors)
FAIL: 22_locale/time_put/put/char/wrapped_env.cc (test for excess errors)
FAIL: 22_locale/time_put/put/char/wrapped_locale.cc (test for excess errors)
FAIL: 22_locale/time_put/put/wchar_t/17038.cc (test for excess errors)
FAIL: 22_locale/time_put/put/wchar_t/2.cc (test for excess errors)
FAIL: 22_locale/time_put/put/wchar_t/3.cc (test for excess errors)
FAIL: 22_locale/time_put/put/wchar_t/4.cc (test for excess errors)
FAIL: 22_locale/time_put/put/wchar_t/6.cc (test for excess errors)
FAIL: 22_locale/time_put/put/wchar_t/7.cc (test for excess errors)
FAIL: 22_locale/time_put/put/wchar_t/8.cc (test for excess errors)
FAIL: 22_locale/time_put/put/wchar_t/wrapped_env.cc (test for excess errors)
FAIL: 22_locale/time_put/put/wchar_t/wrapped_locale.cc (test for excess errors)
FAIL: 23_containers/deque/cons/1.cc (test for excess errors)
FAIL: 23_containers/deque/cons/2.cc (test for excess errors)
FAIL: 23_containers/list/modifiers/1.cc (test for excess errors)
FAIL: 23_containers/list/modifiers/2.cc (test for excess errors)
FAIL: 23_containers/list/modifiers/3.cc (test for excess errors)
FAIL: 27_io/basic_filebuf/imbue/wchar_t/12868.cc (test for excess errors)
FAIL: 27_io/basic_filebuf/seekpos/wchar_t/9874.cc (test for excess errors)
FAIL: 27_io/basic_istream/sentry/pod/1.cc (test for excess errors)
FAIL: 27_io/basic_ostream/inserters_arithmetic/char/2.cc (test for excess errors)
FAIL: 27_io/basic_ostream/inserters_arithmetic/wchar_t/2.cc (test for excess errors)
FAIL: 27_io/basic_ostream/sentry/pod/1.cc (test for excess errors)
FAIL: 27_io/basic_stringbuf/imbue/char/9322.cc (test for excess errors)
FAIL: 27_io/basic_stringbuf/imbue/wchar_t/9322.cc (test for excess errors)
XPASS: 27_io/fpos/14320-1.cc execution test
FAIL: 27_io/ios_base/storage/1.cc (test for excess errors)
FAIL: 27_io/ios_base/storage/2.cc (test for excess errors)
=== libstdc++ Summary for unix/-fPIC ===
# of expected passes 3407
# of unexpected failures 198
# of unexpected successes 2
# of expected failures 8
Running target unix/-fpic
FAIL: 21_strings/basic_string/cons/char/1.cc (test for excess errors)
FAIL: 21_strings/basic_string/cons/wchar_t/1.cc (test for excess errors)
FAIL: 21_strings/basic_string/insert/char/1.cc (test for excess errors)
FAIL: 21_strings/basic_string/insert/wchar_t/1.cc (test for excess errors)
FAIL: 21_strings/basic_string/inserters_extractors/pod/10081-in.cc (test for excess errors)
FAIL: 21_strings/basic_string/inserters_extractors/pod/10081-out.cc (test for excess errors)
FAIL: 22_locale/collate/hash/char/wrapped_env.cc (test for excess errors)
FAIL: 22_locale/collate/hash/char/wrapped_locale.cc (test for excess errors)
FAIL: 22_locale/collate/hash/wchar_t/wrapped_env.cc (test for excess errors)
FAIL: 22_locale/collate/hash/wchar_t/wrapped_locale.cc (test for excess errors)
FAIL: 22_locale/collate/transform/char/2.cc (test for excess errors)
FAIL: 22_locale/collate/transform/char/3.cc (test for excess errors)
FAIL: 22_locale/collate/transform/char/wrapped_env.cc (test for excess errors)
FAIL: 22_locale/collate/transform/char/wrapped_locale.cc (test for excess errors)
FAIL: 22_locale/collate/transform/wchar_t/2.cc (test for excess errors)
FAIL: 22_locale/collate/transform/wchar_t/3.cc (test for excess errors)
FAIL: 22_locale/collate/transform/wchar_t/wrapped_env.cc (test for excess errors)
FAIL: 22_locale/collate/transform/wchar_t/wrapped_locale.cc (test for excess errors)
FAIL: 22_locale/collate_byname/named_equivalence.cc (test for excess errors)
FAIL: 22_locale/ctype/is/char/2.cc (test for excess errors)
FAIL: 22_locale/ctype/is/char/wrapped_env.cc (test for excess errors)
FAIL: 22_locale/ctype/is/char/wrapped_locale.cc (test for excess errors)
FAIL: 22_locale/ctype/is/wchar_t/2.cc (test for excess errors)
FAIL: 22_locale/ctype/is/wchar_t/wrapped_env.cc (test for excess errors)
FAIL: 22_locale/ctype/is/wchar_t/wrapped_locale.cc (test for excess errors)
FAIL: 22_locale/ctype/narrow/char/wrapped_env.cc (test for excess errors)
FAIL: 22_locale/ctype/narrow/char/wrapped_locale.cc (test for excess errors)
FAIL: 22_locale/ctype/narrow/wchar_t/wrapped_env.cc (test for excess errors)
FAIL: 22_locale/ctype/narrow/wchar_t/wrapped_locale.cc (test for excess errors)
FAIL: 22_locale/ctype/widen/char/wrapped_env.cc (test for excess errors)
FAIL: 22_locale/ctype/widen/char/wrapped_locale.cc (test for excess errors)
FAIL: 22_locale/ctype/widen/wchar_t/wrapped_env.cc (test for excess errors)
FAIL: 22_locale/ctype/widen/wchar_t/wrapped_locale.cc (test for excess errors)
XPASS: 22_locale/locale/cons/12658_thread-1.cc execution test
FAIL: 22_locale/locale/cons/4.cc (test for excess errors)
FAIL: 22_locale/locale/cons/5.cc (test for excess errors)
FAIL: 22_locale/locale/cons/7.cc (test for excess errors)
FAIL: 22_locale/locale/global_locale_objects/14071.cc (test for excess errors)
FAIL: 22_locale/locale/global_locale_objects/2.cc (test for excess errors)
FAIL: 22_locale/messages/members/char/1.cc (test for excess errors)
FAIL: 22_locale/messages/members/char/2.cc (test for excess errors)
FAIL: 22_locale/messages/members/char/3.cc (test for excess errors)
FAIL: 22_locale/messages/members/char/wrapped_env.cc (test for excess errors)
FAIL: 22_locale/messages/members/char/wrapped_locale.cc (test for excess errors)
FAIL: 22_locale/messages_byname/named_equivalence.cc (test for excess errors)
FAIL: 22_locale/money_get/get/char/1.cc (test for excess errors)
FAIL: 22_locale/money_get/get/char/10.cc (test for excess errors)
FAIL: 22_locale/money_get/get/char/11.cc (test for excess errors)
FAIL: 22_locale/money_get/get/char/11528.cc (test for excess errors)
FAIL: 22_locale/money_get/get/char/12.cc (test for excess errors)
FAIL: 22_locale/money_get/get/char/13.cc (test for excess errors)
FAIL: 22_locale/money_get/get/char/15.cc (test for excess errors)
FAIL: 22_locale/money_get/get/char/16.cc (test for excess errors)
FAIL: 22_locale/money_get/get/char/17.cc (test for excess errors)
FAIL: 22_locale/money_get/get/char/18.cc (test for excess errors)
FAIL: 22_locale/money_get/get/char/2.cc (test for excess errors)
FAIL: 22_locale/money_get/get/char/3.cc (test for excess errors)
FAIL: 22_locale/money_get/get/char/4.cc (test for excess errors)
FAIL: 22_locale/money_get/get/char/wrapped_env.cc (test for excess errors)
FAIL: 22_locale/money_get/get/char/wrapped_locale.cc (test for excess errors)
FAIL: 22_locale/money_get/get/wchar_t/1.cc (test for excess errors)
FAIL: 22_locale/money_get/get/wchar_t/10.cc (test for excess errors)
FAIL: 22_locale/money_get/get/wchar_t/11.cc (test for excess errors)
FAIL: 22_locale/money_get/get/wchar_t/11528.cc (test for excess errors)
FAIL: 22_locale/money_get/get/wchar_t/12.cc (test for excess errors)
FAIL: 22_locale/money_get/get/wchar_t/13.cc (test for excess errors)
FAIL: 22_locale/money_get/get/wchar_t/15.cc (test for excess errors)
FAIL: 22_locale/money_get/get/wchar_t/16.cc (test for excess errors)
FAIL: 22_locale/money_get/get/wchar_t/17.cc (test for excess errors)
FAIL: 22_locale/money_get/get/wchar_t/18.cc (test for excess errors)
FAIL: 22_locale/money_get/get/wchar_t/2.cc (test for excess errors)
FAIL: 22_locale/money_get/get/wchar_t/3.cc (test for excess errors)
FAIL: 22_locale/money_get/get/wchar_t/4.cc (test for excess errors)
FAIL: 22_locale/money_get/get/wchar_t/wrapped_env.cc (test for excess errors)
FAIL: 22_locale/money_get/get/wchar_t/wrapped_locale.cc (test for excess errors)
FAIL: 22_locale/money_put/put/char/1.cc (test for excess errors)
FAIL: 22_locale/money_put/put/char/2.cc (test for excess errors)
FAIL: 22_locale/money_put/put/char/3.cc (test for excess errors)
FAIL: 22_locale/money_put/put/char/9780-3.cc (test for excess errors)
FAIL: 22_locale/money_put/put/char/wrapped_env.cc (test for excess errors)
FAIL: 22_locale/money_put/put/char/wrapped_locale.cc (test for excess errors)
FAIL: 22_locale/money_put/put/wchar_t/1.cc (test for excess errors)
FAIL: 22_locale/money_put/put/wchar_t/2.cc (test for excess errors)
FAIL: 22_locale/money_put/put/wchar_t/3.cc (test for excess errors)
FAIL: 22_locale/money_put/put/wchar_t/wrapped_env.cc (test for excess errors)
FAIL: 22_locale/money_put/put/wchar_t/wrapped_locale.cc (test for excess errors)
FAIL: 22_locale/moneypunct/members/char/2.cc (test for excess errors)
FAIL: 22_locale/moneypunct/members/char/wrapped_env.cc (test for excess errors)
FAIL: 22_locale/moneypunct/members/char/wrapped_locale.cc (test for excess errors)
FAIL: 22_locale/moneypunct/members/wchar_t/2.cc (test for excess errors)
FAIL: 22_locale/moneypunct/members/wchar_t/wrapped_env.cc (test for excess errors)
FAIL: 22_locale/moneypunct/members/wchar_t/wrapped_locale.cc (test for excess errors)
FAIL: 22_locale/moneypunct_byname/named_equivalence.cc (test for excess errors)
FAIL: 22_locale/num_get/get/char/1.cc (test for excess errors)
FAIL: 22_locale/num_get/get/char/3.cc (test for excess errors)
FAIL: 22_locale/num_get/get/char/5.cc (test for excess errors)
FAIL: 22_locale/num_get/get/char/6.cc (test for excess errors)
FAIL: 22_locale/num_get/get/char/9.cc (test for excess errors)
FAIL: 22_locale/num_get/get/char/wrapped_env.cc (test for excess errors)
FAIL: 22_locale/num_get/get/char/wrapped_locale.cc (test for excess errors)
FAIL: 22_locale/num_get/get/wchar_t/1.cc (test for excess errors)
FAIL: 22_locale/num_get/get/wchar_t/3.cc (test for excess errors)
FAIL: 22_locale/num_get/get/wchar_t/5.cc (test for excess errors)
FAIL: 22_locale/num_get/get/wchar_t/6.cc (test for excess errors)
FAIL: 22_locale/num_get/get/wchar_t/9.cc (test for excess errors)
FAIL: 22_locale/num_get/get/wchar_t/wrapped_env.cc (test for excess errors)
FAIL: 22_locale/num_get/get/wchar_t/wrapped_locale.cc (test for excess errors)
FAIL: 22_locale/num_put/put/char/1.cc (test for excess errors)
FAIL: 22_locale/num_put/put/char/3.cc (test for excess errors)
FAIL: 22_locale/num_put/put/char/5.cc (test for excess errors)
FAIL: 22_locale/num_put/put/char/9780-2.cc (test for excess errors)
FAIL: 22_locale/num_put/put/char/wrapped_env.cc (test for excess errors)
FAIL: 22_locale/num_put/put/char/wrapped_locale.cc (test for excess errors)
FAIL: 22_locale/num_put/put/wchar_t/1.cc (test for excess errors)
FAIL: 22_locale/num_put/put/wchar_t/3.cc (test for excess errors)
FAIL: 22_locale/num_put/put/wchar_t/5.cc (test for excess errors)
FAIL: 22_locale/num_put/put/wchar_t/wrapped_env.cc (test for excess errors)
FAIL: 22_locale/num_put/put/wchar_t/wrapped_locale.cc (test for excess errors)
FAIL: 22_locale/numpunct/members/char/2.cc (test for excess errors)
FAIL: 22_locale/numpunct/members/char/3.cc (test for excess errors)
FAIL: 22_locale/numpunct/members/char/wrapped_env.cc (test for excess errors)
FAIL: 22_locale/numpunct/members/char/wrapped_locale.cc (test for excess errors)
FAIL: 22_locale/numpunct/members/pod/1.cc (test for excess errors)
FAIL: 22_locale/numpunct/members/pod/2.cc (test for excess errors)
FAIL: 22_locale/numpunct/members/wchar_t/2.cc (test for excess errors)
FAIL: 22_locale/numpunct/members/wchar_t/wrapped_env.cc (test for excess errors)
FAIL: 22_locale/numpunct/members/wchar_t/wrapped_locale.cc (test for excess errors)
FAIL: 22_locale/numpunct_byname/named_equivalence.cc (test for excess errors)
FAIL: 22_locale/time_get/date_order/char/wrapped_env.cc (test for excess errors)
FAIL: 22_locale/time_get/date_order/char/wrapped_locale.cc (test for excess errors)
FAIL: 22_locale/time_get/date_order/wchar_t/wrapped_env.cc (test for excess errors)
FAIL: 22_locale/time_get/date_order/wchar_t/wrapped_locale.cc (test for excess errors)
FAIL: 22_locale/time_get/get_date/char/12750.cc (test for excess errors)
FAIL: 22_locale/time_get/get_date/char/2.cc (test for excess errors)
FAIL: 22_locale/time_get/get_date/char/wrapped_env.cc (test for excess errors)
FAIL: 22_locale/time_get/get_date/char/wrapped_locale.cc (test for excess errors)
FAIL: 22_locale/time_get/get_date/wchar_t/12750.cc (test for excess errors)
FAIL: 22_locale/time_get/get_date/wchar_t/2.cc (test for excess errors)
FAIL: 22_locale/time_get/get_date/wchar_t/4.cc (test for excess errors)
FAIL: 22_locale/time_get/get_date/wchar_t/wrapped_env.cc (test for excess errors)
FAIL: 22_locale/time_get/get_date/wchar_t/wrapped_locale.cc (test for excess errors)
FAIL: 22_locale/time_get/get_monthname/char/2.cc (test for excess errors)
FAIL: 22_locale/time_get/get_monthname/char/wrapped_env.cc (test for excess errors)
FAIL: 22_locale/time_get/get_monthname/char/wrapped_locale.cc (test for excess errors)
FAIL: 22_locale/time_get/get_monthname/wchar_t/2.cc (test for excess errors)
FAIL: 22_locale/time_get/get_monthname/wchar_t/wrapped_env.cc (test for excess errors)
FAIL: 22_locale/time_get/get_monthname/wchar_t/wrapped_locale.cc (test for excess errors)
FAIL: 22_locale/time_get/get_time/char/1.cc (test for excess errors)
FAIL: 22_locale/time_get/get_time/char/2.cc (test for excess errors)
FAIL: 22_locale/time_get/get_time/char/wrapped_env.cc (test for excess errors)
FAIL: 22_locale/time_get/get_time/char/wrapped_locale.cc (test for excess errors)
FAIL: 22_locale/time_get/get_time/wchar_t/1.cc (test for excess errors)
FAIL: 22_locale/time_get/get_time/wchar_t/2.cc (test for excess errors)
FAIL: 22_locale/time_get/get_time/wchar_t/wrapped_env.cc (test for excess errors)
FAIL: 22_locale/time_get/get_time/wchar_t/wrapped_locale.cc (test for excess errors)
FAIL: 22_locale/time_get/get_weekday/char/2.cc (test for excess errors)
FAIL: 22_locale/time_get/get_weekday/char/wrapped_env.cc (test for excess errors)
FAIL: 22_locale/time_get/get_weekday/char/wrapped_locale.cc (test for excess errors)
FAIL: 22_locale/time_get/get_weekday/wchar_t/2.cc (test for excess errors)
FAIL: 22_locale/time_get/get_weekday/wchar_t/wrapped_env.cc (test for excess errors)
FAIL: 22_locale/time_get/get_weekday/wchar_t/wrapped_locale.cc (test for excess errors)
FAIL: 22_locale/time_get/get_year/char/wrapped_env.cc (test for excess errors)
FAIL: 22_locale/time_get/get_year/char/wrapped_locale.cc (test for excess errors)
FAIL: 22_locale/time_get/get_year/wchar_t/wrapped_env.cc (test for excess errors)
FAIL: 22_locale/time_get/get_year/wchar_t/wrapped_locale.cc (test for excess errors)
FAIL: 22_locale/time_put/put/char/17038.cc (test for excess errors)
FAIL: 22_locale/time_put/put/char/2.cc (test for excess errors)
FAIL: 22_locale/time_put/put/char/3.cc (test for excess errors)
FAIL: 22_locale/time_put/put/char/4.cc (test for excess errors)
FAIL: 22_locale/time_put/put/char/6.cc (test for excess errors)
FAIL: 22_locale/time_put/put/char/7.cc (test for excess errors)
FAIL: 22_locale/time_put/put/char/8.cc (test for excess errors)
FAIL: 22_locale/time_put/put/char/9780-1.cc (test for excess errors)
FAIL: 22_locale/time_put/put/char/wrapped_env.cc (test for excess errors)
FAIL: 22_locale/time_put/put/char/wrapped_locale.cc (test for excess errors)
FAIL: 22_locale/time_put/put/wchar_t/17038.cc (test for excess errors)
FAIL: 22_locale/time_put/put/wchar_t/2.cc (test for excess errors)
FAIL: 22_locale/time_put/put/wchar_t/3.cc (test for excess errors)
FAIL: 22_locale/time_put/put/wchar_t/4.cc (test for excess errors)
FAIL: 22_locale/time_put/put/wchar_t/6.cc (test for excess errors)
FAIL: 22_locale/time_put/put/wchar_t/7.cc (test for excess errors)
FAIL: 22_locale/time_put/put/wchar_t/8.cc (test for excess errors)
FAIL: 22_locale/time_put/put/wchar_t/wrapped_env.cc (test for excess errors)
FAIL: 22_locale/time_put/put/wchar_t/wrapped_locale.cc (test for excess errors)
FAIL: 23_containers/deque/cons/1.cc (test for excess errors)
FAIL: 23_containers/deque/cons/2.cc (test for excess errors)
FAIL: 23_containers/list/modifiers/1.cc (test for excess errors)
FAIL: 23_containers/list/modifiers/2.cc (test for excess errors)
FAIL: 23_containers/list/modifiers/3.cc (test for excess errors)
FAIL: 27_io/basic_filebuf/imbue/wchar_t/12868.cc (test for excess errors)
FAIL: 27_io/basic_filebuf/seekpos/wchar_t/9874.cc (test for excess errors)
FAIL: 27_io/basic_istream/sentry/pod/1.cc (test for excess errors)
FAIL: 27_io/basic_ostream/inserters_arithmetic/char/2.cc (test for excess errors)
FAIL: 27_io/basic_ostream/inserters_arithmetic/wchar_t/2.cc (test for excess errors)
FAIL: 27_io/basic_ostream/sentry/pod/1.cc (test for excess errors)
FAIL: 27_io/basic_stringbuf/imbue/char/9322.cc (test for excess errors)
FAIL: 27_io/basic_stringbuf/imbue/wchar_t/9322.cc (test for excess errors)
XPASS: 27_io/fpos/14320-1.cc execution test
FAIL: 27_io/ios_base/storage/1.cc (test for excess errors)
FAIL: 27_io/ios_base/storage/2.cc (test for excess errors)
=== libstdc++ Summary for unix/-fpic ===
# of expected passes 3407
# of unexpected failures 198
# of unexpected successes 2
# of expected failures 8
Running target unix
FAIL: 22_locale/ctype/narrow/char/wrapped_env.cc (test for excess errors)
FAIL: 22_locale/ctype/narrow/char/wrapped_locale.cc (test for excess errors)
FAIL: 22_locale/ctype/narrow/wchar_t/wrapped_env.cc (test for excess errors)
FAIL: 22_locale/ctype/narrow/wchar_t/wrapped_locale.cc (test for excess errors)
XPASS: 22_locale/locale/cons/12658_thread-1.cc execution test
FAIL: 23_containers/deque/cons/2.cc (test for excess errors)
XPASS: 26_numerics/cmath/c99_classification_macros_c.cc (test for excess errors)
XPASS: 27_io/fpos/14320-1.cc execution test
=== libstdc++ Summary for unix ===
# of expected passes 3600
# of unexpected failures 5
# of unexpected successes 3
# of expected failures 7
=== libstdc++ Summary ===
# of expected passes 10414
# of unexpected failures 401
# of unexpected successes 7
# of expected failures 23
Compiler version: 4.1.0 20050227 (experimental)
Platform: x86_64-unknown-linux-gnu
configure flags: --verbose --enable-multilib=no --disable-libgcj --enable-languages=c,c++,f95,java,objc