This is the mail archive of the gcc-testresults@gcc.gnu.org mailing list for the GCC project.
Index Nav: | [Date Index] [Subject Index] [Author Index] [Thread Index] | |
---|---|---|
Message Nav: | [Date Prev] [Date Next] | [Thread Prev] [Thread Next] |
Other format: | [Raw text] |
LAST_UPDATED: Fri Feb 25 09:07:28 UTC 2005 Native configuration is ia64-hp-hpux11.23 === g++ tests === Running target unix/-milp32 XPASS: g++.dg/rtti/tinfo1.C scan-assembler _ZTIP9CTemplateIhE: XPASS: g++.dg/rtti/tinfo1.C scan-assembler-not .globl[ \\t]+_ZTIP9CTemplateIhE FAIL: g++.old-deja/g++.law/profile1.C execution test WARNING: g++.old-deja/g++.mike/p10769a.C compilation failed to produce executable WARNING: g++.old-deja/g++.other/enum5.C compilation failed to produce executable WARNING: g++.old-deja/g++.pt/friend44.C compilation failed to produce executable === g++ Summary for unix/-milp32 === # of expected passes 9417 # of unexpected failures 1 # of unexpected successes 2 # of expected failures 77 # of unsupported tests 80 Running target unix/-mlp64 XPASS: g++.dg/rtti/tinfo1.C scan-assembler _ZTIP9CTemplateIhE: XPASS: g++.dg/rtti/tinfo1.C scan-assembler-not .globl[ \\t]+_ZTIP9CTemplateIhE FAIL: g++.old-deja/g++.law/profile1.C execution test WARNING: g++.old-deja/g++.mike/p10769a.C compilation failed to produce executable WARNING: g++.old-deja/g++.other/enum5.C compilation failed to produce executable WARNING: g++.old-deja/g++.pt/friend44.C compilation failed to produce executable === g++ Summary for unix/-mlp64 === # of expected passes 9417 # of unexpected failures 1 # of unexpected successes 2 # of expected failures 77 # of unsupported tests 80 === g++ Summary === # of expected passes 18834 # of unexpected failures 2 # of unexpected successes 4 # of expected failures 154 # of unsupported tests 160 /scratch/gcc/nightly-2005-02-25-3.4/ia64-hp-hpux11.23/build_gcc/build/gcc/testsuite/../g++ version 3.4.4 20050225 (prerelease) === gcc tests === Running target unix/-milp32 FAIL: gcc.dg/cpp/_Pragma3.c (test for excess errors) FAIL: gcc.dg/20020219-1.c execution test FAIL: gcc.dg/20021014-1.c execution test FAIL: gcc.dg/nest.c execution test === gcc Summary for unix/-milp32 === # of expected passes 24968 # of unexpected failures 4 # of expected failures 75 # of untested testcases 7 # of unsupported tests 348 Running target unix/-mlp64 FAIL: gcc.dg/cpp/_Pragma3.c (test for excess errors) FAIL: gcc.dg/20021014-1.c execution test WARNING: program timed out. FAIL: gcc.dg/nest.c execution test === gcc Summary for unix/-mlp64 === # of expected passes 24969 # of unexpected failures 3 # of expected failures 75 # of untested testcases 7 # of unsupported tests 348 === gcc Summary === # of expected passes 49937 # of unexpected failures 7 # of expected failures 150 # of untested testcases 14 # of unsupported tests 696 /scratch/gcc/nightly-2005-02-25-3.4/ia64-hp-hpux11.23/build_gcc/build/gcc/xgcc version 3.4.4 20050225 (prerelease) === libstdc++ tests === Running target unix/-milp32 === libstdc++ Summary for unix/-milp32 === # of expected passes 2038 # of expected failures 4 # of unsupported tests 9 Running target unix/-mlp64 === libstdc++ Summary for unix/-mlp64 === # of expected passes 2038 # of expected failures 4 # of unsupported tests 9 === libstdc++ Summary === # of expected passes 4076 # of expected failures 8 # of unsupported tests 18 Compiler version: 3.4.4 20050225 (prerelease) Platform: ia64-hp-hpux11.23 configure flags: --prefix=/scratch/gcc/nightly-2005-02-25-3.4/ia64-hp-hpux11.23/build_gcc/install --enable-languages=c,c++ --enable-threads --with-gnu-as --with-as=/usr/local/tools/gcc-3.3.1/bin/as
Index Nav: | [Date Index] [Subject Index] [Author Index] [Thread Index] | |
---|---|---|
Message Nav: | [Date Prev] [Date Next] | [Thread Prev] [Thread Next] |