This is the mail archive of the
gcc-testresults@gcc.gnu.org
mailing list for the GCC project.
Results for 4.0.0 20050224 (experimental) testsuite on hppa64-hp-hpux11.11
- From: John David Anglin <dave at hiauly3 dot hia dot nrc dot ca>
- To: dave at hiauly3 dot hia dot nrc dot ca, gcc-testresults at gcc dot gnu dot org
- Date: Thu, 24 Feb 2005 18:55:56 -0500 (EST)
- Subject: Results for 4.0.0 20050224 (experimental) testsuite on hppa64-hp-hpux11.11
LAST_UPDATED: Thu Feb 24 03:53:19 UTC 2005
Native configuration is hppa64-hp-hpux11.11
=== g++ tests ===
Running target unix
WARNING: program timed out.
FAIL: g++.dg/eh/cleanup1.C (test for excess errors)
FAIL: g++.dg/warn/weak1.C (test for excess errors)
WARNING: g++.dg/warn/weak1.C compilation failed to produce executable
=== g++ Summary ===
# of expected passes 10235
# of unexpected failures 2
# of expected failures 71
# of unsupported tests 105
/test/gnu/gcc-3.3/objdir/gcc/testsuite/../g++ version 4.0.0 20050224 (experimental)
=== gcc tests ===
Running target unix
XPASS: gcc.dg/funcorder.c scan-assembler-not link_error,%r
FAIL: gcc.dg/titype-1.c (test for excess errors)
WARNING: gcc.dg/titype-1.c compilation failed to produce executable
FAIL: gcc.dg/uninit-C.c (test for excess errors)
=== gcc Summary ===
# of expected passes 31842
# of unexpected failures 2
# of unexpected successes 1
# of expected failures 78
# of untested testcases 28
# of unsupported tests 485
/test/gnu/gcc-3.3/objdir/gcc/xgcc version 4.0.0 20050224 (experimental)
=== gfortran tests ===
Running target unix
FAIL: gfortran.dg/contained_1.f90 -O0 (test for excess errors)
WARNING: gfortran.dg/contained_1.f90 -O0 compilation failed to produce executable
FAIL: gfortran.dg/contained_1.f90 -O1 (test for excess errors)
WARNING: gfortran.dg/contained_1.f90 -O1 compilation failed to produce executable
FAIL: gfortran.dg/contained_1.f90 -O2 (test for excess errors)
WARNING: gfortran.dg/contained_1.f90 -O2 compilation failed to produce executable
FAIL: gfortran.dg/contained_1.f90 -O3 -fomit-frame-pointer (test for excess errors)
WARNING: gfortran.dg/contained_1.f90 -O3 -fomit-frame-pointer compilation failed to produce executable
FAIL: gfortran.dg/contained_1.f90 -O3 -fomit-frame-pointer -funroll-loops (test for excess errors)
WARNING: gfortran.dg/contained_1.f90 -O3 -fomit-frame-pointer -funroll-loops compilation failed to produce executable
FAIL: gfortran.dg/contained_1.f90 -O3 -fomit-frame-pointer -funroll-all-loops -finline-functions (test for excess errors)
WARNING: gfortran.dg/contained_1.f90 -O3 -fomit-frame-pointer -funroll-all-loops -finline-functions compilation failed to produce executable
FAIL: gfortran.dg/contained_1.f90 -O3 -g (test for excess errors)
WARNING: gfortran.dg/contained_1.f90 -O3 -g compilation failed to produce executable
FAIL: gfortran.dg/contained_1.f90 -Os (test for excess errors)
WARNING: gfortran.dg/contained_1.f90 -Os compilation failed to produce executable
FAIL: gfortran.dg/entry_1.f90 -O0 (test for excess errors)
WARNING: gfortran.dg/entry_1.f90 -O0 compilation failed to produce executable
FAIL: gfortran.dg/entry_1.f90 -O1 (test for excess errors)
WARNING: gfortran.dg/entry_1.f90 -O1 compilation failed to produce executable
FAIL: gfortran.dg/entry_1.f90 -O2 (test for excess errors)
WARNING: gfortran.dg/entry_1.f90 -O2 compilation failed to produce executable
FAIL: gfortran.dg/entry_1.f90 -O3 -fomit-frame-pointer (test for excess errors)
WARNING: gfortran.dg/entry_1.f90 -O3 -fomit-frame-pointer compilation failed to produce executable
FAIL: gfortran.dg/entry_1.f90 -O3 -fomit-frame-pointer -funroll-loops (test for excess errors)
WARNING: gfortran.dg/entry_1.f90 -O3 -fomit-frame-pointer -funroll-loops compilation failed to produce executable
FAIL: gfortran.dg/entry_1.f90 -O3 -fomit-frame-pointer -funroll-all-loops -finline-functions (test for excess errors)
WARNING: gfortran.dg/entry_1.f90 -O3 -fomit-frame-pointer -funroll-all-loops -finline-functions compilation failed to produce executable
FAIL: gfortran.dg/entry_1.f90 -O3 -g (test for excess errors)
WARNING: gfortran.dg/entry_1.f90 -O3 -g compilation failed to produce executable
FAIL: gfortran.dg/entry_1.f90 -Os (test for excess errors)
WARNING: gfortran.dg/entry_1.f90 -Os compilation failed to produce executable
FAIL: gfortran.dg/generic_1.f90 -O (test for excess errors)
FAIL: gfortran.dg/generic_2.f90 -O (test for excess errors)
FAIL: gfortran.dg/generic_3.f90 -O (test for excess errors)
FAIL: gfortran.dg/int_1.f90 -O0 (test for excess errors)
WARNING: gfortran.dg/int_1.f90 -O0 compilation failed to produce executable
FAIL: gfortran.dg/int_1.f90 -O1 (test for excess errors)
WARNING: gfortran.dg/int_1.f90 -O1 compilation failed to produce executable
FAIL: gfortran.dg/int_1.f90 -O2 (test for excess errors)
WARNING: gfortran.dg/int_1.f90 -O2 compilation failed to produce executable
FAIL: gfortran.dg/int_1.f90 -O3 -fomit-frame-pointer (test for excess errors)
WARNING: gfortran.dg/int_1.f90 -O3 -fomit-frame-pointer compilation failed to produce executable
FAIL: gfortran.dg/int_1.f90 -O3 -fomit-frame-pointer -funroll-loops (test for excess errors)
WARNING: gfortran.dg/int_1.f90 -O3 -fomit-frame-pointer -funroll-loops compilation failed to produce executable
FAIL: gfortran.dg/int_1.f90 -O3 -fomit-frame-pointer -funroll-all-loops -finline-functions (test for excess errors)
WARNING: gfortran.dg/int_1.f90 -O3 -fomit-frame-pointer -funroll-all-loops -finline-functions compilation failed to produce executable
FAIL: gfortran.dg/int_1.f90 -O3 -g (test for excess errors)
WARNING: gfortran.dg/int_1.f90 -O3 -g compilation failed to produce executable
FAIL: gfortran.dg/int_1.f90 -Os (test for excess errors)
WARNING: gfortran.dg/int_1.f90 -Os compilation failed to produce executable
FAIL: gfortran.dg/pr17615.f90 -O (test for excess errors)
XPASS: gfortran.dg/ret_pointer_1.f90 -O0 execution test
XPASS: gfortran.dg/ret_pointer_1.f90 -O1 execution test
XPASS: gfortran.dg/ret_pointer_1.f90 -O2 execution test
XPASS: gfortran.dg/ret_pointer_1.f90 -O3 -fomit-frame-pointer execution test
XPASS: gfortran.dg/ret_pointer_1.f90 -O3 -fomit-frame-pointer -funroll-loops execution test
XPASS: gfortran.dg/ret_pointer_1.f90 -O3 -fomit-frame-pointer -funroll-all-loops -finline-functions execution test
XPASS: gfortran.dg/ret_pointer_1.f90 -O3 -g execution test
XPASS: gfortran.dg/ret_pointer_1.f90 -Os execution test
FAIL: gfortran.dg/use_allocated_1.f90 -O0 (test for excess errors)
WARNING: gfortran.dg/use_allocated_1.f90 -O0 compilation failed to produce executable
FAIL: gfortran.dg/use_allocated_1.f90 -O1 (test for excess errors)
WARNING: gfortran.dg/use_allocated_1.f90 -O1 compilation failed to produce executable
FAIL: gfortran.dg/use_allocated_1.f90 -O2 (test for excess errors)
WARNING: gfortran.dg/use_allocated_1.f90 -O2 compilation failed to produce executable
FAIL: gfortran.dg/use_allocated_1.f90 -O3 -fomit-frame-pointer (test for excess errors)
WARNING: gfortran.dg/use_allocated_1.f90 -O3 -fomit-frame-pointer compilation failed to produce executable
FAIL: gfortran.dg/use_allocated_1.f90 -O3 -fomit-frame-pointer -funroll-loops (test for excess errors)
WARNING: gfortran.dg/use_allocated_1.f90 -O3 -fomit-frame-pointer -funroll-loops compilation failed to produce executable
FAIL: gfortran.dg/use_allocated_1.f90 -O3 -fomit-frame-pointer -funroll-all-loops -finline-functions (test for excess errors)
WARNING: gfortran.dg/use_allocated_1.f90 -O3 -fomit-frame-pointer -funroll-all-loops -finline-functions compilation failed to produce executable
FAIL: gfortran.dg/use_allocated_1.f90 -O3 -g (test for excess errors)
WARNING: gfortran.dg/use_allocated_1.f90 -O3 -g compilation failed to produce executable
FAIL: gfortran.dg/use_allocated_1.f90 -Os (test for excess errors)
WARNING: gfortran.dg/use_allocated_1.f90 -Os compilation failed to produce executable
FAIL: gfortran.fortran-torture/compile/actual.f90, "-O"
FAIL: gfortran.fortran-torture/compile/ambig.f90, "-O"
FAIL: gfortran.fortran-torture/compile/contained_1.f90, "-O"
FAIL: gfortran.fortran-torture/compile/implicit_1.f90, "-O"
FAIL: gfortran.fortran-torture/compile/module_expr.f90, "-O"
FAIL: gfortran.fortran-torture/compile/module_proc.f90, "-O"
FAIL: gfortran.fortran-torture/compile/name_clash.f90, "-O"
FAIL: gfortran.fortran-torture/execute/forall_3.f90 execution, -O0
FAIL: gfortran.fortran-torture/execute/forall_3.f90 execution, -O1
FAIL: gfortran.fortran-torture/execute/forall_3.f90 execution, -O2
FAIL: gfortran.fortran-torture/execute/forall_3.f90 execution, -O3 -fomit-frame-pointer
FAIL: gfortran.fortran-torture/execute/forall_3.f90 execution, -O3 -fomit-frame-pointer -funroll-loops
FAIL: gfortran.fortran-torture/execute/forall_3.f90 execution, -O3 -fomit-frame-pointer -funroll-all-loops -finline-functions
FAIL: gfortran.fortran-torture/execute/forall_3.f90 execution, -O3 -g
FAIL: gfortran.fortran-torture/execute/forall_3.f90 execution, -Os
FAIL: gfortran.fortran-torture/execute/function_module_1.f90 compilation, -O0
FAIL: gfortran.fortran-torture/execute/function_module_1.f90 compilation, -O1
FAIL: gfortran.fortran-torture/execute/function_module_1.f90 compilation, -O2
FAIL: gfortran.fortran-torture/execute/function_module_1.f90 compilation, -O3 -fomit-frame-pointer
FAIL: gfortran.fortran-torture/execute/function_module_1.f90 compilation, -O3 -fomit-frame-pointer -funroll-loops
FAIL: gfortran.fortran-torture/execute/function_module_1.f90 compilation, -O3 -fomit-frame-pointer -funroll-all-loops -finline-functions
FAIL: gfortran.fortran-torture/execute/function_module_1.f90 compilation, -O3 -g
FAIL: gfortran.fortran-torture/execute/function_module_1.f90 compilation, -Os
FAIL: gfortran.fortran-torture/execute/iolength_2.f90 compilation, -O0
FAIL: gfortran.fortran-torture/execute/iolength_2.f90 compilation, -O1
FAIL: gfortran.fortran-torture/execute/iolength_2.f90 compilation, -O2
FAIL: gfortran.fortran-torture/execute/iolength_2.f90 compilation, -O3 -fomit-frame-pointer
FAIL: gfortran.fortran-torture/execute/iolength_2.f90 compilation, -O3 -fomit-frame-pointer -funroll-loops
FAIL: gfortran.fortran-torture/execute/iolength_2.f90 compilation, -O3 -fomit-frame-pointer -funroll-all-loops -finline-functions
FAIL: gfortran.fortran-torture/execute/iolength_2.f90 compilation, -O3 -g
FAIL: gfortran.fortran-torture/execute/iolength_2.f90 compilation, -Os
FAIL: gfortran.fortran-torture/execute/module_interface.f90 compilation, -O0
FAIL: gfortran.fortran-torture/execute/module_interface.f90 compilation, -O1
FAIL: gfortran.fortran-torture/execute/module_interface.f90 compilation, -O2
FAIL: gfortran.fortran-torture/execute/module_interface.f90 compilation, -O3 -fomit-frame-pointer
FAIL: gfortran.fortran-torture/execute/module_interface.f90 compilation, -O3 -fomit-frame-pointer -funroll-loops
FAIL: gfortran.fortran-torture/execute/module_interface.f90 compilation, -O3 -fomit-frame-pointer -funroll-all-loops -finline-functions
FAIL: gfortran.fortran-torture/execute/module_interface.f90 compilation, -O3 -g
FAIL: gfortran.fortran-torture/execute/module_interface.f90 compilation, -Os
FAIL: gfortran.fortran-torture/execute/module_interface_2.f90 compilation, -O0
FAIL: gfortran.fortran-torture/execute/module_interface_2.f90 compilation, -O1
FAIL: gfortran.fortran-torture/execute/module_interface_2.f90 compilation, -O2
FAIL: gfortran.fortran-torture/execute/module_interface_2.f90 compilation, -O3 -fomit-frame-pointer
FAIL: gfortran.fortran-torture/execute/module_interface_2.f90 compilation, -O3 -fomit-frame-pointer -funroll-loops
FAIL: gfortran.fortran-torture/execute/module_interface_2.f90 compilation, -O3 -fomit-frame-pointer -funroll-all-loops -finline-functions
FAIL: gfortran.fortran-torture/execute/module_interface_2.f90 compilation, -O3 -g
FAIL: gfortran.fortran-torture/execute/module_interface_2.f90 compilation, -Os
FAIL: gfortran.fortran-torture/execute/retarray_2.f90 compilation, -O0
FAIL: gfortran.fortran-torture/execute/retarray_2.f90 compilation, -O1
FAIL: gfortran.fortran-torture/execute/retarray_2.f90 compilation, -O2
FAIL: gfortran.fortran-torture/execute/retarray_2.f90 compilation, -O3 -fomit-frame-pointer
FAIL: gfortran.fortran-torture/execute/retarray_2.f90 compilation, -O3 -fomit-frame-pointer -funroll-loops
FAIL: gfortran.fortran-torture/execute/retarray_2.f90 compilation, -O3 -fomit-frame-pointer -funroll-all-loops -finline-functions
FAIL: gfortran.fortran-torture/execute/retarray_2.f90 compilation, -O3 -g
FAIL: gfortran.fortran-torture/execute/retarray_2.f90 compilation, -Os
FAIL: gfortran.fortran-torture/execute/userop.f90 compilation, -O0
FAIL: gfortran.fortran-torture/execute/userop.f90 compilation, -O1
FAIL: gfortran.fortran-torture/execute/userop.f90 compilation, -O2
FAIL: gfortran.fortran-torture/execute/userop.f90 compilation, -O3 -fomit-frame-pointer
FAIL: gfortran.fortran-torture/execute/userop.f90 compilation, -O3 -fomit-frame-pointer -funroll-loops
FAIL: gfortran.fortran-torture/execute/userop.f90 compilation, -O3 -fomit-frame-pointer -funroll-all-loops -finline-functions
FAIL: gfortran.fortran-torture/execute/userop.f90 compilation, -O3 -g
FAIL: gfortran.fortran-torture/execute/userop.f90 compilation, -Os
=== gfortran Summary ===
# of expected passes 5139
# of unexpected failures 99
# of unexpected successes 8
# of expected failures 18
# of untested testcases 48
# of unsupported tests 8
/test/gnu/gcc-3.3/objdir/gcc/testsuite/../gfortran version 4.0.0 20050224 (experimental)
=== objc tests ===
Running target unix
FAIL: objc.dg/stabs-1.m (test for excess errors)
ERROR: objc.dg/stabs-1.m: error executing dg-final: couldn't open "stabs-1.s": no such file or directory
UNRESOLVED: objc.dg/stabs-1.m: error executing dg-final: couldn't open "stabs-1.s": no such file or directory
=== objc Summary ===
# of expected passes 1532
# of unexpected failures 1
# of unresolved testcases 1
# of unsupported tests 10
/test/gnu/gcc-3.3/objdir/gcc/xgcc version 4.0.0 20050224 (experimental)
=== libstdc++ tests ===
Running target unix
=== libstdc++ Summary ===
# of expected passes 3566
# of expected failures 8
# of unsupported tests 19
Compiler version: 4.0.0 20050224 (experimental)
Platform: hppa64-hp-hpux11.11
configure flags: --with-gnu-as --with-as=/opt/gnu64/bin/as --with-ld=/usr/ccs/bin/ld --enable-shared --disable-nls --with-local-prefix=/opt/gnu64 --prefix=/opt/gnu64/gcc/gcc-4.0.0 --host=hppa64-hp-hpux11.11 --enable-threads=posix --disable-libmudflap --enable-languages=c,c++,f95,java,objc