This is the mail archive of the gcc-testresults@gcc.gnu.org mailing list for the GCC project.


Index Nav: [Date Index] [Subject Index] [Author Index] [Thread Index]
Message Nav: [Date Prev] [Date Next] [Thread Prev] [Thread Next]
Other format: [Raw text]

Results for 4.0.0 20050224 (experimental) testsuite on powerpc-apple-darwin7.7.0


LAST_UPDATED: Thu Feb 24 17:59:00 UTC 2005

Native configuration is powerpc-apple-darwin7.7.0

=== gcc tests ===


Running target unix
FAIL: tmpdir-gcc.dg-struct-layout-1/t001 c_compat_x_tst.o-c_compat_y_tst.o execute
FAIL: tmpdir-gcc.dg-struct-layout-1/t024 c_compat_x_tst.o-c_compat_y_tst.o execute
FAIL: tmpdir-gcc.dg-struct-layout-1/t025 c_compat_x_tst.o-c_compat_y_tst.o execute
FAIL: tmpdir-gcc.dg-struct-layout-1/t026 c_compat_x_tst.o-c_compat_y_tst.o execute
FAIL: tmpdir-gcc.dg-struct-layout-1/t027 c_compat_x_tst.o-c_compat_y_tst.o execute
FAIL: tmpdir-gcc.dg-struct-layout-1/t028 c_compat_x_tst.o-c_compat_y_tst.o execute
FAIL: gcc.dg/darwin-longlong.c execution test
FAIL: gcc.dg/rs6000-power2-2.c scan-assembler-not lfd
FAIL: gcc.dg/rs6000-power2-2.c scan-assembler lfq
FAIL: gcc.dg/rs6000-power2-2.c scan-assembler stfq
FAIL: gcc.dg/vect/vect-82_64.c execution test
FAIL: gcc.dg/vect/vect-83_64.c execution test
FAIL: gcc.dg/vmx/darwin-abi-3.c -O0 execution test
FAIL: gcc.dg/vmx/darwin-abi-3.c -O1 execution test
FAIL: gcc.dg/vmx/darwin-abi-3.c -O2 execution test
FAIL: gcc.dg/vmx/darwin-abi-3.c -O3 -fomit-frame-pointer execution test
FAIL: gcc.dg/vmx/darwin-abi-3.c -O3 -g execution test
FAIL: gcc.dg/vmx/darwin-abi-3.c -Os execution test


=== gcc Summary ===

# of expected passes 33489
# of unexpected failures 18
# of expected failures 100
# of untested testcases 28
# of unsupported tests 425
/Users/pinskia/src/local2/gcc/objdir-f/gcc/xgcc version 4.0.0 20050224 (experimental)


=== gfortran tests ===


Running target unix
XPASS: gfortran.dg/ret_pointer_1.f90 -O0 execution test
XPASS: gfortran.dg/ret_pointer_1.f90 -O1 execution test
XPASS: gfortran.dg/ret_pointer_1.f90 -O2 execution test
XPASS: gfortran.dg/ret_pointer_1.f90 -O3 -fomit-frame-pointer execution test
XPASS: gfortran.dg/ret_pointer_1.f90 -O3 -fomit-frame-pointer -funroll-loops execution test
XPASS: gfortran.dg/ret_pointer_1.f90 -O3 -fomit-frame-pointer -funroll-all-loops -finline-functions execution test
XPASS: gfortran.dg/ret_pointer_1.f90 -O3 -g execution test
XPASS: gfortran.dg/ret_pointer_1.f90 -Os execution test
FAIL: gfortran.fortran-torture/execute/forall_3.f90 execution, -O1
FAIL: gfortran.fortran-torture/execute/forall_3.f90 execution, -O2
FAIL: gfortran.fortran-torture/execute/forall_3.f90 execution, -O3 -fomit-frame-pointer
FAIL: gfortran.fortran-torture/execute/forall_3.f90 execution, -O3 -fomit-frame-pointer -funroll-loops
FAIL: gfortran.fortran-torture/execute/forall_3.f90 execution, -O3 -fomit-frame-pointer -funroll-all-loops -finline-functions
FAIL: gfortran.fortran-torture/execute/forall_3.f90 execution, -O3 -g
FAIL: gfortran.fortran-torture/execute/forall_3.f90 execution, -Os


=== gfortran Summary ===

# of expected passes 5311
# of unexpected failures 7
# of unexpected successes 8
# of expected failures 18
# of unsupported tests 8
/Users/pinskia/src/local2/gcc/objdir-f/gcc/testsuite/../gfortran version 4.0.0 20050224 (experimental)


Compiler version: 4.0.0 20050224 (experimental)
Platform: powerpc-apple-darwin7.7.0
configure flags: --prefix=/Users/pinskia/local2.f --enable-languages=c,f95



Index Nav: [Date Index] [Subject Index] [Author Index] [Thread Index]
Message Nav: [Date Prev] [Date Next] [Thread Prev] [Thread Next]