This is the mail archive of the
gcc-testresults@gcc.gnu.org
mailing list for the GCC project.
Results for 4.0.0 20050222 (experimental) testsuite on i686-pc-linux-gnu
- From: Diego Novillo <dnovillo at redhat dot com>
- To: gcc-testresults at gcc dot gnu dot org
- Date: Tue, 22 Feb 2005 05:06:16 -0500
- Subject: Results for 4.0.0 20050222 (experimental) testsuite on i686-pc-linux-gnu
LAST_UPDATED:
Native configuration is i686-pc-linux-gnu
=== g++ tests ===
Running target unix
=== g++ Summary ===
# of expected passes 10741
# of expected failures 71
# of unsupported tests 56
/notnfs/dnovillo/sbox/gcc/bld.toribio/gcc/testsuite/../g++ version 4.0.0 20050222 (experimental)
=== gcc tests ===
Running target unix
XPASS: gcc.dg/vect/vect-22.c scan-tree-dump-times vectorized 3 loops 1
=== gcc Summary ===
# of expected passes 33264
# of unexpected successes 1
# of expected failures 101
# of untested testcases 28
# of unsupported tests 307
/notnfs/dnovillo/sbox/gcc/bld.toribio/gcc/xgcc version 4.0.0 20050222 (experimental)
=== gfortran tests ===
Running target unix
XPASS: gfortran.dg/ret_pointer_1.f90 execution test
XPASS: gfortran.dg/ret_pointer_1.f90 execution test
XPASS: gfortran.dg/ret_pointer_1.f90 execution test
XPASS: gfortran.dg/ret_pointer_1.f90 execution test
XPASS: gfortran.dg/ret_pointer_1.f90 execution test
FAIL: gfortran.fortran-torture/execute/forall_3.f90 execution, -O1
=== gfortran Summary ===
# of expected passes 5314
# of unexpected failures 1
# of unexpected successes 5
# of expected failures 21
/notnfs/dnovillo/sbox/gcc/bld.toribio/gcc/testsuite/../gfortran version 4.0.0 20050222 (experimental)
=== objc tests ===
Running target unix
=== objc Summary ===
# of expected passes 1534
# of unsupported tests 10
/notnfs/dnovillo/sbox/gcc/bld.toribio/gcc/xgcc version 4.0.0 20050222 (experimental)
=== libffi tests ===
Running target unix
=== libffi Summary ===
# of expected passes 216
# of unsupported tests 2
=== libjava tests ===
Running target unix
FAIL: LargeFile execution - source compiled test
FAIL: LargeFile execution - gij test
FAIL: LargeFile execution - bytecode->native test
FAIL: LargeFile -O3 execution - source compiled test
FAIL: LargeFile execution - gij test
FAIL: LargeFile -O3 execution - bytecode->native test
FAIL: PR20056 execution - gij test
FAIL: PR20056 execution - gij test
=== libjava Summary ===
# of expected passes 3753
# of unexpected failures 8
# of expected failures 14
# of untested testcases 24
=== libmudflap tests ===
Running target unix
=== libmudflap Summary ===
# of expected passes 1288
=== libstdc++-v3 check-abi Summary ===
# of added symbols: 56
# of missing symbols: 0
# of incompatible symbols: 2
using: /home/cygnus/dnovillo/perf/sbox/gcc/local.i686/src/libstdc++-v3/config/abi/i486-linux-gnu/baseline_symbols.txt
=== libstdc++ tests ===
Running target unix
FAIL: 18_support/14026.cc execution test
XPASS: 22_locale/locale/cons/12658_thread-1.cc execution test
XPASS: 26_numerics/cmath/c99_classification_macros_c.cc (test for excess errors)
WARNING: tr1/2_general_utilities/memory/shared_ptr/assign/auto_ptr_neg.cc compilation failed to produce executable
WARNING: tr1/2_general_utilities/memory/shared_ptr/assign/auto_ptr_rvalue_neg.cc compilation failed to produce executable
WARNING: tr1/2_general_utilities/memory/shared_ptr/assign/shared_ptr_neg.cc compilation failed to produce executable
WARNING: tr1/2_general_utilities/memory/shared_ptr/cons/auto_ptr_neg.cc compilation failed to produce executable
WARNING: tr1/2_general_utilities/memory/shared_ptr/modifiers/reset_neg.cc compilation failed to produce executable
WARNING: tr1/2_general_utilities/memory/shared_ptr/modifiers/swap_neg.cc compilation failed to produce executable
=== libstdc++ Summary ===
# of expected passes 3578
# of unexpected failures 1
# of unexpected successes 2
# of expected failures 8
Compiler version: 4.0.0 20050222 (experimental)
Platform: i686-pc-linux-gnu
configure flags: --prefix=/home/cygnus/dnovillo/perf/sbox/gcc/local.i686/inst.toribio --srcdir=/home/cygnus/dnovillo/perf/sbox/gcc/local.i686/src --disable-multilib --enable-mpfr --with-gmp=/home/cygnus/dnovillo/i686 --disable-checking --enable-languages=c,c++,f95,java,objc