This is the mail archive of the
gcc-testresults@gcc.gnu.org
mailing list for the GCC project.
Results for 4.0.0 20050221 (experimental) testsuite onx86_64-unknown-linux-gnu
- From: Laurent GUERBY <laurent at guerby dot net>
- To: gcc-testresults at gcc dot gnu dot org
- Date: Mon, 21 Feb 2005 21:58:41 +0100
- Subject: Results for 4.0.0 20050221 (experimental) testsuite onx86_64-unknown-linux-gnu
LAST_UPDATED: Mon Feb 21 08:16:37 UTC 2005
=== acats tests ===
FAIL: c37402a
FAIL: c391002
FAIL: c432002
FAIL: c43214c
FAIL: c85006e
FAIL: cxa3004
FAIL: cxa4006
FAIL: cxa4017
FAIL: cxb3006
=== acats Summary ===
# of expected passes 2313
# of unexpected failures 9
Native configuration is x86_64-unknown-linux-gnu
=== gcc tests ===
Running target unix
XPASS: gcc.dg/vect/vect-22.c scan-tree-dump-times vectorized 3 loops 1
=== gcc Summary ===
# of expected passes 32955
# of unexpected successes 1
# of expected failures 104
# of untested testcases 28
# of unsupported tests 418
/home/guerby/work/gcc/build/build-20050221T092158/gcc/xgcc version 4.0.0 20050221 (experimental)
Compiler version: 4.0.0 20050221 (experimental)
Platform: x86_64-unknown-linux-gnu
configure flags: --prefix=/home/guerby/work/gcc/install/install-20050221T092158 --enable-__cxa_atexit --disable-nls --enable-threads=posix --enable-checking --enable-languages=c,ada