This is the mail archive of the
gcc-testresults@gcc.gnu.org
mailing list for the GCC project.
Results for 4.0.0 20050218 (experimental) testsuite on s390x-ibm-linux-gnu
- From: Ulrich Weigand <uweigand at de dot ibm dot com>
- To: gcc-testresults at gcc dot gnu dot org
- Date: Sat, 19 Feb 2005 01:23:48 +0100
- Subject: Results for 4.0.0 20050218 (experimental) testsuite on s390x-ibm-linux-gnu
LAST_UPDATED:
=== acats tests ===
FAIL: c32001e
FAIL: c34002a
FAIL: c37402a
FAIL: c391002
FAIL: c432002
FAIL: c43214c
FAIL: c460007
FAIL: c52011a
FAIL: c64105b
FAIL: c85006e
FAIL: c95086b
FAIL: cc1221d
FAIL: cd2b11a
FAIL: cd2b11b
FAIL: cdd2a02
FAIL: cxa3004
FAIL: cxa4006
FAIL: cxa4017
FAIL: cxb3006
FAIL: cxb5002
=== acats Summary ===
# of expected passes 2302
# of unexpected failures 20
Native configuration is s390x-ibm-linux-gnu
=== g++ tests ===
Running target unix
FAIL: g++.dg/abi/empty6.C (test for warnings, line 6)
FAIL: g++.dg/lookup/koenig1.C (test for errors, line 12)
FAIL: g++.dg/lookup/koenig1.C (test for excess errors)
FAIL: g++.dg/template/error1.C (test for errors, line 12)
FAIL: g++.dg/template/error1.C (test for excess errors)
FAIL: g++.old-deja/g++.other/crash24.C (test for errors, line 10)
XPASS: g++.old-deja/g++.other/init5.C execution test
FAIL: g++.old-deja/g++.other/vaarg3.C (test for errors, line 12)
FAIL: g++.old-deja/g++.other/vaarg3.C (test for errors, line 21)
FAIL: g++.old-deja/g++.other/vaarg3.C (test for errors, line 23)
FAIL: g++.old-deja/g++.other/vaarg3.C (test for errors, line 24)
FAIL: g++.old-deja/g++.other/vaarg3.C (test for errors, line 25)
FAIL: g++.old-deja/g++.other/vaarg3.C (test for errors, line 26)
FAIL: g++.old-deja/g++.pt/instantiate8.C (test for errors, line 28)
FAIL: g++.old-deja/g++.pt/instantiate8.C (test for errors, line 36)
FAIL: g++.old-deja/g++.pt/partial2.C (test for errors, line 11)
FAIL: g++.old-deja/g++.pt/partial2.C (test for errors, line 17)
FAIL: g++.old-deja/g++.pt/partial2.C (test for errors, line 23)
FAIL: g++.old-deja/g++.robertl/eb4.C (test for errors, line 47)
=== g++ Summary ===
# of expected passes 10604
# of unexpected failures 18
# of unexpected successes 1
# of expected failures 72
# of unsupported tests 93
/mnt/dasdc1/fsf/gcc-head-build/gcc/testsuite/../g++ version 4.0.0 20050218 (experimental)
=== gcc tests ===
Running target unix
FAIL: gcc.dg/20020425-1.c (test for excess errors)
FAIL: gcc.dg/uninit-4.c uninitialized variable warning PR19833 (test for bogus messages, line 26)
XPASS: gcc.dg/tree-ssa/20040204-1.c scan-tree-dump-times link_error 0
=== gcc Summary ===
# of expected passes 32401
# of unexpected failures 2
# of unexpected successes 1
# of expected failures 74
# of untested testcases 28
# of unsupported tests 460
/mnt/dasdc1/fsf/gcc-head-build/gcc/xgcc version 4.0.0 20050218 (experimental)
=== gfortran tests ===
Running target unix
XPASS: gfortran.dg/ret_pointer_1.f90 -O0 execution test
XPASS: gfortran.dg/ret_pointer_1.f90 -O1 execution test
XPASS: gfortran.dg/ret_pointer_1.f90 -O2 execution test
XPASS: gfortran.dg/ret_pointer_1.f90 -O3 -fomit-frame-pointer execution test
XPASS: gfortran.dg/ret_pointer_1.f90 -O3 -fomit-frame-pointer -funroll-loops execution test
XPASS: gfortran.dg/ret_pointer_1.f90 -O3 -fomit-frame-pointer -funroll-all-loops -finline-functions execution test
XPASS: gfortran.dg/ret_pointer_1.f90 -O3 -g execution test
XPASS: gfortran.dg/ret_pointer_1.f90 -Os execution test
FAIL: gfortran.fortran-torture/execute/forall_3.f90 execution, -O1
FAIL: gfortran.fortran-torture/execute/forall_3.f90 execution, -O2
FAIL: gfortran.fortran-torture/execute/forall_3.f90 execution, -O3 -fomit-frame-pointer
FAIL: gfortran.fortran-torture/execute/forall_3.f90 execution, -O3 -fomit-frame-pointer -funroll-loops
FAIL: gfortran.fortran-torture/execute/forall_3.f90 execution, -O3 -fomit-frame-pointer -funroll-all-loops -finline-functions
FAIL: gfortran.fortran-torture/execute/forall_3.f90 execution, -O3 -g
FAIL: gfortran.fortran-torture/execute/forall_3.f90 execution, -Os
FAIL: gfortran.fortran-torture/execute/where_3.f90 execution, -O2
FAIL: gfortran.fortran-torture/execute/where_3.f90 execution, -O3 -fomit-frame-pointer
FAIL: gfortran.fortran-torture/execute/where_3.f90 execution, -O3 -fomit-frame-pointer -funroll-loops
FAIL: gfortran.fortran-torture/execute/where_3.f90 execution, -O3 -fomit-frame-pointer -funroll-all-loops -finline-functions
FAIL: gfortran.fortran-torture/execute/where_3.f90 execution, -O3 -g
=== gfortran Summary ===
# of expected passes 5225
# of unexpected failures 12
# of unexpected successes 8
# of expected failures 18
# of unsupported tests 8
/mnt/dasdc1/fsf/gcc-head-build/gcc/testsuite/../gfortran version 4.0.0 20050218 (experimental)
=== objc tests ===
Running target unix
=== objc Summary ===
# of expected passes 1534
# of unsupported tests 10
/mnt/dasdc1/fsf/gcc-head-build/gcc/xgcc version 4.0.0 20050218 (experimental)
=== libffi tests ===
Running target unix
=== libffi Summary ===
# of expected passes 216
# of unsupported tests 2
=== libjava tests ===
Running target unix
=== libjava Summary ===
# of expected passes 3751
# of expected failures 14
# of untested testcases 16
=== libmudflap tests ===
Running target unix
=== libmudflap Summary ===
# of expected passes 1288
=== libstdc++-v3 check-abi Summary ===
# of added symbols: 63
# of missing symbols: 0
# of incompatible symbols: 0
using: /home/uweigand/fsf/gcc-head/libstdc++-v3/config/abi/s390x-linux-gnu/baseline_symbols.txt
=== libstdc++ tests ===
Running target unix
XPASS: 22_locale/locale/cons/12658_thread-1.cc execution test
XPASS: 26_numerics/cmath/c99_classification_macros_c.cc (test for excess errors)
XPASS: 27_io/fpos/14320-1.cc execution test
FAIL: tr1/6_containers/unordered/insert/array_syntax.cc execution test
=== libstdc++ Summary ===
# of expected passes 3496
# of unexpected failures 1
# of unexpected successes 3
# of expected failures 4
Compiler version: 4.0.0 20050218 (experimental)
Platform: s390x-ibm-linux-gnu
configure flags: --prefix=/home/uweigand/fsf/gcc-head-install --enable-__cxa_atexit --disable-multilib --enable-languages=c,ada,c++,f95,java,objc