This is the mail archive of the gcc-testresults@gcc.gnu.org mailing list for the GCC project.


Index Nav: [Date Index] [Subject Index] [Author Index] [Thread Index]
Message Nav: [Date Prev] [Date Next] [Thread Prev] [Thread Next]
Other format: [Raw text]

Results for 4.0.0 20050218 (experimental) testsuite on powerpc-apple-darwin7.4.0


LAST_UPDATED: 
Native configuration is powerpc-apple-darwin7.4.0

		=== g++ tests ===


Running target unix
FAIL: g++.dg/ext/visibility/pragma-override1.C (test for excess errors)
FAIL: g++.dg/ext/visibility/pragma-override1.C scan-assembler \\\\.internal.*Foo.methodEv
FAIL: g++.dg/ext/visibility/pragma-override1.C (test for excess errors)
FAIL: g++.dg/ext/visibility/pragma-override1.C scan-assembler \\\\.internal.*Foo.methodEv
FAIL: g++.dg/ext/visibility/pragma-override2.C (test for excess errors)
FAIL: g++.dg/ext/visibility/pragma-override2.C scan-assembler \\\\.internal.*Foo.methodEv
FAIL: g++.dg/ext/visibility/pragma-override2.C (test for excess errors)
FAIL: g++.dg/ext/visibility/pragma-override2.C scan-assembler \\\\.internal.*Foo.methodEv
FAIL: g++.dg/lookup/koenig1.C  (test for errors, line 12)
FAIL: g++.dg/lookup/koenig1.C (test for excess errors)
FAIL: g++.dg/template/error1.C  (test for errors, line 12)
FAIL: g++.dg/template/error1.C (test for excess errors)
ERROR: g++.dg/tree-ssa/pr15791-3.C: error executing dg-final: no files matched glob pattern "pr15791-3.C.t??.gimple"
UNRESOLVED: g++.dg/tree-ssa/pr15791-3.C: error executing dg-final: no files matched glob pattern "pr15791-3.C.t??.gimple"
ERROR: g++.dg/tree-ssa/pr15791-4.C: error executing dg-final: no files matched glob pattern "pr15791-4.C.t??.gimple"
UNRESOLVED: g++.dg/tree-ssa/pr15791-4.C: error executing dg-final: no files matched glob pattern "pr15791-4.C.t??.gimple"
ERROR: g++.dg/tree-ssa/pr15791-5.C: error executing dg-final: no files matched glob pattern "pr15791-5.C.t??.gimple"
UNRESOLVED: g++.dg/tree-ssa/pr15791-5.C: error executing dg-final: no files matched glob pattern "pr15791-5.C.t??.gimple"
FAIL: g++.dg/warn/weak1.C (test for excess errors)
WARNING: g++.dg/warn/weak1.C compilation failed to produce executable
FAIL: g++.dg/special/conpr-3.C execution test
XPASS: g++.old-deja/g++.eh/badalloc1.C execution test
FAIL: g++.old-deja/g++.other/crash24.C  (test for errors, line 10)
FAIL: g++.old-deja/g++.other/vaarg3.C  (test for errors, line 12)
FAIL: g++.old-deja/g++.other/vaarg3.C  (test for errors, line 21)
FAIL: g++.old-deja/g++.other/vaarg3.C  (test for errors, line 23)
FAIL: g++.old-deja/g++.other/vaarg3.C  (test for errors, line 24)
FAIL: g++.old-deja/g++.other/vaarg3.C  (test for errors, line 25)
FAIL: g++.old-deja/g++.other/vaarg3.C  (test for errors, line 26)
FAIL: g++.old-deja/g++.pt/instantiate8.C  (test for errors, line 28)
FAIL: g++.old-deja/g++.pt/instantiate8.C  (test for errors, line 36)
FAIL: g++.old-deja/g++.pt/partial2.C  (test for errors, line 11)
FAIL: g++.old-deja/g++.pt/partial2.C  (test for errors, line 17)
FAIL: g++.old-deja/g++.pt/partial2.C  (test for errors, line 23)
FAIL: g++.old-deja/g++.robertl/eb4.C  (test for errors, line 47)

		=== g++ Summary ===

# of expected passes		10637
# of unexpected failures	27
# of unexpected successes	1
# of expected failures		70
# of unresolved testcases	3
# of unsupported tests		98
/Users/regress/tbox/native/build/gcc/testsuite/../g++  version 4.0.0 20050218 (experimental)

		=== gcc tests ===


Running target unix
FAIL: tmpdir-gcc.dg-struct-layout-1/t001 c_compat_x_tst.o-c_compat_y_tst.o execute 
FAIL: tmpdir-gcc.dg-struct-layout-1/t024 c_compat_x_tst.o-c_compat_y_tst.o execute 
FAIL: tmpdir-gcc.dg-struct-layout-1/t025 c_compat_x_tst.o-c_compat_y_tst.o execute 
FAIL: tmpdir-gcc.dg-struct-layout-1/t026 c_compat_x_tst.o-c_compat_y_tst.o execute 
FAIL: tmpdir-gcc.dg-struct-layout-1/t027 c_compat_x_tst.o-c_compat_y_tst.o execute 
FAIL: tmpdir-gcc.dg-struct-layout-1/t028 c_compat_x_tst.o-c_compat_y_tst.o execute 
FAIL: gcc.dg/darwin-longlong.c execution test
FAIL: gcc.dg/pr19633-1.c (test for excess errors)
WARNING: gcc.dg/pr19633-1.c compilation failed to produce executable
FAIL: gcc.dg/rs6000-power2-2.c scan-assembler-not lfd
FAIL: gcc.dg/rs6000-power2-2.c scan-assembler lfq
FAIL: gcc.dg/rs6000-power2-2.c scan-assembler stfq
FAIL: gcc.dg/struct-ret-libc.c execution test
FAIL: gcc.dg/vect/vect-82_64.c execution test
FAIL: gcc.dg/vect/vect-83_64.c execution test
FAIL: gcc.dg/vmx/darwin-abi-3.c execution test
FAIL: gcc.dg/vmx/darwin-abi-3.c execution test
FAIL: gcc.dg/vmx/darwin-abi-3.c execution test
FAIL: gcc.dg/vmx/darwin-abi-3.c execution test
FAIL: gcc.dg/vmx/darwin-abi-3.c execution test
FAIL: gcc.dg/vmx/darwin-abi-3.c execution test

		=== gcc Summary ===

# of expected passes		34636
# of unexpected failures	20
# of expected failures		99
# of untested testcases		28
# of unsupported tests		425
/Users/regress/tbox/native/build/gcc/xgcc  version 4.0.0 20050218 (experimental)

		=== objc tests ===


Running target unix
FAIL: objc.dg/selector-2.m (test for excess errors)

		=== objc Summary ===

# of expected passes		1556
# of unexpected failures	1
# of unsupported tests		1
/Users/regress/tbox/native/build/gcc/xgcc  version 4.0.0 20050218 (experimental)

		=== libffi tests ===


Running target unix

		=== libffi Summary ===

# of expected passes		216
# of unsupported tests		2
		=== libjava tests ===


Running target unix

		=== libjava Summary ===

# of expected passes		3751
# of expected failures		14
# of untested testcases		16
		=== libstdc++ tests ===


Running target unix
FAIL: 22_locale/money_get/get/char/5.cc execution test
FAIL: 22_locale/money_get/get/wchar_t/5.cc execution test
FAIL: 22_locale/num_get/get/char/10.cc execution test
FAIL: 22_locale/num_get/get/char/4.cc execution test
FAIL: 22_locale/num_get/get/wchar_t/10.cc execution test
FAIL: 22_locale/num_get/get/wchar_t/4.cc execution test
FAIL: 27_io/basic_istream/extractors_arithmetic/char/01.cc execution test
FAIL: 27_io/basic_istream/extractors_arithmetic/wchar_t/01.cc execution test
FAIL: 27_io/ios_base/storage/11584.cc execution test
FAIL: ext/mt_allocator/check_new.cc execution test
FAIL: ext/pool_allocator/check_new.cc execution test

		=== libstdc++ Summary ===

# of expected passes		3455
# of unexpected failures	11
# of expected failures		5
# of unsupported tests		9

Compiler version: 4.0.0 20050218 (experimental) 
Platform: powerpc-apple-darwin7.4.0
configure flags: --prefix=/Users/regress/tbox/objs --target=powerpc-apple-darwin7.4.0 --enable-languages=c,c++,java,objc


Index Nav: [Date Index] [Subject Index] [Author Index] [Thread Index]
Message Nav: [Date Prev] [Date Next] [Thread Prev] [Thread Next]