This is the mail archive of the gcc-testresults@gcc.gnu.org mailing list for the GCC project.
Index Nav: | [Date Index] [Subject Index] [Author Index] [Thread Index] | |
---|---|---|
Message Nav: | [Date Prev] [Date Next] | [Thread Prev] [Thread Next] |
Other format: | [Raw text] |
LAST_UPDATED: Tue Feb 15 05:33:19 UTC 2005 Native configuration is ia64-unknown-linux-gnu === gcc tests === Running target unix WARNING: program timed out. FAIL: gcc.c-torture/compile/20001226-1.c -O3 -g (test for excess errors) XPASS: gcc.dg/tree-ssa/loop-1.c scan-assembler-times foo 5 XPASS: gcc.dg/vect/vect-22.c scan-tree-dump-times vectorized 3 loops 1 XPASS: gcc.dg/vect/vect-44.c scan-tree-dump-times Alignment of access forced using peeling 1 XPASS: gcc.dg/vect/vect-50.c scan-tree-dump-times Alignment of access forced using peeling 1 XPASS: gcc.dg/vect/vect-54.c scan-tree-dump-times Alignment of access forced using peeling 1 XPASS: gcc.dg/vect/vect-58.c scan-tree-dump-times Alignment of access forced using peeling 1 === gcc Summary === # of expected passes 32059 # of unexpected failures 1 # of unexpected successes 6 # of expected failures 120 # of untested testcases 28 # of unsupported tests 453 /export/build/gnu/gcc/build-ia64-linux/gcc/xgcc version 4.0.0 20050215 (experimental) === gfortran tests === Running target unix XPASS: gfortran.dg/ret_pointer_1.f90 -O0 execution test XPASS: gfortran.dg/ret_pointer_1.f90 -O1 execution test XPASS: gfortran.dg/ret_pointer_1.f90 -O2 execution test XPASS: gfortran.dg/ret_pointer_1.f90 -O3 -fomit-frame-pointer execution test XPASS: gfortran.dg/ret_pointer_1.f90 -O3 -fomit-frame-pointer -funroll-loops execution test XPASS: gfortran.dg/ret_pointer_1.f90 -O3 -fomit-frame-pointer -funroll-all-loops -finline-functions execution test XPASS: gfortran.dg/ret_pointer_1.f90 -O3 -g execution test XPASS: gfortran.dg/ret_pointer_1.f90 -Os execution test FAIL: gfortran.fortran-torture/execute/forall_3.f90 execution, -O0 FAIL: gfortran.fortran-torture/execute/forall_3.f90 execution, -O1 FAIL: gfortran.fortran-torture/execute/forall_3.f90 execution, -O2 FAIL: gfortran.fortran-torture/execute/forall_3.f90 execution, -O3 -fomit-frame-pointer FAIL: gfortran.fortran-torture/execute/forall_3.f90 execution, -O3 -fomit-frame-pointer -funroll-loops FAIL: gfortran.fortran-torture/execute/forall_3.f90 execution, -O3 -fomit-frame-pointer -funroll-all-loops -finline-functions FAIL: gfortran.fortran-torture/execute/forall_3.f90 execution, -O3 -g FAIL: gfortran.fortran-torture/execute/forall_3.f90 execution, -Os === gfortran Summary === # of expected passes 5213 # of unexpected failures 8 # of unexpected successes 8 # of expected failures 18 # of unsupported tests 8 /export/build/gnu/gcc/build-ia64-linux/gcc/testsuite/../gfortran version 4.0.0 20050215 (experimental) === g++ tests === Running target unix WARNING: program timed out. FAIL: g++.dg/opt/longbranch1.C (test for excess errors) === g++ Summary === # of expected passes 10256 # of unexpected failures 1 # of expected failures 70 # of unsupported tests 90 /export/build/gnu/gcc/build-ia64-linux/gcc/testsuite/../g++ version 4.0.0 20050215 (experimental) === objc tests === Running target unix === objc Summary === # of expected passes 1532 # of unsupported tests 11 /export/build/gnu/gcc/build-ia64-linux/gcc/xgcc version 4.0.0 20050215 (experimental) === libffi tests === Running target unix === libffi Summary === # of expected passes 216 # of unsupported tests 2 === libjava tests === Running target unix === libjava Summary === # of expected passes 3751 # of expected failures 14 # of untested testcases 16 === libmudflap tests === Running target unix WARNING: program timed out. FAIL: libmudflap.cth/pass37-frag.c execution test FAIL: libmudflap.cth/pass37-frag.c output pattern test WARNING: program timed out. FAIL: libmudflap.cth/pass37-frag.c (rerun 1) execution test FAIL: libmudflap.cth/pass37-frag.c (rerun 1) output pattern test WARNING: program timed out. FAIL: libmudflap.cth/pass37-frag.c (rerun 4) execution test FAIL: libmudflap.cth/pass37-frag.c (rerun 4) output pattern test WARNING: program timed out. FAIL: libmudflap.cth/pass37-frag.c (rerun 5) execution test FAIL: libmudflap.cth/pass37-frag.c (rerun 5) output pattern test WARNING: program timed out. FAIL: libmudflap.cth/pass37-frag.c (rerun 6) execution test FAIL: libmudflap.cth/pass37-frag.c (rerun 6) output pattern test WARNING: program timed out. FAIL: libmudflap.cth/pass37-frag.c (rerun 7) execution test FAIL: libmudflap.cth/pass37-frag.c (rerun 7) output pattern test WARNING: program timed out. FAIL: libmudflap.cth/pass39-frag.c (rerun 6) execution test WARNING: program timed out. FAIL: libmudflap.cth/pass39-frag.c (rerun 8) execution test FAIL: libmudflap.cth/pass39-frag.c (rerun 8) output pattern test WARNING: program timed out. FAIL: libmudflap.cth/pass39-frag.c (rerun 9) execution test FAIL: libmudflap.cth/pass39-frag.c (rerun 9) output pattern test WARNING: program timed out. FAIL: libmudflap.cth/pass39-frag.c (rerun 10) execution test FAIL: libmudflap.cth/pass39-frag.c (rerun 10) output pattern test WARNING: program timed out. FAIL: libmudflap.cth/pass39-frag.c (rerun 14) execution test FAIL: libmudflap.cth/pass39-frag.c (rerun 14) output pattern test WARNING: program timed out. FAIL: libmudflap.cth/pass37-frag.c (-static -DSTATIC) execution test FAIL: libmudflap.cth/pass37-frag.c (-static -DSTATIC) output pattern test WARNING: program timed out. FAIL: libmudflap.cth/pass37-frag.c (-static -DSTATIC) (rerun 1) execution test FAIL: libmudflap.cth/pass37-frag.c (-static -DSTATIC) (rerun 1) output pattern test WARNING: program timed out. FAIL: libmudflap.cth/pass37-frag.c (-static -DSTATIC) (rerun 2) execution test FAIL: libmudflap.cth/pass37-frag.c (-static -DSTATIC) (rerun 2) output pattern test WARNING: program timed out. FAIL: libmudflap.cth/pass37-frag.c (-static -DSTATIC) (rerun 3) execution test FAIL: libmudflap.cth/pass37-frag.c (-static -DSTATIC) (rerun 3) output pattern test WARNING: program timed out. FAIL: libmudflap.cth/pass39-frag.c (-static -DSTATIC) (rerun 3) execution test FAIL: libmudflap.cth/pass39-frag.c (-static -DSTATIC) (rerun 3) output pattern test WARNING: program timed out. FAIL: libmudflap.cth/pass39-frag.c (-static -DSTATIC) (rerun 12) execution test FAIL: libmudflap.cth/pass39-frag.c (-static -DSTATIC) (rerun 12) output pattern test WARNING: program timed out. FAIL: libmudflap.cth/pass39-frag.c (-static -DSTATIC) (rerun 13) execution test FAIL: libmudflap.cth/pass39-frag.c (-static -DSTATIC) (rerun 13) output pattern test WARNING: program timed out. FAIL: libmudflap.cth/pass39-frag.c (-static -DSTATIC) (rerun 14) execution test FAIL: libmudflap.cth/pass39-frag.c (-static -DSTATIC) (rerun 14) output pattern test WARNING: program timed out. FAIL: libmudflap.cth/pass37-frag.c (-O2) execution test FAIL: libmudflap.cth/pass37-frag.c (-O2) output pattern test === libmudflap Summary === # of expected passes 1249 # of unexpected failures 39 === libstdc++ tests === Running target unix XPASS: 22_locale/locale/cons/12658_thread-1.cc execution test XPASS: 26_numerics/cmath/c99_classification_macros_c.cc (test for excess errors) XPASS: 27_io/fpos/14320-1.cc execution test === libstdc++ Summary === # of expected passes 3480 # of unexpected successes 3 # of expected failures 4 Compiler version: 4.0.0 20050215 (experimental) Platform: ia64-unknown-linux-gnu configure flags: --enable-clocale=gnu --with-system-zlib --with-system-libunwind --enable-shared --enable-threads=posix --enable-haifa --disable-checking --prefix=/usr/gcc-4.0 --with-local-prefix=/usr/local --enable-languages=c,c++,f95,java,objc
Index Nav: | [Date Index] [Subject Index] [Author Index] [Thread Index] | |
---|---|---|
Message Nav: | [Date Prev] [Date Next] | [Thread Prev] [Thread Next] |