This is the mail archive of the
gcc-testresults@gcc.gnu.org
mailing list for the GCC project.
Results for 4.0.0 20050211 (experimental) testsuite on sparc64-unknown-linux-gnu
- From: Christian Joensson <christian dot joensson at gmail dot com>
- To: gcc-testresults at gcc dot gnu dot org
- Date: Mon, 14 Feb 2005 16:53:14 +0100
- Subject: Results for 4.0.0 20050211 (experimental) testsuite on sparc64-unknown-linux-gnu
- Reply-to: Christian Joensson <christian dot joensson at gmail dot com>
Aurora SPARC Linux release 2.0 (Kashmir FC3) UltraSparc IIi (Sabre) sun4u:
binutils-2.15.92.0.2-5 - sparc
bison-1.875c-2 - sparc
dejagnu-1.4.4-2 - noarch
expect-5.42.1-1 - sparc
gcc-3.4.2-6.fc3 - sparc
gcc4-4.0.0-0.8sparc - sparc
glibc-2.3.3-99 - sparcv9
glibc-2.3.3-99 - sparc64
glibc-headers-2.3.3-99 - sparc64
glibc-kernheaders-2.6-20sparc - sparc
kernel-2.6.10-1.1110sparc18 - sparc64
package kernel-smp is not installed
make-3.80-5 - sparc
nptl-devel-2.3.3-99 - sparcv9
tcl-8.4.7-2 - sparc
LAST_UPDATED: Fri Feb 11 13:36:22 UTC 2005 + phython's patch
http://gcc.gnu.org/bugzilla/attachment.cgi?id=8174&action=view
Native configuration is sparc64-unknown-linux-gnu
=== gcc tests ===
Running target unix
WARNING: program timed out.
FAIL: gcc.c-torture/compile/20001226-1.c -O3 -g (test for excess errors)
FAIL: gcc.c-torture/execute/struct-cpy-1.c compilation, -O2
UNRESOLVED: gcc.c-torture/execute/struct-cpy-1.c execution, -O2
FAIL: gcc.dg/pch/static-1.c -O0 -g assembly comparison
FAIL: gcc.dg/pch/static-1.c -O0 assembly comparison
FAIL: gcc.dg/pch/static-1.c -O1 assembly comparison
FAIL: gcc.dg/pch/static-2.c -O0 -g assembly comparison
FAIL: gcc.dg/pch/static-2.c -O0 assembly comparison
FAIL: gcc.dg/pch/static-2.c -O1 assembly comparison
FAIL: gcc.dg/pch/static-3.c -O0 -g assembly comparison
FAIL: gcc.dg/pch/static-3.c -O0 assembly comparison
FAIL: gcc.dg/pch/static-3.c -O1 assembly comparison
FAIL: gcc.dg/special/gcsec-1.c (test for excess errors)
FAIL: gcc.dg/tls/alias-1.c (test for excess errors)
FAIL: gcc.dg/tls/opt-2.c (test for excess errors)
FAIL: gcc.misc-tests/linkage.c link
=== gcc Summary ===
# of expected passes 32491
# of unexpected failures 15
# of expected failures 88
# of unresolved testcases 1
# of untested testcases 28
# of unsupported tests 492
/usr/local/src/trunk/objdir64/gcc/xgcc version 4.0.0 20050211 (experimental)
=== g++ tests ===
Running target unix
XPASS: g++.old-deja/g++.other/init5.C execution test
=== g++ Summary ===
# of expected passes 10597
# of unexpected successes 1
# of expected failures 69
# of unsupported tests 92
/usr/local/src/trunk/objdir64/gcc/testsuite/../g++ version 4.0.0
20050211 (experimental)
=== libmudflap tests ===
Running target unix
FAIL: libmudflap.c/pass54-frag.c execution test
FAIL: libmudflap.c/fail1-frag.c (-static) (test for excess errors)
WARNING: libmudflap.c/fail1-frag.c (-static) compilation failed to
produce executable
FAIL: libmudflap.c/pass54-frag.c (-static) execution test
WARNING: program timed out.
FAIL: libmudflap.cth/pass40-frag.c execution test
FAIL: libmudflap.cth/pass40-frag.c output pattern test
=== libmudflap Summary ===
# of expected passes 1273
# of unexpected failures 5
=== libstdc++-v3 check-abi Summary ===
# of added symbols: 542
# of missing symbols: 501
# of incompatible symbols: 501
using: /usr/local/src/trunk/gcc/libstdc++-v3/config/abi/sparc-linux-gnu/baseline_symbols.txt
=== libstdc++ tests ===
Running target unix
XPASS: 22_locale/locale/cons/12658_thread-1.cc execution test
XPASS: 26_numerics/cmath/c99_classification_macros_c.cc (test for excess errors)
FAIL: 27_io/basic_filebuf/close/char/4879.cc execution test
FAIL: 27_io/basic_filebuf/close/char/9964.cc execution test
FAIL: 27_io/basic_filebuf/imbue/char/13171-2.cc execution test
FAIL: 27_io/basic_filebuf/imbue/wchar_t/14975-2.cc execution test
FAIL: 27_io/basic_filebuf/underflow/char/10097.cc execution test
XPASS: 27_io/fpos/14320-1.cc execution test
FAIL: 27_io/objects/char/7.cc execution test
FAIL: 27_io/objects/char/9661-1.cc execution test
FAIL: 27_io/objects/wchar_t/7.cc execution test
FAIL: 27_io/objects/wchar_t/9661-1.cc execution test
FAIL: ext/array_allocator/2.cc execution test
=== libstdc++ Summary ===
# of expected passes 3468
# of unexpected failures 10
# of unexpected successes 3
# of expected failures 4
Compiler version: 4.0.0 20050211 (experimental)
Platform: sparc64-unknown-linux-gnu
configure flags: sparc64-linux --enable-__cxa_atexit --enable-shared
--enable-languages=c,c++
Counting all warnings,
there are 151 warnings in stage0 of this bootstrap.
Number of warnings per file:
56 libmudflap/mf-hooks1.c
35 libiberty/concat.c
21 libiberty/regex.c
12 libmudflap/mf-runtime.c
12 libmudflap/mf-hooks3.c
7 include/xregex2.h
4 libiberty/pex-unix.c
2 libcpp/macro.c
1 libmath/stubs.c
1 libcpp/pch.c
Number of warning types:
35 traditional C rejects ISO C style function definitions
21 signed and unsigned type in conditional expression
4 '__wrap_realloc' aliased to undefined symbol 'realloc'
4 '__wrap_munmap' aliased to undefined symbol 'munmap'
4 '__wrap_mmap' aliased to undefined symbol 'mmap'
4 '__wrap_malloc' aliased to undefined symbol 'malloc'
4 '__wrap_free' aliased to undefined symbol 'free'
4 '__wrap_calloc' aliased to undefined symbol 'calloc'
4 '__wrap_alloca' aliased to undefined symbol 'alloca'
4 variable 'out' might be clobbered by 'longjmp' or 'vfork'
4 '__real_realloc' aliased to undefined symbol 'realloc'
4 '__real_munmap' aliased to undefined symbol 'munmap'
4 '__real_mmap' aliased to undefined symbol 'mmap'
4 '__real_malloc' aliased to undefined symbol 'malloc'
4 '__real_free' aliased to undefined symbol 'free'
4 '__real_calloc' aliased to undefined symbol 'calloc'
4 '__real_alloca' aliased to undefined symbol 'alloca'
4 ISO C90 does not support 'static' or type qualifiers in
parameter array declarators
4 format '%06lu' expects type 'long unsigned int', but argument
6 has type '__suseconds_t'
4 format '%06lu' expects type 'long unsigned int', but argument
4 has type '__suseconds_t'
4 format '%06lu' expects type 'long unsigned int', but argument
15 has type '__suseconds_t'
3 ISO C90 does not support \`static' or type qualifiers in
parameter array declarators
2 '__wrap_pthread_join' aliased to undefined symbol 'pthread_join'
2 '__wrap_pthread_exit' aliased to undefined symbol 'pthread_exit'
2 '__wrap_pthread_create' aliased to undefined symbol 'pthread_create'
2 '__real_pthread_join' aliased to undefined symbol 'pthread_join'
2 '__real_pthread_exit' aliased to undefined symbol 'pthread_exit'
2 '__real_pthread_create' aliased to undefined symbol 'pthread_create'
1 pointer targets in passing arg ??? of \`???' differ in signedness
1 incompatible implicit declaration of built-in function 'fabsl'
1 assignment from incompatible pointer type
1 assignment discards qualifiers from pointer target type
Counting all warnings,
there are 6 warnings in stage3 of this bootstrap.
Number of warnings per file:
3 gengtype-lex.c
3 gcc/gcc.c
Number of warning types:
3 old-style function definition
1 string length '844' is greater than the length '509' ISO C89
compilers are required to support
1 string length '709' is greater than the length '509' ISO C89
compilers are required to support
1 string length '608' is greater than the length '509' ISO C89
compilers are required to support