This is the mail archive of the
gcc-testresults@gcc.gnu.org
mailing list for the GCC project.
Results for 4.0.0 20050213 (experimental) gfortran testsuite on powerpc-apple-darwin7.7.0
- From: coudert at clipper dot ens dot fr (Francois-Xavier Coudert)
- To: gcc-testresults at gcc dot gnu dot org
- Date: Sun, 13 Feb 2005 19:33:46 +0100 (MET)
- Subject: Results for 4.0.0 20050213 (experimental) gfortran testsuite on powerpc-apple-darwin7.7.0
LAST_UPDATED:
Native configuration is powerpc-apple-darwin7.7.0
=== gfortran tests ===
Running target unix
XPASS: gfortran.dg/ret_pointer_1.f90 -O0 execution test
XPASS: gfortran.dg/ret_pointer_1.f90 -O1 execution test
XPASS: gfortran.dg/ret_pointer_1.f90 -O2 execution test
XPASS: gfortran.dg/ret_pointer_1.f90 -O3 -fomit-frame-pointer execution test
XPASS: gfortran.dg/ret_pointer_1.f90 -O3 -fomit-frame-pointer -funroll-loops execution test
XPASS: gfortran.dg/ret_pointer_1.f90 -O3 -fomit-frame-pointer -funroll-all-loops -finline-functions execution test
XPASS: gfortran.dg/ret_pointer_1.f90 -O3 -g execution test
XPASS: gfortran.dg/ret_pointer_1.f90 -Os execution test
FAIL: gfortran.fortran-torture/execute/forall_3.f90 execution, -O1
FAIL: gfortran.fortran-torture/execute/forall_3.f90 execution, -O2
FAIL: gfortran.fortran-torture/execute/forall_3.f90 execution, -O3 -fomit-frame-pointer
FAIL: gfortran.fortran-torture/execute/forall_3.f90 execution, -O3 -fomit-frame-pointer -funroll-loops
FAIL: gfortran.fortran-torture/execute/forall_3.f90 execution, -O3 -fomit-frame-pointer -funroll-all-loops -finline-functions
FAIL: gfortran.fortran-torture/execute/forall_3.f90 execution, -O3 -g
FAIL: gfortran.fortran-torture/execute/forall_3.f90 execution, -Os
=== gfortran Summary ===
# of expected passes 5214
# of unexpected failures 7
# of unexpected successes 8
# of expected failures 18
# of unsupported tests 8
/private/tmp/gfortran-20050213/ibin/gcc/testsuite/../gfortran version 4.0.0 20050213 (experimental)
Compiler version: 4.0.0 20050213 (experimental) gfortran
Platform: powerpc-apple-darwin7.7.0
configure flags: --prefix=/usr/local/gfortran --enable-languages=c,f95,;t t