This is the mail archive of the
gcc-testresults@gcc.gnu.org
mailing list for the GCC project.
Results for 4.0.0 20050210 (experimental) testsuite on powerpc-unknown-linux-gnu
- From: Mark Wielaard <mark at wildebeest dot org>
- To: gcc-testresults at gcc dot gnu dot org, mark at wildebeest dot org
- Date: Fri, 11 Feb 2005 15:14:32 +0100
- Subject: Results for 4.0.0 20050210 (experimental) testsuite on powerpc-unknown-linux-gnu
Debian GNU/Linux 3.1
Linux 2.4.18-newpmac
binutils Version: 2.15-5
glibc Version: 2.3.2.ds1-20
Test results for libjava include the results of the Mauve testsuite
(see http://sources.redhat.com/mauve/)
LAST_UPDATED: Fri Feb 11 00:21:36 UTC 2005
Native configuration is powerpc-unknown-linux-gnu
=== g++ tests ===
Running target unix
FAIL: g++.old-deja/g++.other/init5.C execution test
=== g++ Summary ===
# of expected passes 10723
# of unexpected failures 1
# of expected failures 69
# of unsupported tests 76
/home/mark/src/gcc40/obj/gcc/testsuite/../g++ version 4.0.0 20050210 (experimental)
=== gcc tests ===
Running target unix
WARNING: program timed out.
FAIL: gcc.c-torture/compile/20001226-1.c -O3 -g (test for excess errors)
FAIL: gcc.dg/20020103-1.c scan-assembler-not LC
=== gcc Summary ===
# of expected passes 33400
# of unexpected failures 2
# of expected failures 89
# of untested testcases 28
# of unsupported tests 418
/home/mark/src/gcc40/obj/gcc/xgcc version 4.0.0 20050210 (experimental)
=== libffi tests ===
Running target unix
=== libffi Summary ===
# of expected passes 216
# of unsupported tests 2
=== libjava tests ===
Running target unix
FAIL: Mauve configure
=== libjava Summary ===
# of expected passes 3022
# of unexpected failures 1
# of expected failures 14
# of untested testcases 18
=== libstdc++-v3 check-abi Summary ===
# of added symbols: 63
# of missing symbols: 0
# of incompatible symbols: 0
using: /home/mark/src/gcc40/gcc/libstdc++-v3/config/abi/powerpc-linux-gnu/baseline_symbols.txt
=== libstdc++ tests ===
Running target unix
XPASS: 22_locale/locale/cons/12658_thread-1.cc execution test
XPASS: 26_numerics/cmath/c99_classification_macros_c.cc (test for excess errors)
=== libstdc++ Summary ===
# of expected passes 3477
# of unexpected successes 2
# of expected failures 6
Compiler version: 4.0.0 20050210 (experimental)
Platform: powerpc-unknown-linux-gnu
configure flags: --disable-multilib --disable-checking --disable-libmudflap --with-system-zlib --enable-java-awt=gtk,xlib --prefix=/usr/local/gcc40 --enable-languages=c,c++,java
time make
real 23811.56
user 16895.64
sys 5013.38
time check
Command exited with non-zero status 2
real 26067.82
user 19184.41
sys 6315.81