This is the mail archive of the
gcc-testresults@gcc.gnu.org
mailing list for the GCC project.
Results for 4.0.0 20050203 (experimental) testsuite on sparc64-sun-solaris2.9
- From: eric at localhost dot localhost (Eric Botcazou)
- To: gcc-testresults at gcc dot gnu dot org
- Date: Mon, 7 Feb 2005 09:55:44 +0100 (CET)
- Subject: Results for 4.0.0 20050203 (experimental) testsuite on sparc64-sun-solaris2.9
LAST_UPDATED: Sun Feb 6 10:19:15 UTC 2005
Native configuration is sparc64-sun-solaris2.9
=== g++ tests ===
Running target unix
WARNING: g++.old-deja/g++.mike/p10769a.C compilation failed to produce executable
=== g++ Summary ===
# of expected passes 10483
# of expected failures 72
# of unsupported tests 121
/opt/build/eric/gcc/gcc/testsuite/../g++ version 4.0.0 20050203 (experimental)
=== gcc tests ===
Running target unix
XPASS: gcc.dg/cpp/cmdlne-dI-M.c scan-file (^|\\\\n)cmdlne-dI-M.*:[^\\\\n]*cmdlne-dI-M.c
XPASS: gcc.dg/cpp/cmdlne-dM-M.c scan-file (^|\\\\n)cmdlne-dM-M[^\\\\n]*:[^\\\\n]*cmdlne-dM-M.c
FAIL: largefile.c -O0 -g (test for excess errors)
FAIL: largefile.c -O0 (test for excess errors)
FAIL: largefile.c -O1 (test for excess errors)
FAIL: largefile.c -O2 (test for excess errors)
FAIL: largefile.c -O3 -fomit-frame-pointer (test for excess errors)
FAIL: largefile.c -O3 -g (test for excess errors)
FAIL: largefile.c -Os (test for excess errors)
=== gcc Summary ===
# of expected passes 32335
# of unexpected failures 7
# of unexpected successes 2
# of expected failures 91
# of untested testcases 35
# of unsupported tests 512
/opt/build/eric/gcc/gcc/xgcc version 4.0.0 20050203 (experimental)
=== gfortran tests ===
Running target unix
XPASS: gfortran.dg/ret_pointer_1.f90 -O0 execution test
XPASS: gfortran.dg/ret_pointer_1.f90 -O1 execution test
XPASS: gfortran.dg/ret_pointer_1.f90 -O2 execution test
XPASS: gfortran.dg/ret_pointer_1.f90 -O3 -fomit-frame-pointer execution test
XPASS: gfortran.dg/ret_pointer_1.f90 -O3 -fomit-frame-pointer -funroll-loops execution test
XPASS: gfortran.dg/ret_pointer_1.f90 -O3 -fomit-frame-pointer -funroll-all-loops -finline-functions execution test
XPASS: gfortran.dg/ret_pointer_1.f90 -O3 -g execution test
XPASS: gfortran.dg/ret_pointer_1.f90 -Os execution test
FAIL: gfortran.fortran-torture/execute/forall_3.f90 execution, -O0
FAIL: gfortran.fortran-torture/execute/forall_3.f90 execution, -O1
FAIL: gfortran.fortran-torture/execute/intrinsic_nearest.f90 execution, -O0
FAIL: gfortran.fortran-torture/execute/intrinsic_nearest.f90 execution, -O1
FAIL: gfortran.fortran-torture/execute/intrinsic_nearest.f90 execution, -O2
FAIL: gfortran.fortran-torture/execute/intrinsic_nearest.f90 execution, -O3 -fomit-frame-pointer
FAIL: gfortran.fortran-torture/execute/intrinsic_nearest.f90 execution, -O3 -fomit-frame-pointer -funroll-loops
FAIL: gfortran.fortran-torture/execute/intrinsic_nearest.f90 execution, -O3 -fomit-frame-pointer -funroll-all-loops -finline-functions
FAIL: gfortran.fortran-torture/execute/intrinsic_nearest.f90 execution, -O3 -g
FAIL: gfortran.fortran-torture/execute/intrinsic_nearest.f90 execution, -Os
=== gfortran Summary ===
# of expected passes 5210
# of unexpected failures 10
# of unexpected successes 8
# of expected failures 18
# of unsupported tests 8
/opt/build/eric/gcc/gcc/testsuite/../gfortran version 4.0.0 20050203 (experimental)
=== objc tests ===
Running target unix
=== objc Summary ===
# of expected passes 1534
# of unsupported tests 10
/opt/build/eric/gcc/gcc/xgcc version 4.0.0 20050203 (experimental)
=== libffi tests ===
Running target unix
=== libffi Summary ===
# of expected passes 216
# of unsupported tests 2
=== libjava tests ===
Running target unix
FAIL: Array_3 execution - gij test
FAIL: Array_3 execution - gij test
FAIL: FileHandleGcTest execution - source compiled test
FAIL: FileHandleGcTest execution - gij test
FAIL: FileHandleGcTest execution - bytecode->native test
FAIL: FileHandleGcTest -O3 execution - source compiled test
FAIL: FileHandleGcTest execution - gij test
FAIL: FileHandleGcTest -O3 execution - bytecode->native test
WARNING: program timed out.
FAIL: Process_3 execution - source compiled test
WARNING: program timed out.
FAIL: Process_3 execution - gij test
WARNING: program timed out.
FAIL: Process_3 execution - bytecode->native test
WARNING: program timed out.
FAIL: Process_3 -O3 execution - source compiled test
WARNING: program timed out.
FAIL: Process_3 execution - gij test
WARNING: program timed out.
FAIL: Process_3 -O3 execution - bytecode->native test
WARNING: program timed out.
FAIL: Process_5 execution - source compiled test
WARNING: program timed out.
FAIL: Process_5 execution - gij test
WARNING: program timed out.
FAIL: Process_5 execution - bytecode->native test
WARNING: program timed out.
FAIL: Process_5 -O3 execution - source compiled test
WARNING: program timed out.
FAIL: Process_5 -O3 execution - bytecode->native test
FAIL: Throw_2 execution - gij test
FAIL: Throw_2 execution - gij test
=== libjava Summary ===
# of expected passes 3684
# of unexpected failures 21
# of expected failures 14
# of untested testcases 37
=== libstdc++ tests ===
Running target unix
=== libstdc++ Summary ===
# of expected passes 3478
# of expected failures 7
Compiler version: 4.0.0 20050203 (experimental)
Platform: sparc64-sun-solaris2.9
configure flags: sparc64-sun-solaris2.9 --prefix=/opt/build/eric/local/gcc-4.0 --with-gmp=/opt/build/eric/local --with-mpfr=/opt/build/eric/local --with-local-prefix=/opt/build/eric/local --enable-checking=assert,misc,rtlflag --disable-multilib --enable-languages=c,c++,f95,java,objc
BOOT_CFLAGS=-g -O2