This is the mail archive of the
gcc-testresults@gcc.gnu.org
mailing list for the GCC project.
Results for 4.0.0 20050203 (experimental) testsuite on powerpc64-unknown-linux-gnu
- From: Janis Johnson <janis187 at us dot ibm dot com>
- To: gcc-testresults at gcc dot gnu dot org
- Date: Sun, 6 Feb 2005 21:52:39 -0800
- Subject: Results for 4.0.0 20050203 (experimental) testsuite on powerpc64-unknown-linux-gnu
Linux 2.4.21-17.EL ppc64
GNU C Library stable release version 2.3.2
GNU ld version 2.15
GNU assembler 2.15
GNU Make version 3.79.1
DejaGnu:
Expect version is 5.40.0
Tcl version is 8.4
Framework version is 1.4.4
32-bit biarch default32
CVS branch: mainline
This hardware does not support VMX instructions.
LAST_UPDATED: Mon Feb 7 02:12:34 UTC 2005
Native configuration is powerpc64-unknown-linux-gnu
=== g++ tests ===
Running target unix/-m32
WARNING: g++.old-deja/g++.mike/p10769a.C compilation failed to produce executable
=== g++ Summary for unix/-m32 ===
# of expected passes 10698
# of expected failures 71
# of unsupported tests 76
Running target unix/-m64
WARNING: g++.old-deja/g++.mike/p10769a.C compilation failed to produce executable
=== g++ Summary for unix/-m64 ===
# of expected passes 10660
# of expected failures 71
# of unsupported tests 79
=== g++ Summary ===
# of expected passes 21358
# of expected failures 142
# of unsupported tests 155
/home/gccbuild/build/nightly/build-gcc-mline/gcc/testsuite/../g++ version 4.0.0 20050203 (experimental)
=== gcc tests ===
Running target unix/-m32
=== gcc Summary for unix/-m32 ===
# of expected passes 34145
# of expected failures 89
# of untested testcases 28
# of unsupported tests 436
Running target unix/-m64
FAIL: gcc.c-torture/execute/20010224-1.c compilation, -O3 -fomit-frame-pointer
UNRESOLVED: gcc.c-torture/execute/20010224-1.c execution, -O3 -fomit-frame-pointer
FAIL: gcc.c-torture/execute/20010224-1.c compilation, -O3 -g
UNRESOLVED: gcc.c-torture/execute/20010224-1.c execution, -O3 -g
FAIL: gcc.c-torture/execute/920302-1.c compilation, -O1
UNRESOLVED: gcc.c-torture/execute/920302-1.c execution, -O1
FAIL: gcc.c-torture/execute/920302-1.c compilation, -O2
UNRESOLVED: gcc.c-torture/execute/920302-1.c execution, -O2
FAIL: gcc.c-torture/execute/920302-1.c compilation, -O3 -fomit-frame-pointer
UNRESOLVED: gcc.c-torture/execute/920302-1.c execution, -O3 -fomit-frame-pointer
FAIL: gcc.c-torture/execute/920302-1.c compilation, -O3 -g
UNRESOLVED: gcc.c-torture/execute/920302-1.c execution, -O3 -g
FAIL: gcc.c-torture/execute/920302-1.c compilation, -Os
UNRESOLVED: gcc.c-torture/execute/920302-1.c execution, -Os
FAIL: gcc.c-torture/execute/920501-3.c compilation, -O1
UNRESOLVED: gcc.c-torture/execute/920501-3.c execution, -O1
FAIL: gcc.c-torture/execute/920501-3.c compilation, -O2
UNRESOLVED: gcc.c-torture/execute/920501-3.c execution, -O2
FAIL: gcc.c-torture/execute/920501-3.c compilation, -O3 -fomit-frame-pointer
UNRESOLVED: gcc.c-torture/execute/920501-3.c execution, -O3 -fomit-frame-pointer
FAIL: gcc.c-torture/execute/920501-3.c compilation, -O3 -g
UNRESOLVED: gcc.c-torture/execute/920501-3.c execution, -O3 -g
FAIL: gcc.c-torture/execute/920501-3.c compilation, -Os
UNRESOLVED: gcc.c-torture/execute/920501-3.c execution, -Os
FAIL: gcc.c-torture/execute/ieee/minuszero.c compilation, -O1
UNRESOLVED: gcc.c-torture/execute/ieee/minuszero.c execution, -O1
FAIL: gcc.c-torture/execute/ieee/minuszero.c compilation, -O2
UNRESOLVED: gcc.c-torture/execute/ieee/minuszero.c execution, -O2
FAIL: gcc.c-torture/execute/ieee/minuszero.c compilation, -O3 -fomit-frame-pointer
UNRESOLVED: gcc.c-torture/execute/ieee/minuszero.c execution, -O3 -fomit-frame-pointer
FAIL: gcc.c-torture/execute/ieee/minuszero.c compilation, -O3 -fomit-frame-pointer -funroll-loops
UNRESOLVED: gcc.c-torture/execute/ieee/minuszero.c execution, -O3 -fomit-frame-pointer -funroll-loops
FAIL: gcc.c-torture/execute/ieee/minuszero.c compilation, -O3 -fomit-frame-pointer -funroll-all-loops -finline-functions
UNRESOLVED: gcc.c-torture/execute/ieee/minuszero.c execution, -O3 -fomit-frame-pointer -funroll-all-loops -finline-functions
FAIL: gcc.c-torture/execute/ieee/minuszero.c compilation, -O3 -g
UNRESOLVED: gcc.c-torture/execute/ieee/minuszero.c execution, -O3 -g
FAIL: gcc.c-torture/execute/ieee/minuszero.c compilation, -Os
UNRESOLVED: gcc.c-torture/execute/ieee/minuszero.c execution, -Os
FAIL: gcc.dg/20030225-1.c (test for excess errors)
WARNING: gcc.dg/20030225-1.c compilation failed to produce executable
FAIL: gcc.dg/uninit-4.c uninitialized variable warning (test for bogus messages, line 26)
FAIL: gcc.dg/vect/pr18536.c (test for excess errors)
FAIL: gcc.dg/vect/vect-1.c (test for excess errors)
FAIL: gcc.dg/vect/vect-12.c (test for excess errors)
FAIL: gcc.dg/vect/vect-17.c (test for excess errors)
FAIL: gcc.dg/vect/vect-18.c (test for excess errors)
FAIL: gcc.dg/vect/vect-19.c (test for excess errors)
FAIL: gcc.dg/vect/vect-20.c (test for excess errors)
FAIL: gcc.dg/vect/vect-21.c (test for excess errors)
FAIL: gcc.dg/vect/vect-22.c (test for excess errors)
FAIL: gcc.dg/vect/vect-23.c (test for excess errors)
FAIL: gcc.dg/vect/vect-24.c (test for excess errors)
FAIL: gcc.dg/vect/vect-7.c (test for excess errors)
FAIL: gcc.dg/vect/vect-9.c (test for excess errors)
FAIL: gcc.dg/vect/vect-all.c (test for excess errors)
FAIL: gcc.dg/vect/vect-none.c (test for excess errors)
=== gcc Summary for unix/-m64 ===
# of expected passes 34096
# of unexpected failures 36
# of expected failures 95
# of unresolved testcases 19
# of untested testcases 28
# of unsupported tests 433
=== gcc Summary ===
# of expected passes 68241
# of unexpected failures 36
# of expected failures 184
# of unresolved testcases 19
# of untested testcases 56
# of unsupported tests 869
/home/gccbuild/build/nightly/build-gcc-mline/gcc/xgcc version 4.0.0 20050203 (experimental)
=== gfortran tests ===
Running target unix/-m32
XPASS: gfortran.dg/ret_pointer_1.f90 -O0 execution test
XPASS: gfortran.dg/ret_pointer_1.f90 -O1 execution test
FAIL: gfortran.fortran-torture/execute/forall_3.f90 execution, -O1
FAIL: gfortran.fortran-torture/execute/forall_3.f90 execution, -O2
FAIL: gfortran.fortran-torture/execute/forall_3.f90 execution, -O3 -fomit-frame-pointer
FAIL: gfortran.fortran-torture/execute/forall_3.f90 execution, -O3 -g
FAIL: gfortran.fortran-torture/execute/forall_3.f90 execution, -Os
=== gfortran Summary for unix/-m32 ===
# of expected passes 5215
# of unexpected failures 5
# of unexpected successes 2
# of expected failures 24
# of unsupported tests 8
Running target unix/-m64
FAIL: gfortran.dg/array-1.f90 -O1 (test for excess errors)
WARNING: gfortran.dg/array-1.f90 -O1 compilation failed to produce executable
FAIL: gfortran.dg/array-1.f90 -O2 (test for excess errors)
WARNING: gfortran.dg/array-1.f90 -O2 compilation failed to produce executable
FAIL: gfortran.dg/array-1.f90 -O3 -fomit-frame-pointer (test for excess errors)
WARNING: gfortran.dg/array-1.f90 -O3 -fomit-frame-pointer compilation failed to produce executable
FAIL: gfortran.dg/array-1.f90 -O3 -fomit-frame-pointer -funroll-loops (test for excess errors)
WARNING: gfortran.dg/array-1.f90 -O3 -fomit-frame-pointer -funroll-loops compilation failed to produce executable
FAIL: gfortran.dg/array-1.f90 -O3 -fomit-frame-pointer -funroll-all-loops -finline-functions (test for excess errors)
WARNING: gfortran.dg/array-1.f90 -O3 -fomit-frame-pointer -funroll-all-loops -finline-functions compilation failed to produce executable
FAIL: gfortran.dg/array-1.f90 -O3 -g (test for excess errors)
WARNING: gfortran.dg/array-1.f90 -O3 -g compilation failed to produce executable
FAIL: gfortran.dg/array-1.f90 -Os (test for excess errors)
WARNING: gfortran.dg/array-1.f90 -Os compilation failed to produce executable
FAIL: gfortran.dg/der_array_1.f90 -O1 (test for excess errors)
WARNING: gfortran.dg/der_array_1.f90 -O1 compilation failed to produce executable
FAIL: gfortran.dg/der_array_1.f90 -O2 (test for excess errors)
WARNING: gfortran.dg/der_array_1.f90 -O2 compilation failed to produce executable
FAIL: gfortran.dg/der_array_1.f90 -O3 -fomit-frame-pointer (test for excess errors)
WARNING: gfortran.dg/der_array_1.f90 -O3 -fomit-frame-pointer compilation failed to produce executable
FAIL: gfortran.dg/der_array_1.f90 -O3 -fomit-frame-pointer -funroll-loops (test for excess errors)
WARNING: gfortran.dg/der_array_1.f90 -O3 -fomit-frame-pointer -funroll-loops compilation failed to produce executable
FAIL: gfortran.dg/der_array_1.f90 -O3 -fomit-frame-pointer -funroll-all-loops -finline-functions (test for excess errors)
WARNING: gfortran.dg/der_array_1.f90 -O3 -fomit-frame-pointer -funroll-all-loops -finline-functions compilation failed to produce executable
FAIL: gfortran.dg/der_array_1.f90 -O3 -g (test for excess errors)
WARNING: gfortran.dg/der_array_1.f90 -O3 -g compilation failed to produce executable
FAIL: gfortran.dg/der_array_1.f90 -Os (test for excess errors)
WARNING: gfortran.dg/der_array_1.f90 -Os compilation failed to produce executable
FAIL: gfortran.dg/entry_2.f90 -O (test for excess errors)
FAIL: gfortran.dg/pr15957.f90 -O1 (test for excess errors)
WARNING: gfortran.dg/pr15957.f90 -O1 compilation failed to produce executable
FAIL: gfortran.dg/pr15957.f90 -O2 (test for excess errors)
WARNING: gfortran.dg/pr15957.f90 -O2 compilation failed to produce executable
FAIL: gfortran.dg/pr15957.f90 -O3 -fomit-frame-pointer (test for excess errors)
WARNING: gfortran.dg/pr15957.f90 -O3 -fomit-frame-pointer compilation failed to produce executable
FAIL: gfortran.dg/pr15957.f90 -O3 -fomit-frame-pointer -funroll-loops (test for excess errors)
WARNING: gfortran.dg/pr15957.f90 -O3 -fomit-frame-pointer -funroll-loops compilation failed to produce executable
FAIL: gfortran.dg/pr15957.f90 -O3 -fomit-frame-pointer -funroll-all-loops -finline-functions (test for excess errors)
WARNING: gfortran.dg/pr15957.f90 -O3 -fomit-frame-pointer -funroll-all-loops -finline-functions compilation failed to produce executable
FAIL: gfortran.dg/pr15957.f90 -O3 -g (test for excess errors)
WARNING: gfortran.dg/pr15957.f90 -O3 -g compilation failed to produce executable
FAIL: gfortran.dg/pr15957.f90 -Os (test for excess errors)
WARNING: gfortran.dg/pr15957.f90 -Os compilation failed to produce executable
XPASS: gfortran.dg/ret_pointer_1.f90 -O0 execution test
XPASS: gfortran.dg/ret_pointer_1.f90 -O1 execution test
XPASS: gfortran.dg/ret_pointer_1.f90 -O2 execution test
XPASS: gfortran.dg/ret_pointer_1.f90 -O3 -fomit-frame-pointer execution test
XPASS: gfortran.dg/ret_pointer_1.f90 -O3 -fomit-frame-pointer -funroll-loops execution test
XPASS: gfortran.dg/ret_pointer_1.f90 -O3 -fomit-frame-pointer -funroll-all-loops -finline-functions execution test
XPASS: gfortran.dg/ret_pointer_1.f90 -O3 -g execution test
XPASS: gfortran.dg/ret_pointer_1.f90 -Os execution test
FAIL: gfortran.dg/g77/cabs.f -O0 execution test
FAIL: gfortran.dg/g77/cabs.f -O1 execution test
FAIL: gfortran.dg/g77/cabs.f -O2 execution test
FAIL: gfortran.dg/g77/cabs.f -O3 -fomit-frame-pointer execution test
FAIL: gfortran.dg/g77/cabs.f -O3 -fomit-frame-pointer -funroll-loops execution test
FAIL: gfortran.dg/g77/cabs.f -O3 -fomit-frame-pointer -funroll-all-loops -finline-functions execution test
FAIL: gfortran.dg/g77/cabs.f -O3 -g execution test
FAIL: gfortran.dg/g77/cabs.f -Os execution test
FAIL: gfortran.fortran-torture/execute/arrayarg.f90 compilation, -O1
FAIL: gfortran.fortran-torture/execute/arrayarg.f90 compilation, -O2
FAIL: gfortran.fortran-torture/execute/arrayarg.f90 compilation, -O3 -fomit-frame-pointer
FAIL: gfortran.fortran-torture/execute/arrayarg.f90 compilation, -O3 -g
FAIL: gfortran.fortran-torture/execute/arrayarg.f90 compilation, -Os
FAIL: gfortran.fortran-torture/execute/arraysave.f90 compilation, -O1
FAIL: gfortran.fortran-torture/execute/arraysave.f90 compilation, -O2
FAIL: gfortran.fortran-torture/execute/arraysave.f90 compilation, -O3 -fomit-frame-pointer
FAIL: gfortran.fortran-torture/execute/arraysave.f90 compilation, -O3 -fomit-frame-pointer -funroll-loops
FAIL: gfortran.fortran-torture/execute/arraysave.f90 compilation, -O3 -fomit-frame-pointer -funroll-all-loops -finline-functions
FAIL: gfortran.fortran-torture/execute/arraysave.f90 compilation, -O3 -g
FAIL: gfortran.fortran-torture/execute/arraysave.f90 compilation, -Os
FAIL: gfortran.fortran-torture/execute/assumed_size.f90 compilation, -O1
FAIL: gfortran.fortran-torture/execute/assumed_size.f90 compilation, -O2
FAIL: gfortran.fortran-torture/execute/assumed_size.f90 compilation, -O3 -fomit-frame-pointer
FAIL: gfortran.fortran-torture/execute/assumed_size.f90 compilation, -O3 -fomit-frame-pointer -funroll-loops
FAIL: gfortran.fortran-torture/execute/assumed_size.f90 compilation, -O3 -fomit-frame-pointer -funroll-all-loops -finline-functions
FAIL: gfortran.fortran-torture/execute/assumed_size.f90 compilation, -O3 -g
FAIL: gfortran.fortran-torture/execute/assumed_size.f90 compilation, -Os
FAIL: gfortran.fortran-torture/execute/dep_fails.f90 compilation, -O1
FAIL: gfortran.fortran-torture/execute/dep_fails.f90 compilation, -O2
FAIL: gfortran.fortran-torture/execute/dep_fails.f90 compilation, -O3 -fomit-frame-pointer
FAIL: gfortran.fortran-torture/execute/dep_fails.f90 compilation, -O3 -fomit-frame-pointer -funroll-loops
FAIL: gfortran.fortran-torture/execute/dep_fails.f90 compilation, -O3 -fomit-frame-pointer -funroll-all-loops -finline-functions
FAIL: gfortran.fortran-torture/execute/dep_fails.f90 compilation, -O3 -g
FAIL: gfortran.fortran-torture/execute/dep_fails.f90 compilation, -Os
FAIL: gfortran.fortran-torture/execute/elemental.f90 compilation, -O1
FAIL: gfortran.fortran-torture/execute/elemental.f90 compilation, -O2
FAIL: gfortran.fortran-torture/execute/elemental.f90 compilation, -O3 -fomit-frame-pointer
FAIL: gfortran.fortran-torture/execute/elemental.f90 compilation, -O3 -fomit-frame-pointer -funroll-loops
FAIL: gfortran.fortran-torture/execute/elemental.f90 compilation, -O3 -fomit-frame-pointer -funroll-all-loops -finline-functions
FAIL: gfortran.fortran-torture/execute/elemental.f90 compilation, -O3 -g
FAIL: gfortran.fortran-torture/execute/elemental.f90 compilation, -Os
FAIL: gfortran.fortran-torture/execute/forall_3.f90 execution, -O0
FAIL: gfortran.fortran-torture/execute/forall_3.f90 execution, -O1
FAIL: gfortran.fortran-torture/execute/forall_3.f90 execution, -O2
FAIL: gfortran.fortran-torture/execute/forall_3.f90 execution, -O3 -fomit-frame-pointer
FAIL: gfortran.fortran-torture/execute/forall_3.f90 execution, -O3 -fomit-frame-pointer -funroll-loops
FAIL: gfortran.fortran-torture/execute/forall_3.f90 execution, -O3 -fomit-frame-pointer -funroll-all-loops -finline-functions
FAIL: gfortran.fortran-torture/execute/forall_3.f90 execution, -O3 -g
FAIL: gfortran.fortran-torture/execute/forall_3.f90 execution, -Os
FAIL: gfortran.fortran-torture/execute/intrinsic_abs.f90 execution, -O0
FAIL: gfortran.fortran-torture/execute/intrinsic_abs.f90 execution, -O1
FAIL: gfortran.fortran-torture/execute/intrinsic_abs.f90 execution, -O2
FAIL: gfortran.fortran-torture/execute/intrinsic_abs.f90 execution, -O3 -fomit-frame-pointer
FAIL: gfortran.fortran-torture/execute/intrinsic_abs.f90 execution, -O3 -fomit-frame-pointer -funroll-loops
FAIL: gfortran.fortran-torture/execute/intrinsic_abs.f90 execution, -O3 -fomit-frame-pointer -funroll-all-loops -finline-functions
FAIL: gfortran.fortran-torture/execute/intrinsic_abs.f90 execution, -O3 -g
FAIL: gfortran.fortran-torture/execute/intrinsic_abs.f90 execution, -Os
FAIL: gfortran.fortran-torture/execute/intrinsic_matmul.f90 compilation, -O1
FAIL: gfortran.fortran-torture/execute/intrinsic_matmul.f90 compilation, -O2
FAIL: gfortran.fortran-torture/execute/intrinsic_matmul.f90 compilation, -O3 -fomit-frame-pointer
FAIL: gfortran.fortran-torture/execute/intrinsic_matmul.f90 compilation, -O3 -fomit-frame-pointer -funroll-loops
FAIL: gfortran.fortran-torture/execute/intrinsic_matmul.f90 compilation, -O3 -fomit-frame-pointer -funroll-all-loops -finline-functions
FAIL: gfortran.fortran-torture/execute/intrinsic_matmul.f90 compilation, -O3 -g
FAIL: gfortran.fortran-torture/execute/intrinsic_matmul.f90 compilation, -Os
FAIL: gfortran.fortran-torture/execute/intrinsic_mmloc_3.f90 compilation, -O1
FAIL: gfortran.fortran-torture/execute/intrinsic_mmloc_3.f90 compilation, -O2
FAIL: gfortran.fortran-torture/execute/intrinsic_mmloc_3.f90 compilation, -O3 -fomit-frame-pointer
FAIL: gfortran.fortran-torture/execute/intrinsic_mmloc_3.f90 compilation, -O3 -fomit-frame-pointer -funroll-loops
FAIL: gfortran.fortran-torture/execute/intrinsic_mmloc_3.f90 compilation, -O3 -fomit-frame-pointer -funroll-all-loops -finline-functions
FAIL: gfortran.fortran-torture/execute/intrinsic_mmloc_3.f90 compilation, -O3 -g
FAIL: gfortran.fortran-torture/execute/intrinsic_mmloc_3.f90 compilation, -Os
FAIL: gfortran.fortran-torture/execute/intrinsic_spread.f90 compilation, -O1
FAIL: gfortran.fortran-torture/execute/intrinsic_spread.f90 compilation, -O2
FAIL: gfortran.fortran-torture/execute/intrinsic_spread.f90 compilation, -O3 -fomit-frame-pointer
FAIL: gfortran.fortran-torture/execute/intrinsic_spread.f90 compilation, -O3 -fomit-frame-pointer -funroll-loops
FAIL: gfortran.fortran-torture/execute/intrinsic_spread.f90 compilation, -O3 -fomit-frame-pointer -funroll-all-loops -finline-functions
FAIL: gfortran.fortran-torture/execute/intrinsic_spread.f90 compilation, -O3 -g
FAIL: gfortran.fortran-torture/execute/intrinsic_spread.f90 compilation, -Os
FAIL: gfortran.fortran-torture/execute/intrinsic_transpose.f90 compilation, -O1
FAIL: gfortran.fortran-torture/execute/intrinsic_transpose.f90 compilation, -O2
FAIL: gfortran.fortran-torture/execute/intrinsic_transpose.f90 compilation, -O3 -fomit-frame-pointer
FAIL: gfortran.fortran-torture/execute/intrinsic_transpose.f90 compilation, -O3 -fomit-frame-pointer -funroll-loops
FAIL: gfortran.fortran-torture/execute/intrinsic_transpose.f90 compilation, -O3 -fomit-frame-pointer -funroll-all-loops -finline-functions
FAIL: gfortran.fortran-torture/execute/intrinsic_transpose.f90 compilation, -O3 -g
FAIL: gfortran.fortran-torture/execute/intrinsic_transpose.f90 compilation, -Os
FAIL: gfortran.fortran-torture/execute/partparm.f90 compilation, -O1
FAIL: gfortran.fortran-torture/execute/partparm.f90 compilation, -O2
FAIL: gfortran.fortran-torture/execute/partparm.f90 compilation, -O3 -fomit-frame-pointer
FAIL: gfortran.fortran-torture/execute/partparm.f90 compilation, -O3 -fomit-frame-pointer -funroll-loops
FAIL: gfortran.fortran-torture/execute/partparm.f90 compilation, -O3 -fomit-frame-pointer -funroll-all-loops -finline-functions
FAIL: gfortran.fortran-torture/execute/partparm.f90 compilation, -O3 -g
FAIL: gfortran.fortran-torture/execute/partparm.f90 compilation, -Os
FAIL: gfortran.fortran-torture/execute/power.f90 execution, -O0
FAIL: gfortran.fortran-torture/execute/power.f90 execution, -O1
FAIL: gfortran.fortran-torture/execute/power.f90 execution, -O2
FAIL: gfortran.fortran-torture/execute/power.f90 execution, -O3 -fomit-frame-pointer
FAIL: gfortran.fortran-torture/execute/power.f90 execution, -O3 -fomit-frame-pointer -funroll-loops
FAIL: gfortran.fortran-torture/execute/power.f90 execution, -O3 -fomit-frame-pointer -funroll-all-loops -finline-functions
FAIL: gfortran.fortran-torture/execute/power.f90 execution, -O3 -g
FAIL: gfortran.fortran-torture/execute/power.f90 execution, -Os
FAIL: gfortran.fortran-torture/execute/retarray.f90 compilation, -O1
FAIL: gfortran.fortran-torture/execute/retarray.f90 compilation, -O2
FAIL: gfortran.fortran-torture/execute/retarray.f90 compilation, -O3 -fomit-frame-pointer
FAIL: gfortran.fortran-torture/execute/retarray.f90 compilation, -O3 -g
FAIL: gfortran.fortran-torture/execute/retarray.f90 compilation, -Os
FAIL: gfortran.fortran-torture/execute/scalarize.f90 compilation, -O1
FAIL: gfortran.fortran-torture/execute/scalarize.f90 compilation, -O2
FAIL: gfortran.fortran-torture/execute/scalarize.f90 compilation, -O3 -fomit-frame-pointer
FAIL: gfortran.fortran-torture/execute/scalarize.f90 compilation, -O3 -fomit-frame-pointer -funroll-loops
FAIL: gfortran.fortran-torture/execute/scalarize.f90 compilation, -O3 -fomit-frame-pointer -funroll-all-loops -finline-functions
FAIL: gfortran.fortran-torture/execute/scalarize.f90 compilation, -O3 -g
FAIL: gfortran.fortran-torture/execute/scalarize.f90 compilation, -Os
FAIL: gfortran.fortran-torture/execute/st_function.f90 compilation, -O1
FAIL: gfortran.fortran-torture/execute/st_function.f90 compilation, -O2
FAIL: gfortran.fortran-torture/execute/st_function.f90 compilation, -O3 -fomit-frame-pointer
FAIL: gfortran.fortran-torture/execute/st_function.f90 compilation, -O3 -g
FAIL: gfortran.fortran-torture/execute/st_function.f90 compilation, -Os
FAIL: gfortran.fortran-torture/execute/test_slice.f90 compilation, -O1
FAIL: gfortran.fortran-torture/execute/test_slice.f90 compilation, -O2
FAIL: gfortran.fortran-torture/execute/test_slice.f90 compilation, -O3 -fomit-frame-pointer
FAIL: gfortran.fortran-torture/execute/test_slice.f90 compilation, -O3 -g
FAIL: gfortran.fortran-torture/execute/test_slice.f90 compilation, -Os
FAIL: gfortran.fortran-torture/execute/where_3.f90 compilation, -O1
FAIL: gfortran.fortran-torture/execute/where_3.f90 compilation, -O2
FAIL: gfortran.fortran-torture/execute/where_3.f90 compilation, -O3 -fomit-frame-pointer
FAIL: gfortran.fortran-torture/execute/where_3.f90 compilation, -O3 -g
FAIL: gfortran.fortran-torture/execute/where_3.f90 compilation, -Os
=== gfortran Summary for unix/-m64 ===
# of expected passes 4955
# of unexpected failures 149
# of unexpected successes 8
# of expected failures 18
# of untested testcases 95
# of unsupported tests 8
=== gfortran Summary ===
# of expected passes 10170
# of unexpected failures 154
# of unexpected successes 10
# of expected failures 42
# of untested testcases 95
# of unsupported tests 16
/home/gccbuild/build/nightly/build-gcc-mline/gcc/testsuite/../gfortran version 4.0.0 20050203 (experimental)
=== objc tests ===
Running target unix/-m32
=== objc Summary for unix/-m32 ===
# of expected passes 1534
# of unsupported tests 10
Running target unix/-m64
=== objc Summary for unix/-m64 ===
# of expected passes 1534
# of unsupported tests 10
=== objc Summary ===
# of expected passes 3068
# of unsupported tests 20
/home/gccbuild/build/nightly/build-gcc-mline/gcc/xgcc version 4.0.0 20050203 (experimental)
=== libmudflap tests ===
Running target unix/-m32
=== libmudflap Summary for unix/-m32 ===
# of expected passes 1280
Running target unix/-m64
FAIL: libmudflap.c/fail27-frag.c output pattern test
FAIL: libmudflap.c/fail27-frag.c (-O2) output pattern test
FAIL: libmudflap.c/fail27-frag.c (-O3) output pattern test
=== libmudflap Summary for unix/-m64 ===
# of expected passes 1277
# of unexpected failures 3
=== libmudflap Summary ===
# of expected passes 2557
# of unexpected failures 3
=== libstdc++-v3 check-abi Summary ===
# of added symbols: 63
# of missing symbols: 0
# of incompatible symbols: 0
using: /home/gccbuild/gcc_mline_anoncvs/gcc/libstdc++-v3/config/abi/powerpc-linux-gnu/baseline_symbols.txt
=== libstdc++ tests ===
Running target unix/-m32
XPASS: 26_numerics/cmath/c99_classification_macros_c.cc (test for excess errors)
FAIL: ext/array_allocator/2.cc execution test
=== libstdc++ Summary for unix/-m32 ===
# of expected passes 3477
# of unexpected failures 1
# of unexpected successes 1
# of expected failures 6
Running target unix/-m64
FAIL: 22_locale/ctype/is/char/1.cc (test for excess errors)
WARNING: 22_locale/ctype/is/char/1.cc compilation failed to produce executable
FAIL: 22_locale/ctype/is/char/2.cc (test for excess errors)
WARNING: 22_locale/ctype/is/char/2.cc compilation failed to produce executable
FAIL: 22_locale/ctype/is/char/3.cc (test for excess errors)
WARNING: 22_locale/ctype/is/char/3.cc compilation failed to produce executable
FAIL: 22_locale/ctype/is/char/wrapped_env.cc (test for excess errors)
WARNING: 22_locale/ctype/is/char/wrapped_env.cc compilation failed to produce executable
FAIL: 22_locale/ctype/is/char/wrapped_locale.cc (test for excess errors)
WARNING: 22_locale/ctype/is/char/wrapped_locale.cc compilation failed to produce executable
FAIL: 22_locale/ctype/is/wchar_t/1.cc (test for excess errors)
WARNING: 22_locale/ctype/is/wchar_t/1.cc compilation failed to produce executable
FAIL: 22_locale/ctype/is/wchar_t/2.cc (test for excess errors)
WARNING: 22_locale/ctype/is/wchar_t/2.cc compilation failed to produce executable
FAIL: 22_locale/ctype/is/wchar_t/wrapped_env.cc (test for excess errors)
WARNING: 22_locale/ctype/is/wchar_t/wrapped_env.cc compilation failed to produce executable
FAIL: 22_locale/ctype/is/wchar_t/wrapped_locale.cc (test for excess errors)
WARNING: 22_locale/ctype/is/wchar_t/wrapped_locale.cc compilation failed to produce executable
XPASS: 22_locale/locale/cons/12658_thread-1.cc execution test
FAIL: 22_locale/messages/members/char/1.cc execution test
FAIL: 22_locale/messages/members/char/2.cc execution test
FAIL: 22_locale/messages/members/char/wrapped_env.cc execution test
FAIL: 22_locale/messages/members/char/wrapped_locale.cc execution test
FAIL: 22_locale/messages_byname/named_equivalence.cc execution test
FAIL: 22_locale/numpunct/members/pod/2.cc (test for excess errors)
WARNING: 22_locale/numpunct/members/pod/2.cc compilation failed to produce executable
XPASS: 26_numerics/cmath/c99_classification_macros_c.cc (test for excess errors)
FAIL: 26_numerics/complex/13450.cc execution test
FAIL: 26_numerics/complex/complex_value.cc execution test
FAIL: 26_numerics/complex/pow.cc execution test
XPASS: 27_io/fpos/14320-1.cc execution test
FAIL: ext/array_allocator/2.cc execution test
=== libstdc++ Summary for unix/-m64 ===
# of expected passes 3449
# of unexpected failures 19
# of unexpected successes 3
# of expected failures 4
=== libstdc++ Summary ===
# of expected passes 6926
# of unexpected failures 20
# of unexpected successes 4
# of expected failures 10
Compiler version: 4.0.0 20050203 (experimental)
Platform: powerpc64-unknown-linux-gnu
configure flags: --prefix=/opt/gcc-nightly/mline-20050207 --build=powerpc64-linux --host=powerpc64-linux --target=powerpc64-linux --with-cpu=default32 --with-as=/opt/gcc-nightly/binutils/bin/as --with-ld=/opt/gcc-nightly/binutils/bin/ld --enable-threads=posix --enable-shared --enable-__cxa_atexit --with-mpfr=/opt/gcc-nightly/gmp --enable-languages=c,c++,f95,objc
=== Test Framework Summary ===
# of expected passes 2486