This is the mail archive of the
gcc-testresults@gcc.gnu.org
mailing list for the GCC project.
Results for 3.4.3 testsuite on i686-pc-linux-gnu
- From: Bjørn Olav Ruud <boru at localhost>
- To: gcc-testresults at gcc dot gnu dot org
- Date: Wed, 2 Feb 2005 02:02:17 +0100
- Subject: Results for 3.4.3 testsuite on i686-pc-linux-gnu
Mandrake 10.1 x86 (running on Intel P4 HT 2.8 GHz)
Kernel 2.6.8.1
glibc 2.3.3
LAST_UPDATED: Obtained from CVS: -rgcc_3_4_3_release
Native configuration is i686-pc-linux-gnu
=== g77 tests ===
Running target unix
=== g77 Summary ===
# of expected passes 1824
/home/boru/download/gccbuild/gcc/testsuite/../g77 version 3.4.3
=== gcc tests ===
Running target unix
FAIL: gcc.c-torture/execute/va-arg-25.c execution, -Os
=== gcc Summary ===
# of expected passes 25625
# of unexpected failures 1
# of expected failures 70
# of untested testcases 7
# of unsupported tests 200
/home/boru/download/gccbuild/gcc/xgcc version 3.4.3
=== g++ tests ===
Running target unix
XPASS: g++.dg/rtti/tinfo1.C scan-assembler _ZTIP9CTemplateIhE:
XPASS: g++.dg/rtti/tinfo1.C scan-assembler-not .globl[ \\t]+_ZTIP9CTemplateIhE
WARNING: g++.old-deja/g++.mike/p10769a.C compilation failed to produce executable
WARNING: g++.old-deja/g++.other/enum5.C compilation failed to produce executable
WARNING: g++.old-deja/g++.pt/friend44.C compilation failed to produce executable
=== g++ Summary ===
# of expected passes 9730
# of unexpected successes 2
# of expected failures 72
# of unsupported tests 43
/home/boru/download/gccbuild/gcc/testsuite/../g++ version 3.4.3
=== objc tests ===
Running target unix
=== objc Summary ===
# of expected passes 1352
# of unsupported tests 8
/home/boru/download/gccbuild/gcc/xgcc version 3.4.3
=== libffi tests ===
Running target unix
=== libffi Summary ===
# of expected passes 212
# of unsupported tests 2
=== libjava tests ===
Running target unix
FAIL: linking simple
=== libjava Summary ===
# of expected passes 3260
# of unexpected failures 1
# of expected failures 11
# of untested testcases 8
=== libstdc++-v3 check-abi Summary ===
# of added symbols: 56
# of missing symbols: 46
# of incompatible symbols: 46
using: /home/boru/download/gcc-3.4.3/libstdc++-v3/config/abi/i486-linux-gnu/baseline_symbols.txt
=== libstdc++ tests ===
Running target unix
XPASS: 22_locale/locale/cons/12658_thread.cc execution test
XPASS: 26_numerics/c99_classification_macros_c.cc (test for excess errors)
=== libstdc++ Summary ===
# of expected passes 2722
# of unexpected successes 2
# of expected failures 5
Compiler version: 3.4.3
Platform: i686-pc-linux-gnu
configure flags: none