This is the mail archive of the gcc-testresults@gcc.gnu.org mailing list for the GCC project.
Index Nav: | [Date Index] [Subject Index] [Author Index] [Thread Index] | |
---|---|---|
Message Nav: | [Date Prev] [Date Next] | [Thread Prev] [Thread Next] |
Other format: | [Raw text] |
LAST_UPDATED: Tue Dec 28 17:32:12 UTC 2004 Native configuration is ia64-unknown-linux-gnu === gcc tests === Running target unix FAIL: gcc.dg/compat/struct-by-value-18 c_compat_x_tst.o-c_compat_y_tst.o execute FAIL: gcc.dg/compat/struct-by-value-7a c_compat_x_tst.o-c_compat_y_tst.o execute FAIL: gcc.dg/compat/struct-by-value-7b c_compat_x_tst.o-c_compat_y_tst.o execute FAIL: tmpdir-gcc.dg-struct-layout-1/t001 c_compat_x_tst.o-c_compat_y_tst.o execute FAIL: tmpdir-gcc.dg-struct-layout-1/t011 c_compat_x_tst.o compile UNRESOLVED: tmpdir-gcc.dg-struct-layout-1/t011 c_compat_x_tst.o-c_compat_y_tst.o link UNRESOLVED: tmpdir-gcc.dg-struct-layout-1/t011 c_compat_x_tst.o-c_compat_y_tst.o execute FAIL: tmpdir-gcc.dg-struct-layout-1/t024 c_compat_x_tst.o-c_compat_y_tst.o execute FAIL: tmpdir-gcc.dg-struct-layout-1/t027 c_compat_x_tst.o compile FAIL: tmpdir-gcc.dg-struct-layout-1/t027 c_compat_y_tst.o compile UNRESOLVED: tmpdir-gcc.dg-struct-layout-1/t027 c_compat_x_tst.o-c_compat_y_tst.o link UNRESOLVED: tmpdir-gcc.dg-struct-layout-1/t027 c_compat_x_tst.o-c_compat_y_tst.o execute FAIL: tmpdir-gcc.dg-struct-layout-1/t028 c_compat_x_tst.o compile FAIL: tmpdir-gcc.dg-struct-layout-1/t028 c_compat_y_tst.o compile UNRESOLVED: tmpdir-gcc.dg-struct-layout-1/t028 c_compat_x_tst.o-c_compat_y_tst.o link UNRESOLVED: tmpdir-gcc.dg-struct-layout-1/t028 c_compat_x_tst.o-c_compat_y_tst.o execute FAIL: gcc.dg/debug/dwarf2/dwarf-die7.c scan-assembler 1.*DW_AT_inline FAIL: gcc.dg/20040813-1.c (test for excess errors) ERROR: gcc.dg/20040813-1.c: error executing dg-final: couldn't open "20040813-1.s": no such file or directory UNRESOLVED: gcc.dg/20040813-1.c: error executing dg-final: couldn't open "20040813-1.s": no such file or directory FAIL: gcc.dg/ftrapv-2.c execution test === gcc Summary === # of expected passes 31243 # of unexpected failures 13 # of expected failures 75 # of unresolved testcases 7 # of untested testcases 28 # of unsupported tests 435 /export/build/gnu/gcc/build-ia64-linux/gcc/xgcc version 4.0.0 20041228 (experimental) === gfortran tests === Running target unix XPASS: gfortran.dg/ret_pointer_1.f90 -O0 execution test XPASS: gfortran.dg/ret_pointer_1.f90 -O1 execution test XPASS: gfortran.dg/ret_pointer_1.f90 -O2 execution test XPASS: gfortran.dg/ret_pointer_1.f90 -O3 -fomit-frame-pointer execution test XPASS: gfortran.dg/ret_pointer_1.f90 -O3 -fomit-frame-pointer -funroll-loops execution test XPASS: gfortran.dg/ret_pointer_1.f90 -O3 -fomit-frame-pointer -funroll-all-loops -finline-functions execution test XPASS: gfortran.dg/ret_pointer_1.f90 -O3 -g execution test XPASS: gfortran.dg/ret_pointer_1.f90 -Os execution test FAIL: gfortran.fortran-torture/execute/forall_3.f90 execution, -O0 FAIL: gfortran.fortran-torture/execute/forall_3.f90 execution, -O1 FAIL: gfortran.fortran-torture/execute/forall_3.f90 execution, -O2 FAIL: gfortran.fortran-torture/execute/forall_3.f90 execution, -O3 -fomit-frame-pointer FAIL: gfortran.fortran-torture/execute/forall_3.f90 execution, -O3 -fomit-frame-pointer -funroll-loops FAIL: gfortran.fortran-torture/execute/forall_3.f90 execution, -O3 -fomit-frame-pointer -funroll-all-loops -finline-functions FAIL: gfortran.fortran-torture/execute/forall_3.f90 execution, -O3 -g FAIL: gfortran.fortran-torture/execute/forall_3.f90 execution, -Os === gfortran Summary === # of expected passes 4837 # of unexpected failures 8 # of unexpected successes 8 # of expected failures 18 # of unsupported tests 8 /export/build/gnu/gcc/build-ia64-linux/gcc/testsuite/../gfortran version 4.0.0 20041228 (experimental) === g++ tests === Running target unix WARNING: program timed out. FAIL: g++.dg/opt/longbranch1.C (test for excess errors) WARNING: g++.old-deja/g++.mike/p10769a.C compilation failed to produce executable === g++ Summary === # of expected passes 10136 # of unexpected failures 1 # of expected failures 73 # of unsupported tests 90 /export/build/gnu/gcc/build-ia64-linux/gcc/testsuite/../g++ version 4.0.0 20041228 (experimental) === objc tests === Running target unix FAIL: objc.dg/stabs-1.m (test for excess errors) ERROR: objc.dg/stabs-1.m: error executing dg-final: couldn't open "stabs-1.s": no such file or directory UNRESOLVED: objc.dg/stabs-1.m: error executing dg-final: couldn't open "stabs-1.s": no such file or directory === objc Summary === # of expected passes 1523 # of unexpected failures 1 # of unresolved testcases 1 # of unsupported tests 10 /export/build/gnu/gcc/build-ia64-linux/gcc/xgcc version 4.0.0 20041228 (experimental) === libffi tests === Running target unix FAIL: libffi.call/cls_64byte.c execution test FAIL: libffi.call/cls_align_longdouble.c output pattern test, is 12 inf 0 181 0 248: 193 inf 248 FAIL: libffi.call/float.c execution test FAIL: libffi.call/float2.c execution test === libffi Summary === # of expected passes 211 # of unexpected failures 4 # of unsupported tests 2 === libjava tests === Running target unix XPASS: pr13107_3 compilation from bytecode XPASS: pr13107_3 -O3 compilation from bytecode === libjava Summary === # of expected passes 3706 # of unexpected successes 2 # of expected failures 12 # of untested testcases 12 === libmudflap tests === Running target unix WARNING: program timed out. FAIL: libmudflap.cth/pass37-frag.c (rerun 3) execution test FAIL: libmudflap.cth/pass37-frag.c (rerun 3) output pattern test === libmudflap Summary === # of expected passes 1242 # of unexpected failures 2 === libstdc++ tests === Running target unix XPASS: 22_locale/locale/cons/12658_thread-1.cc execution test XPASS: 26_numerics/cmath/c99_classification_macros_c.cc (test for excess errors) XPASS: 27_io/fpos/14320-1.cc execution test === libstdc++ Summary === # of expected passes 3341 # of unexpected successes 3 # of expected failures 4 Compiler version: 4.0.0 20041228 (experimental) Platform: ia64-unknown-linux-gnu configure flags: --enable-clocale=gnu --with-system-zlib --with-system-libunwind --enable-shared --enable-threads=posix --enable-haifa --disable-checking --prefix=/usr/gcc-4.0 --with-local-prefix=/usr/local --enable-languages=c,c++,f95,java,objc
Index Nav: | [Date Index] [Subject Index] [Author Index] [Thread Index] | |
---|---|---|
Message Nav: | [Date Prev] [Date Next] | [Thread Prev] [Thread Next] |