This is the mail archive of the
gcc-testresults@gcc.gnu.org
mailing list for the GCC project.
Results for 4.0.0 20041213 (experimental) testsuite on powerpc64-unknown-linux-gnu
- From: Janis Johnson <janis187 at us dot ibm dot com>
- To: gcc-testresults at gcc dot gnu dot org
- Date: Fri, 24 Dec 2004 05:53:23 -0800
- Subject: Results for 4.0.0 20041213 (experimental) testsuite on powerpc64-unknown-linux-gnu
Linux 2.4.21-17.EL ppc64
GNU C Library stable release version 2.3.2
GNU ld version 2.15
GNU assembler 2.15
GNU Make version 3.79.1
DejaGnu:
Expect version is 5.40.0
Tcl version is 8.4
Framework version is 1.4.4
LAST_UPDATED: Fri Dec 24 10:30:43 UTC 2004
Native configuration is powerpc64-unknown-linux-gnu
=== g++ tests ===
Running target unix/-m32
FAIL: g++.dg/conversion/simd1.C (test for excess errors)
XPASS: g++.dg/eh/simd-2.C execution test
FAIL: g++.dg/ext/attribute-test-1.C (test for excess errors)
FAIL: g++.dg/ext/attribute-test-2.C (test for excess errors)
FAIL: g++.dg/ext/attribute-test-3.C (test for excess errors)
FAIL: g++.dg/ext/attribute-test-4.C (test for excess errors)
WARNING: g++.old-deja/g++.mike/p10769a.C compilation failed to produce executable
XPASS: g++.old-deja/g++.other/init5.C execution test
=== g++ Summary for unix/-m32 ===
# of expected passes 10469
# of unexpected failures 5
# of unexpected successes 2
# of expected failures 70
# of unsupported tests 74
Running target unix/-m64
WARNING: g++.old-deja/g++.mike/p10769a.C compilation failed to produce executable
XPASS: g++.old-deja/g++.other/init5.C execution test
=== g++ Summary for unix/-m64 ===
# of expected passes 10442
# of unexpected successes 1
# of expected failures 71
# of unsupported tests 76
=== g++ Summary ===
# of expected passes 20911
# of unexpected failures 5
# of unexpected successes 3
# of expected failures 141
# of unsupported tests 150
/home/gccbuild/build/nightly/build-gcc-autovect/gcc/testsuite/../g++ version 4.0.0 20041213 (experimental)
=== gcc tests ===
Running target unix/-m32
FAIL: gcc.dg/debug/dwarf2/dwarf-die7.c scan-assembler 1.*DW_AT_inline
FAIL: gcc.dg/long-long-typespec-1.c unsigned long long int unsigned (test for errors, line 828)
FAIL: gcc.dg/pr17055-1.c (test for excess errors)
FAIL: gcc.dg/pr18596-1.c (test for excess errors)
FAIL: gcc.dg/typespec-1.c unsigned long int long char (test for errors, line 919)
FAIL: gcc.dg/typespec-1.c unsigned long int long short (test for errors, line 920)
FAIL: gcc.dg/typespec-1.c unsigned long int long int (test for errors, line 921)
FAIL: gcc.dg/typespec-1.c unsigned long int long long (test for errors, line 922)
FAIL: gcc.dg/typespec-1.c unsigned long int long float (test for errors, line 923)
FAIL: gcc.dg/typespec-1.c unsigned long int long double (test for errors, line 924)
FAIL: gcc.dg/typespec-1.c unsigned long int long signed (test for errors, line 925)
FAIL: gcc.dg/typespec-1.c unsigned long int long unsigned (test for errors, line 926)
FAIL: gcc.dg/typespec-1.c unsigned long int long _Bool (test for errors, line 927)
FAIL: gcc.dg/typespec-1.c unsigned long long int void (test for errors, line 928)
FAIL: gcc.dg/typespec-1.c unsigned long long int char (test for errors, line 929)
FAIL: gcc.dg/typespec-1.c unsigned long long int short (test for errors, line 930)
FAIL: gcc.dg/typespec-1.c unsigned long long int int (test for errors, line 931)
FAIL: gcc.dg/typespec-1.c unsigned long long int long (test for errors, line 932)
FAIL: gcc.dg/typespec-1.c unsigned long long int float (test for errors, line 933)
FAIL: gcc.dg/typespec-1.c unsigned long long int double (test for errors, line 934)
FAIL: gcc.dg/typespec-1.c unsigned long long int signed (test for errors, line 935)
FAIL: gcc.dg/typespec-1.c unsigned long long int unsigned (test for errors, line 936)
FAIL: gcc.dg/typespec-1.c unsigned long long int _Bool (test for errors, line 937)
FAIL: gcc.dg/typespec-1.c (test for excess errors)
FAIL: gcc.dg/format/ext-1.c printf_unlocked (test for warnings, line 125)
FAIL: gcc.dg/format/ext-1.c (test for excess errors)
FAIL: gcc.dg/format/ext-1.c -DWIDE printf_unlocked (test for warnings, line 125)
FAIL: gcc.dg/format/ext-1.c -DWIDE (test for excess errors)
XPASS: gcc.dg/tree-ssa/20040204-1.c scan-tree-dump-times link_error 0
FAIL: gcc.dg/vect/vect-ifcvt-1.c execution test
FAIL: gcc.dg/vect/vect-ifcvt-2.c execution test
FAIL: gcc.dg/vect/vect-ifcvt-3.c execution test
FAIL: gcc.dg/vect/vect-ifcvt-4.c execution test
FAIL: gcc.dg/vect/vect-ifcvt-5.c execution test
FAIL: gcc.dg/vect/vect-ifcvt-6.c execution test
FAIL: gcc.dg/vect/vect-ifcvt-7.c execution test
FAIL: gcc.dg/vect/vect-ifcvt-8.c execution test
FAIL: gcc.dg/vect/vect-ifcvt-9.c execution test
=== gcc Summary for unix/-m32 ===
# of expected passes 32555
# of unexpected failures 37
# of unexpected successes 1
# of expected failures 97
# of untested testcases 28
# of unsupported tests 424
Running target unix/-m64
FAIL: gcc.c-torture/execute/930718-1.c execution, -O2
FAIL: gcc.c-torture/execute/930718-1.c execution, -O3 -fomit-frame-pointer
FAIL: gcc.c-torture/execute/930718-1.c execution, -O3 -g
FAIL: gcc.c-torture/execute/930718-1.c execution, -Os
FAIL: gcc.dg/debug/dwarf2/dwarf-die7.c scan-assembler 1.*DW_AT_inline
FAIL: gcc.dg/ppc-eabi.c (test for excess errors)
FAIL: gcc.dg/ppc64-abi-3.c (test for errors, line 12)
FAIL: gcc.dg/ppc64-abi-3.c (test for errors, line 27)
FAIL: gcc.dg/ppc64-abi-3.c (test for excess errors)
FAIL: gcc.dg/pr18596-1.c (test for excess errors)
XPASS: gcc.dg/tree-ssa/20040204-1.c scan-tree-dump-times link_error 0
FAIL: gcc.dg/tree-ssa/loop-2.c scan-tree-dump-times \\* 17 0
FAIL: gcc.dg/tree-ssa/loop-2.c scan-tree-dump-times \\+ 17 1
FAIL: gcc.dg/tree-ssa/loop-2.c scan-tree-dump-times 1700 1
FAIL: gcc.dg/tree-ssa/loop-2.c scan-tree-dump-times iter 0
FAIL: gcc.dg/tree-ssa/ltrans-8.c scan-tree-dump-times transformed loop 1
FAIL: gcc.dg/vect/pr18400.c (test for excess errors)
FAIL: gcc.dg/vect/pr18400.c scan-tree-dump-times vectorized 1 loops 1
FAIL: gcc.dg/vect/vect-1.c (test for excess errors)
FAIL: gcc.dg/vect/vect-1.c scan-tree-dump-times vectorized 3 loops 1
FAIL: gcc.dg/vect/vect-10.c (test for excess errors)
FAIL: gcc.dg/vect/vect-10.c scan-tree-dump-times vectorized 0 loops 1
FAIL: gcc.dg/vect/vect-11.c (test for excess errors)
FAIL: gcc.dg/vect/vect-12.c (test for excess errors)
FAIL: gcc.dg/vect/vect-13.c (test for excess errors)
FAIL: gcc.dg/vect/vect-13.c scan-tree-dump-times vectorized 1 loops 1
FAIL: gcc.dg/vect/vect-14.c (test for excess errors)
FAIL: gcc.dg/vect/vect-15.c (test for excess errors)
FAIL: gcc.dg/vect/vect-16.c (test for excess errors)
FAIL: gcc.dg/vect/vect-17.c (test for excess errors)
FAIL: gcc.dg/vect/vect-17.c scan-tree-dump-times vectorized 3 loops 1
FAIL: gcc.dg/vect/vect-18.c (test for excess errors)
FAIL: gcc.dg/vect/vect-18.c scan-tree-dump-times vectorized 3 loops 1
FAIL: gcc.dg/vect/vect-19.c (test for excess errors)
FAIL: gcc.dg/vect/vect-19.c scan-tree-dump-times vectorized 3 loops 1
FAIL: gcc.dg/vect/vect-2.c (test for excess errors)
FAIL: gcc.dg/vect/vect-2.c scan-tree-dump-times vectorized 1 loops 1
FAIL: gcc.dg/vect/vect-20.c (test for excess errors)
FAIL: gcc.dg/vect/vect-20.c scan-tree-dump-times vectorized 3 loops 1
FAIL: gcc.dg/vect/vect-21.c (test for excess errors)
FAIL: gcc.dg/vect/vect-22.c (test for excess errors)
FAIL: gcc.dg/vect/vect-25.c (test for excess errors)
FAIL: gcc.dg/vect/vect-25.c scan-tree-dump-times vectorized 2 loops 1
FAIL: gcc.dg/vect/vect-26.c (test for excess errors)
FAIL: gcc.dg/vect/vect-26.c scan-tree-dump-times vectorized 1 loops 1
FAIL: gcc.dg/vect/vect-27.c (test for excess errors)
FAIL: gcc.dg/vect/vect-27.c scan-tree-dump-times vectorized 1 loops 1
FAIL: gcc.dg/vect/vect-27a.c (test for excess errors)
FAIL: gcc.dg/vect/vect-27a.c scan-tree-dump-times vectorized 1 loops 1
FAIL: gcc.dg/vect/vect-28.c (test for excess errors)
FAIL: gcc.dg/vect/vect-28.c scan-tree-dump-times vectorized 1 loops 1
FAIL: gcc.dg/vect/vect-29.c (test for excess errors)
FAIL: gcc.dg/vect/vect-29.c scan-tree-dump-times vectorized 1 loops 1
FAIL: gcc.dg/vect/vect-29a.c (test for excess errors)
FAIL: gcc.dg/vect/vect-29a.c scan-tree-dump-times vectorized 1 loops 1
FAIL: gcc.dg/vect/vect-3.c (test for excess errors)
FAIL: gcc.dg/vect/vect-3.c scan-tree-dump-times vectorized 1 loops 1
FAIL: gcc.dg/vect/vect-30.c (test for excess errors)
FAIL: gcc.dg/vect/vect-30.c scan-tree-dump-times vectorized 1 loops 2
FAIL: gcc.dg/vect/vect-31.c (test for excess errors)
FAIL: gcc.dg/vect/vect-31.c scan-tree-dump-times vectorized 4 loops 1
FAIL: gcc.dg/vect/vect-32.c (test for excess errors)
FAIL: gcc.dg/vect/vect-32.c scan-tree-dump-times vectorized 1 loops 1
FAIL: gcc.dg/vect/vect-33.c (test for excess errors)
FAIL: gcc.dg/vect/vect-33.c scan-tree-dump-times vectorized 1 loops 1
FAIL: gcc.dg/vect/vect-34.c (test for excess errors)
FAIL: gcc.dg/vect/vect-34.c scan-tree-dump-times vectorized 1 loops 1
FAIL: gcc.dg/vect/vect-35.c (test for excess errors)
FAIL: gcc.dg/vect/vect-35.c scan-tree-dump-times vectorized 0 loops 1
FAIL: gcc.dg/vect/vect-36.c (test for excess errors)
FAIL: gcc.dg/vect/vect-36.c scan-tree-dump-times vectorized 1 loops 1
FAIL: gcc.dg/vect/vect-37.c (test for excess errors)
FAIL: gcc.dg/vect/vect-37.c scan-tree-dump-times vectorized 0 loops 1
FAIL: gcc.dg/vect/vect-4.c (test for excess errors)
FAIL: gcc.dg/vect/vect-4.c scan-tree-dump-times vectorized 1 loops 1
FAIL: gcc.dg/vect/vect-42.c (test for excess errors)
FAIL: gcc.dg/vect/vect-42.c scan-tree-dump-times vectorized 1 loops 1
FAIL: gcc.dg/vect/vect-43.c (test for excess errors)
FAIL: gcc.dg/vect/vect-43.c scan-tree-dump-times vectorized 1 loops 1
FAIL: gcc.dg/vect/vect-5.c (test for excess errors)
FAIL: gcc.dg/vect/vect-5.c scan-tree-dump-times vectorized 2 loops 1
FAIL: gcc.dg/vect/vect-6.c (test for excess errors)
FAIL: gcc.dg/vect/vect-6.c scan-tree-dump-times vectorized 2 loops 1
FAIL: gcc.dg/vect/vect-62.c (test for excess errors)
FAIL: gcc.dg/vect/vect-62.c scan-tree-dump-times vectorized 2 loops 1
FAIL: gcc.dg/vect/vect-63.c (test for excess errors)
FAIL: gcc.dg/vect/vect-64.c (test for excess errors)
FAIL: gcc.dg/vect/vect-64.c scan-tree-dump-times vectorized 3 loops 1
FAIL: gcc.dg/vect/vect-65.c (test for excess errors)
FAIL: gcc.dg/vect/vect-65.c scan-tree-dump-times vectorized 2 loops 1
FAIL: gcc.dg/vect/vect-66.c (test for excess errors)
FAIL: gcc.dg/vect/vect-66.c scan-tree-dump-times vectorized 3 loops 1
FAIL: gcc.dg/vect/vect-67.c (test for excess errors)
FAIL: gcc.dg/vect/vect-68.c (test for excess errors)
FAIL: gcc.dg/vect/vect-68.c scan-tree-dump-times vectorized 4 loops 1
FAIL: gcc.dg/vect/vect-69.c (test for excess errors)
FAIL: gcc.dg/vect/vect-69.c scan-tree-dump-times vectorized 4 loops 1
FAIL: gcc.dg/vect/vect-7.c (test for excess errors)
FAIL: gcc.dg/vect/vect-7.c scan-tree-dump-times vectorized 2 loops 1
FAIL: gcc.dg/vect/vect-72.c (test for excess errors)
FAIL: gcc.dg/vect/vect-72.c scan-tree-dump-times vectorized 1 loops 1
FAIL: gcc.dg/vect/vect-72a.c (test for excess errors)
FAIL: gcc.dg/vect/vect-72a.c scan-tree-dump-times vectorized 1 loops 1
FAIL: gcc.dg/vect/vect-73.c (test for excess errors)
FAIL: gcc.dg/vect/vect-73.c scan-tree-dump-times vectorized 1 loops 1
FAIL: gcc.dg/vect/vect-75.c (test for excess errors)
FAIL: gcc.dg/vect/vect-75.c scan-tree-dump-times vectorized 1 loops 1
FAIL: gcc.dg/vect/vect-76.c (test for excess errors)
FAIL: gcc.dg/vect/vect-76.c scan-tree-dump-times vectorized 3 loops 1
FAIL: gcc.dg/vect/vect-77.c scan-tree-dump-times vectorized 1 loops 1
FAIL: gcc.dg/vect/vect-77a.c scan-tree-dump-times vectorized 1 loops 1
FAIL: gcc.dg/vect/vect-78.c scan-tree-dump-times vectorized 1 loops 1
FAIL: gcc.dg/vect/vect-8.c (test for excess errors)
FAIL: gcc.dg/vect/vect-8.c scan-tree-dump-times vectorized 1 loops 1
FAIL: gcc.dg/vect/vect-86.c (test for excess errors)
FAIL: gcc.dg/vect/vect-86.c scan-tree-dump-times vectorized 1 loops 1
FAIL: gcc.dg/vect/vect-9.c (test for excess errors)
FAIL: gcc.dg/vect/vect-90.c (test for excess errors)
FAIL: gcc.dg/vect/vect-90.c scan-tree-dump-times vectorized 1 loops 1
FAIL: gcc.dg/vect/vect-91.c (test for excess errors)
FAIL: gcc.dg/vect/vect-93.c (test for excess errors)
FAIL: gcc.dg/vect/vect-93.c scan-tree-dump-times vectorized 1 loops 1
FAIL: gcc.dg/vect/vect-all.c (test for excess errors)
FAIL: gcc.dg/vect/vect-all.c scan-tree-dump-times vectorized 10 loops 1
FAIL: gcc.dg/vect/vect-ifcvt-1.c (test for excess errors)
WARNING: gcc.dg/vect/vect-ifcvt-1.c compilation failed to produce executable
FAIL: gcc.dg/vect/vect-ifcvt-1.c scan-tree-dump-times vectorized 2 loops 1
FAIL: gcc.dg/vect/vect-ifcvt-2.c (test for excess errors)
WARNING: gcc.dg/vect/vect-ifcvt-2.c compilation failed to produce executable
FAIL: gcc.dg/vect/vect-ifcvt-2.c scan-tree-dump-times vectorized 1 loops 1
FAIL: gcc.dg/vect/vect-ifcvt-3.c (test for excess errors)
WARNING: gcc.dg/vect/vect-ifcvt-3.c compilation failed to produce executable
FAIL: gcc.dg/vect/vect-ifcvt-3.c scan-tree-dump-times vectorized 1 loops 1
FAIL: gcc.dg/vect/vect-ifcvt-4.c (test for excess errors)
WARNING: gcc.dg/vect/vect-ifcvt-4.c compilation failed to produce executable
FAIL: gcc.dg/vect/vect-ifcvt-4.c scan-tree-dump-times vectorized 1 loops 1
FAIL: gcc.dg/vect/vect-ifcvt-5.c (test for excess errors)
WARNING: gcc.dg/vect/vect-ifcvt-5.c compilation failed to produce executable
FAIL: gcc.dg/vect/vect-ifcvt-5.c scan-tree-dump-times vectorized 1 loops 1
FAIL: gcc.dg/vect/vect-ifcvt-6.c (test for excess errors)
WARNING: gcc.dg/vect/vect-ifcvt-6.c compilation failed to produce executable
FAIL: gcc.dg/vect/vect-ifcvt-6.c scan-tree-dump-times vectorized 1 loops 1
FAIL: gcc.dg/vect/vect-ifcvt-7.c (test for excess errors)
WARNING: gcc.dg/vect/vect-ifcvt-7.c compilation failed to produce executable
FAIL: gcc.dg/vect/vect-ifcvt-7.c scan-tree-dump-times vectorized 1 loops 1
FAIL: gcc.dg/vect/vect-ifcvt-8.c (test for excess errors)
WARNING: gcc.dg/vect/vect-ifcvt-8.c compilation failed to produce executable
FAIL: gcc.dg/vect/vect-ifcvt-8.c scan-tree-dump-times vectorized 1 loops 1
FAIL: gcc.dg/vect/vect-ifcvt-9.c (test for excess errors)
WARNING: gcc.dg/vect/vect-ifcvt-9.c compilation failed to produce executable
FAIL: gcc.dg/vect/vect-ifcvt-9.c scan-tree-dump-times vectorized 1 loops 2
FAIL: gcc.dg/vect/vect-none.c (test for excess errors)
FAIL: gcc.dg/vect/vect-none.c scan-tree-dump-times vectorized 3
FAIL: gcc.dg/vect/vect-none.c scan-tree-dump-times vectorized 2 loops 1
=== gcc Summary for unix/-m64 ===
# of expected passes 32455
# of unexpected failures 144
# of unexpected successes 1
# of expected failures 97
# of untested testcases 28
# of unsupported tests 418
=== gcc Summary ===
# of expected passes 65010
# of unexpected failures 181
# of unexpected successes 2
# of expected failures 194
# of untested testcases 56
# of unsupported tests 842
/home/gccbuild/build/nightly/build-gcc-autovect/gcc/xgcc version 4.0.0 20041213 (experimental)
=== gfortran tests ===
Running target unix/-m32
XPASS: gfortran.dg/ret_pointer_1.f90 -O0 execution test
XPASS: gfortran.dg/ret_pointer_1.f90 -O1 execution test
FAIL: gfortran.fortran-torture/execute/forall_3.f90 execution, -O1
FAIL: gfortran.fortran-torture/execute/forall_3.f90 execution, -O2
FAIL: gfortran.fortran-torture/execute/forall_3.f90 execution, -O3 -fomit-frame-pointer
FAIL: gfortran.fortran-torture/execute/forall_3.f90 execution, -O3 -fomit-frame-pointer -funroll-loops
FAIL: gfortran.fortran-torture/execute/forall_3.f90 execution, -O3 -fomit-frame-pointer -funroll-all-loops -finline-functions
FAIL: gfortran.fortran-torture/execute/forall_3.f90 execution, -O3 -g
FAIL: gfortran.fortran-torture/execute/forall_3.f90 execution, -Os
=== gfortran Summary for unix/-m32 ===
# of expected passes 4776
# of unexpected failures 7
# of unexpected successes 2
# of expected failures 24
# of unsupported tests 8
Running target unix/-m64
FAIL: gfortran.dg/direct_io_2.f90 -O0 execution test
FAIL: gfortran.dg/direct_io_2.f90 -O1 execution test
FAIL: gfortran.dg/direct_io_2.f90 -O2 execution test
FAIL: gfortran.dg/direct_io_2.f90 -O3 -fomit-frame-pointer execution test
FAIL: gfortran.dg/direct_io_2.f90 -O3 -fomit-frame-pointer -funroll-loops execution test
FAIL: gfortran.dg/direct_io_2.f90 -O3 -fomit-frame-pointer -funroll-all-loops -finline-functions execution test
FAIL: gfortran.dg/direct_io_2.f90 -O3 -g execution test
FAIL: gfortran.dg/direct_io_2.f90 -Os execution test
FAIL: gfortran.dg/direct_io_3.f90 -O0 execution test
FAIL: gfortran.dg/direct_io_3.f90 -O1 execution test
FAIL: gfortran.dg/direct_io_3.f90 -O2 execution test
FAIL: gfortran.dg/direct_io_3.f90 -O3 -fomit-frame-pointer execution test
FAIL: gfortran.dg/direct_io_3.f90 -O3 -fomit-frame-pointer -funroll-loops execution test
FAIL: gfortran.dg/direct_io_3.f90 -O3 -fomit-frame-pointer -funroll-all-loops -finline-functions execution test
FAIL: gfortran.dg/direct_io_3.f90 -O3 -g execution test
FAIL: gfortran.dg/direct_io_3.f90 -Os execution test
FAIL: gfortran.dg/inquire.f90 -O0 execution test
FAIL: gfortran.dg/inquire.f90 -O1 execution test
FAIL: gfortran.dg/inquire.f90 -O2 execution test
FAIL: gfortran.dg/inquire.f90 -O3 -fomit-frame-pointer execution test
FAIL: gfortran.dg/inquire.f90 -O3 -fomit-frame-pointer -funroll-loops execution test
FAIL: gfortran.dg/inquire.f90 -O3 -fomit-frame-pointer -funroll-all-loops -finline-functions execution test
FAIL: gfortran.dg/inquire.f90 -O3 -g execution test
FAIL: gfortran.dg/inquire.f90 -Os execution test
XPASS: gfortran.dg/ret_pointer_1.f90 -O0 execution test
XPASS: gfortran.dg/ret_pointer_1.f90 -O1 execution test
XPASS: gfortran.dg/ret_pointer_1.f90 -O2 execution test
XPASS: gfortran.dg/ret_pointer_1.f90 -O3 -fomit-frame-pointer execution test
XPASS: gfortran.dg/ret_pointer_1.f90 -O3 -fomit-frame-pointer -funroll-loops execution test
XPASS: gfortran.dg/ret_pointer_1.f90 -O3 -fomit-frame-pointer -funroll-all-loops -finline-functions execution test
XPASS: gfortran.dg/ret_pointer_1.f90 -O3 -g execution test
XPASS: gfortran.dg/ret_pointer_1.f90 -Os execution test
FAIL: gfortran.dg/g77/cabs.f -O0 execution test
FAIL: gfortran.dg/g77/cabs.f -O1 execution test
FAIL: gfortran.dg/g77/cabs.f -O2 execution test
FAIL: gfortran.dg/g77/cabs.f -O3 -fomit-frame-pointer execution test
FAIL: gfortran.dg/g77/cabs.f -O3 -fomit-frame-pointer -funroll-loops execution test
FAIL: gfortran.dg/g77/cabs.f -O3 -fomit-frame-pointer -funroll-all-loops -finline-functions execution test
FAIL: gfortran.dg/g77/cabs.f -O3 -g execution test
FAIL: gfortran.dg/g77/cabs.f -Os execution test
FAIL: gfortran.fortran-torture/execute/direct_io.f90 execution, -O0
FAIL: gfortran.fortran-torture/execute/direct_io.f90 execution, -O1
FAIL: gfortran.fortran-torture/execute/direct_io.f90 execution, -O2
FAIL: gfortran.fortran-torture/execute/direct_io.f90 execution, -O3 -fomit-frame-pointer
FAIL: gfortran.fortran-torture/execute/direct_io.f90 execution, -O3 -fomit-frame-pointer -funroll-loops
FAIL: gfortran.fortran-torture/execute/direct_io.f90 execution, -O3 -fomit-frame-pointer -funroll-all-loops -finline-functions
FAIL: gfortran.fortran-torture/execute/direct_io.f90 execution, -O3 -g
FAIL: gfortran.fortran-torture/execute/direct_io.f90 execution, -Os
FAIL: gfortran.fortran-torture/execute/forall_3.f90 execution, -O0
FAIL: gfortran.fortran-torture/execute/forall_3.f90 execution, -O1
FAIL: gfortran.fortran-torture/execute/forall_3.f90 execution, -O2
FAIL: gfortran.fortran-torture/execute/forall_3.f90 execution, -O3 -fomit-frame-pointer
FAIL: gfortran.fortran-torture/execute/forall_3.f90 execution, -O3 -fomit-frame-pointer -funroll-loops
FAIL: gfortran.fortran-torture/execute/forall_3.f90 execution, -O3 -fomit-frame-pointer -funroll-all-loops -finline-functions
FAIL: gfortran.fortran-torture/execute/forall_3.f90 execution, -O3 -g
FAIL: gfortran.fortran-torture/execute/forall_3.f90 execution, -Os
FAIL: gfortran.fortran-torture/execute/inquire_3.f90 execution, -O0
FAIL: gfortran.fortran-torture/execute/inquire_3.f90 execution, -O1
FAIL: gfortran.fortran-torture/execute/inquire_3.f90 execution, -O2
FAIL: gfortran.fortran-torture/execute/inquire_3.f90 execution, -O3 -fomit-frame-pointer
FAIL: gfortran.fortran-torture/execute/inquire_3.f90 execution, -O3 -fomit-frame-pointer -funroll-loops
FAIL: gfortran.fortran-torture/execute/inquire_3.f90 execution, -O3 -fomit-frame-pointer -funroll-all-loops -finline-functions
FAIL: gfortran.fortran-torture/execute/inquire_3.f90 execution, -O3 -g
FAIL: gfortran.fortran-torture/execute/inquire_3.f90 execution, -Os
FAIL: gfortran.fortran-torture/execute/inquire_4.f90 execution, -O0
FAIL: gfortran.fortran-torture/execute/inquire_4.f90 execution, -O1
FAIL: gfortran.fortran-torture/execute/inquire_4.f90 execution, -O2
FAIL: gfortran.fortran-torture/execute/inquire_4.f90 execution, -O3 -fomit-frame-pointer
FAIL: gfortran.fortran-torture/execute/inquire_4.f90 execution, -O3 -fomit-frame-pointer -funroll-loops
FAIL: gfortran.fortran-torture/execute/inquire_4.f90 execution, -O3 -fomit-frame-pointer -funroll-all-loops -finline-functions
FAIL: gfortran.fortran-torture/execute/inquire_4.f90 execution, -O3 -g
FAIL: gfortran.fortran-torture/execute/inquire_4.f90 execution, -Os
FAIL: gfortran.fortran-torture/execute/intrinsic_abs.f90 execution, -O0
FAIL: gfortran.fortran-torture/execute/intrinsic_abs.f90 execution, -O1
FAIL: gfortran.fortran-torture/execute/intrinsic_abs.f90 execution, -O2
FAIL: gfortran.fortran-torture/execute/intrinsic_abs.f90 execution, -O3 -fomit-frame-pointer
FAIL: gfortran.fortran-torture/execute/intrinsic_abs.f90 execution, -O3 -fomit-frame-pointer -funroll-loops
FAIL: gfortran.fortran-torture/execute/intrinsic_abs.f90 execution, -O3 -fomit-frame-pointer -funroll-all-loops -finline-functions
FAIL: gfortran.fortran-torture/execute/intrinsic_abs.f90 execution, -O3 -g
FAIL: gfortran.fortran-torture/execute/intrinsic_abs.f90 execution, -Os
FAIL: gfortran.fortran-torture/execute/power.f90 execution, -O0
FAIL: gfortran.fortran-torture/execute/power.f90 execution, -O1
FAIL: gfortran.fortran-torture/execute/power.f90 execution, -O2
FAIL: gfortran.fortran-torture/execute/power.f90 execution, -O3 -fomit-frame-pointer
FAIL: gfortran.fortran-torture/execute/power.f90 execution, -O3 -fomit-frame-pointer -funroll-loops
FAIL: gfortran.fortran-torture/execute/power.f90 execution, -O3 -fomit-frame-pointer -funroll-all-loops -finline-functions
FAIL: gfortran.fortran-torture/execute/power.f90 execution, -O3 -g
FAIL: gfortran.fortran-torture/execute/power.f90 execution, -Os
=== gfortran Summary for unix/-m64 ===
# of expected passes 4703
# of unexpected failures 80
# of unexpected successes 8
# of expected failures 18
# of unsupported tests 8
=== gfortran Summary ===
# of expected passes 9479
# of unexpected failures 87
# of unexpected successes 10
# of expected failures 42
# of unsupported tests 16
/home/gccbuild/build/nightly/build-gcc-autovect/gcc/testsuite/../gfortran version 4.0.0 20041213 (experimental)
=== objc tests ===
Running target unix/-m32
=== objc Summary for unix/-m32 ===
# of expected passes 1523
# of unsupported tests 10
Running target unix/-m64
=== objc Summary for unix/-m64 ===
# of expected passes 1523
# of unsupported tests 10
=== objc Summary ===
# of expected passes 3046
# of unsupported tests 20
/home/gccbuild/build/nightly/build-gcc-autovect/gcc/xgcc version 4.0.0 20041213 (experimental)
=== libffi tests ===
Running target unix/-m32
FAIL: libffi.call/cls_align_longdouble.c (test for excess errors)
WARNING: libffi.call/cls_align_longdouble.c compilation failed to produce executable
FAIL: libffi.call/float.c (test for excess errors)
WARNING: libffi.call/float.c compilation failed to produce executable
FAIL: libffi.call/float2.c (test for excess errors)
WARNING: libffi.call/float2.c compilation failed to produce executable
FAIL: libffi.call/float3.c (test for excess errors)
WARNING: libffi.call/float3.c compilation failed to produce executable
=== libffi Summary for unix/-m32 ===
# of expected passes 207
# of unexpected failures 4
# of unsupported tests 2
Running target unix/-m64
FAIL: libffi.call/float.c (test for excess errors)
WARNING: libffi.call/float.c compilation failed to produce executable
FAIL: libffi.call/float2.c (test for excess errors)
WARNING: libffi.call/float2.c compilation failed to produce executable
FAIL: libffi.call/float3.c (test for excess errors)
WARNING: libffi.call/float3.c compilation failed to produce executable
=== libffi Summary for unix/-m64 ===
# of expected passes 210
# of unexpected failures 3
# of unsupported tests 2
=== libffi Summary ===
# of expected passes 417
# of unexpected failures 7
# of unsupported tests 4
=== libjava tests ===
Running target unix/-m32
XPASS: pr13107_3 compilation from bytecode
XPASS: pr13107_3 -O3 compilation from bytecode
=== libjava Summary for unix/-m32 ===
# of expected passes 3699
# of unexpected successes 2
# of expected failures 12
# of untested testcases 12
Running target unix/-m64
XPASS: pr13107_3 compilation from bytecode
XPASS: pr13107_3 -O3 compilation from bytecode
=== libjava Summary for unix/-m64 ===
# of expected passes 3699
# of unexpected successes 2
# of expected failures 12
# of untested testcases 12
=== libjava Summary ===
# of expected passes 7398
# of unexpected successes 4
# of expected failures 24
# of untested testcases 24
=== libmudflap tests ===
Running target unix/-m32
=== libmudflap Summary for unix/-m32 ===
# of expected passes 1244
Running target unix/-m64
FAIL: libmudflap.c/fail27-frag.c output pattern test
FAIL: libmudflap.c/fail27-frag.c (-O2) output pattern test
FAIL: libmudflap.c/fail27-frag.c (-O3) output pattern test
=== libmudflap Summary for unix/-m64 ===
# of expected passes 1241
# of unexpected failures 3
=== libmudflap Summary ===
# of expected passes 2485
# of unexpected failures 3
=== libstdc++-v3 check-abi Summary ===
# of added symbols: 63
# of missing symbols: 0
# of incompatible symbols: 0
using: /home/gccbuild/gcc_autovect_anoncvs/gcc/libstdc++-v3/config/abi/powerpc-linux-gnu/baseline_symbols.txt
=== libstdc++ tests ===
Running target unix/-m32
XPASS: 22_locale/locale/cons/12658_thread-1.cc execution test
XPASS: 26_numerics/cmath/c99_classification_macros_c.cc (test for excess errors)
FAIL: ext/array_allocator/2.cc execution test
=== libstdc++ Summary for unix/-m32 ===
# of expected passes 3188
# of unexpected failures 1
# of unexpected successes 2
# of expected failures 5
Running target unix/-m64
XPASS: 22_locale/locale/cons/12658_thread-1.cc execution test
FAIL: 22_locale/messages/members/char/1.cc execution test
FAIL: 22_locale/messages/members/char/2.cc execution test
FAIL: 22_locale/messages/members/char/wrapped_env.cc execution test
FAIL: 22_locale/messages/members/char/wrapped_locale.cc execution test
FAIL: 22_locale/messages_byname/named_equivalence.cc execution test
XPASS: 26_numerics/cmath/c99_classification_macros_c.cc (test for excess errors)
FAIL: 26_numerics/complex/13450.cc execution test
FAIL: 26_numerics/complex/complex_value.cc execution test
FAIL: 26_numerics/complex/pow.cc execution test
XPASS: 27_io/fpos/14320-1.cc execution test
FAIL: ext/array_allocator/2.cc execution test
=== libstdc++ Summary for unix/-m64 ===
# of expected passes 3180
# of unexpected failures 9
# of unexpected successes 3
# of expected failures 4
=== libstdc++ Summary ===
# of expected passes 6368
# of unexpected failures 10
# of unexpected successes 5
# of expected failures 9
Compiler version: 4.0.0 20041213 (experimental)
Platform: powerpc64-unknown-linux-gnu
configure flags: --prefix=/opt/gcc-nightly/autovect-20041224 --build=powerpc64-linux --host=powerpc64-linux --target=powerpc64-linux --with-cpu=default32 --with-as=/opt/gcc-nightly/binutils/bin/as --with-ld=/opt/gcc-nightly/binutils/bin/ld --enable-threads=posix --enable-shared --enable-__cxa_atexit --with-mpfr=/opt/gcc-nightly/gmp --enable-languages=c,c++,f95,java,objc